{"id":12618,"date":"2024-03-15T02:47:40","date_gmt":"2024-03-15T00:47:40","guid":{"rendered":"https:\/\/nettiseitti.fi\/showroom\/?post_type=product&#038;p=12618"},"modified":"2024-12-08T14:49:43","modified_gmt":"2024-12-08T12:49:43","slug":"laitteiden-ja-ohjelmistojen-konfigurointi-asennus","status":"publish","type":"product","link":"https:\/\/nettiseitti.fi\/showroom\/tuote\/laitteiden-ja-ohjelmistojen-konfigurointi-asennus\/","title":{"rendered":"Laitteiden ja ohjelmistojen konfigurointi \/ asennus"},"content":{"rendered":"<p>Laitteiden, ohjelmistojen ja j\u00e4rjestelmien konfigurointi sek\u00e4 asennus.<\/p>\n<p>Esim.<\/p>\n<ul>\n<li>Tietokoneiden, kannettavien, tablettien, puhelinten, tulostinten konfigurointi \/ asennus<\/li>\n<li>Verkkolaitteiden (reititin, palomuuri, kytkin yms.) konfigurointi, tietoliikenneverkon toteutus alueelle<\/li>\n<li>Windowsin p\u00e4ivitys uudempaan k\u00e4ytt\u00f6j\u00e4rjestelm\u00e4\u00e4n, esim. Windows 10:st\u00e4 p\u00e4ivitys Windows 11:aan<\/li>\n<li>Televisioiden konfigurointi, signaalin vahvistus, kaukos\u00e4\u00e4timen ohjelmointi \/ paritus television kanssa<\/li>\n<li>Riistakameran konfigurointi k\u00e4ytt\u00f6kuntoon<\/li>\n<li>Tuuli- ja aurinkovoimala invertterin yhdistys verkkoon<\/li>\n<li>Ilmal\u00e4mp\u00f6pumppujen yhdistys verkkoon<\/li>\n<li>\u00c4lykoti j\u00e4rjestelmien (esim. l\u00e4mp\u00f6tila-anturit, robotti-imurit, \u00e4lykellot yms.) konfigurointi \/ yhdistys verkkoon<\/li>\n<li>Oheislaitteet, n\u00e4ytt\u00f6jen, n\u00e4pp\u00e4imist\u00f6jen, tallennusv\u00e4lineiden, kameroiden, navigaattorien, dronen, 3D-tulostimet yms. konfigurointi<\/li>\n<li>Voit olla meihin yhteydess\u00e4 pienist\u00e4kin asioista. Pyrimme l\u00f6yt\u00e4m\u00e4\u00e4n ratkaisun mahdollisiin ongelmiin.<\/li>\n<\/ul>\n<p>Kotik\u00e4yntin\u00e4 tehty ty\u00f6 oikeuttaa kotitalousv\u00e4hennykseen, ennakkoperint\u00e4rekisterin voi tarkistaa YTJ:st\u00e4 (Micmedi Oy).<\/p>\n<p>&nbsp;<\/p>\n<p>Ota yhteytt\u00e4:<br \/>\nPuh. <a href=\"tel:0401523801\">040 1523801<\/a><br \/>\nS\u00e4hk\u00f6posti: huolto [at] nettiseitti.fi<\/p>\n","protected":false},"excerpt":{"rendered":"<p>Laitteistojen, ohjelmistojen ja j\u00e4rjestelmien konfigurointi sek\u00e4 asennus.<\/p>\n","protected":false},"featured_media":12342,"template":"","meta":{"neve_meta_sidebar":"","neve_meta_container":"","neve_meta_enable_content_width":"off","neve_meta_content_width":100,"neve_meta_title_alignment":"","neve_meta_author_avatar":"","neve_post_elements_order":"","neve_meta_disable_header":"","neve_meta_disable_footer":"","neve_meta_disable_title":""},"product_brand":[],"product_cat":[63],"product_tag":[217,195,450,451,213,339,92,215,93,100,107,459,106,457,178,327,214,446,141,448,449,453,81,447,91,84,108,79,105,455,445,88,456,98,101,104,86,454,83,96,99,97,87,103,212,80,102,75,82,458,216,452],"class_list":{"0":"post-12618","1":"product","2":"type-product","3":"status-publish","4":"has-post-thumbnail","6":"product_cat-palvelut","7":"product_tag-3d-tulostin","8":"product_tag-3d-tulostus","9":"product_tag-ahtari","10":"product_tag-alavus","11":"product_tag-alykoti","12":"product_tag-android","13":"product_tag-asennus","14":"product_tag-digiboksi","15":"product_tag-etatuki","16":"product_tag-etela-pohjanmaa","17":"product_tag-etela-suomi","18":"product_tag-hameenlinna","19":"product_tag-huittinen","20":"product_tag-ikaalinen","21":"product_tag-ilmalampopumppu","22":"product_tag-jalasjarvi","23":"product_tag-kamera","24":"product_tag-kankaanpaa","25":"product_tag-kannettava","26":"product_tag-karvia","27":"product_tag-kauhajoki","28":"product_tag-kauhava","29":"product_tag-kaukosaadin","30":"product_tag-kihnio","31":"product_tag-konfigurointi","32":"product_tag-kytkin","33":"product_tag-lansi-suomi","34":"product_tag-lappari","35":"product_tag-lapua","36":"product_tag-lempaala","37":"product_tag-nokia","38":"product_tag-oheislaite","39":"product_tag-parkano","40":"product_tag-pirkanmaa","41":"product_tag-pohjanmaa","42":"product_tag-pori","43":"product_tag-puhelin","44":"product_tag-rauma","45":"product_tag-reititin","46":"product_tag-sastamala","47":"product_tag-satakunta","48":"product_tag-seinajoki","49":"product_tag-tabletti","50":"product_tag-tampere","51":"product_tag-tietoliikenneverkko","52":"product_tag-tulostin","53":"product_tag-vaasa","54":"product_tag-varaosat","55":"product_tag-verkkolaite","56":"product_tag-virrat","57":"product_tag-windows","58":"product_tag-ylojarvi","60":"first","61":"instock","62":"shipping-taxable","63":"purchasable","64":"product-type-simple"},"yoast_head":"<!-- This site is optimized with the Yoast SEO plugin v27.4 - https:\/\/yoast.com\/product\/yoast-seo-wordpress\/ -->\n<title>Laitteiden ja ohjelmistojen konfigurointi \/ asennus - Tampere, Pori - NettiSeitti<\/title>\n<meta name=\"description\" content=\"Laitteistojen, ohjelmistojen ja j\u00e4rjestelmien konfigurointi sek\u00e4 asennus. Pirkanmaa, Satakunta, Etel\u00e4-Pohjanmaa, Pohjanmaa, Sein\u00e4joki, Sastamala, Tampere.\" \/>\n<meta name=\"robots\" content=\"index, follow, max-snippet:-1, max-image-preview:large, max-video-preview:-1\" \/>\n<link rel=\"canonical\" href=\"https:\/\/nettiseitti.fi\/showroom\/tuote\/laitteiden-ja-ohjelmistojen-konfigurointi-asennus\/\" \/>\n<meta property=\"og:locale\" content=\"fi_FI\" \/>\n<meta property=\"og:type\" content=\"article\" \/>\n<meta property=\"og:title\" content=\"Laitteiden ja ohjelmistojen konfigurointi \/ asennus - Tampere, Pori - NettiSeitti\" \/>\n<meta property=\"og:description\" content=\"Laitteistojen, ohjelmistojen ja j\u00e4rjestelmien konfigurointi sek\u00e4 asennus. Pirkanmaa, Satakunta, Etel\u00e4-Pohjanmaa, Pohjanmaa, Sein\u00e4joki, Sastamala, Tampere.\" \/>\n<meta property=\"og:url\" content=\"https:\/\/nettiseitti.fi\/showroom\/tuote\/laitteiden-ja-ohjelmistojen-konfigurointi-asennus\/\" \/>\n<meta property=\"og:site_name\" content=\"NettiSeitti\" \/>\n<meta property=\"article:modified_time\" content=\"2024-12-08T12:49:43+00:00\" \/>\n<meta property=\"og:image\" content=\"https:\/\/nettiseitti.fi\/showroom\/wp-content\/uploads\/2024\/03\/it-1359518_1920.jpg\" \/>\n\t<meta property=\"og:image:width\" content=\"1920\" \/>\n\t<meta property=\"og:image:height\" content=\"1280\" \/>\n\t<meta property=\"og:image:type\" content=\"image\/jpeg\" \/>\n<meta name=\"twitter:card\" content=\"summary_large_image\" \/>\n<meta name=\"twitter:label1\" content=\"Arvioitu lukuaika\" \/>\n\t<meta name=\"twitter:data1\" content=\"1 minuutti\" \/>\n<script type=\"application\/ld+json\" class=\"yoast-schema-graph\">{\"@context\":\"https:\\\/\\\/schema.org\",\"@graph\":[{\"@type\":\"WebPage\",\"@id\":\"https:\\\/\\\/nettiseitti.fi\\\/showroom\\\/tuote\\\/laitteiden-ja-ohjelmistojen-konfigurointi-asennus\\\/\",\"url\":\"https:\\\/\\\/nettiseitti.fi\\\/showroom\\\/tuote\\\/laitteiden-ja-ohjelmistojen-konfigurointi-asennus\\\/\",\"name\":\"Laitteiden ja ohjelmistojen konfigurointi \\\/ asennus - Tampere, Pori - NettiSeitti\",\"isPartOf\":{\"@id\":\"https:\\\/\\\/nettiseitti.fi\\\/showroom\\\/#website\"},\"primaryImageOfPage\":{\"@id\":\"https:\\\/\\\/nettiseitti.fi\\\/showroom\\\/tuote\\\/laitteiden-ja-ohjelmistojen-konfigurointi-asennus\\\/#primaryimage\"},\"image\":{\"@id\":\"https:\\\/\\\/nettiseitti.fi\\\/showroom\\\/tuote\\\/laitteiden-ja-ohjelmistojen-konfigurointi-asennus\\\/#primaryimage\"},\"thumbnailUrl\":\"https:\\\/\\\/nettiseitti.fi\\\/showroom\\\/wp-content\\\/uploads\\\/2024\\\/03\\\/it-1359518_1920.jpg\",\"datePublished\":\"2024-03-15T00:47:40+00:00\",\"dateModified\":\"2024-12-08T12:49:43+00:00\",\"description\":\"Laitteistojen, ohjelmistojen ja j\u00e4rjestelmien konfigurointi sek\u00e4 asennus. Pirkanmaa, Satakunta, Etel\u00e4-Pohjanmaa, Pohjanmaa, Sein\u00e4joki, Sastamala, Tampere.\",\"breadcrumb\":{\"@id\":\"https:\\\/\\\/nettiseitti.fi\\\/showroom\\\/tuote\\\/laitteiden-ja-ohjelmistojen-konfigurointi-asennus\\\/#breadcrumb\"},\"inLanguage\":\"fi\",\"potentialAction\":[{\"@type\":\"ReadAction\",\"target\":[\"https:\\\/\\\/nettiseitti.fi\\\/showroom\\\/tuote\\\/laitteiden-ja-ohjelmistojen-konfigurointi-asennus\\\/\"]}]},{\"@type\":\"ImageObject\",\"inLanguage\":\"fi\",\"@id\":\"https:\\\/\\\/nettiseitti.fi\\\/showroom\\\/tuote\\\/laitteiden-ja-ohjelmistojen-konfigurointi-asennus\\\/#primaryimage\",\"url\":\"https:\\\/\\\/nettiseitti.fi\\\/showroom\\\/wp-content\\\/uploads\\\/2024\\\/03\\\/it-1359518_1920.jpg\",\"contentUrl\":\"https:\\\/\\\/nettiseitti.fi\\\/showroom\\\/wp-content\\\/uploads\\\/2024\\\/03\\\/it-1359518_1920.jpg\",\"width\":1920,\"height\":1280},{\"@type\":\"BreadcrumbList\",\"@id\":\"https:\\\/\\\/nettiseitti.fi\\\/showroom\\\/tuote\\\/laitteiden-ja-ohjelmistojen-konfigurointi-asennus\\\/#breadcrumb\",\"itemListElement\":[{\"@type\":\"ListItem\",\"position\":1,\"name\":\"Etusivu\",\"item\":\"https:\\\/\\\/nettiseitti.fi\\\/showroom\\\/\"},{\"@type\":\"ListItem\",\"position\":2,\"name\":\"Tuotteet\",\"item\":\"https:\\\/\\\/nettiseitti.fi\\\/showroom\\\/tuotteet\\\/\"},{\"@type\":\"ListItem\",\"position\":3,\"name\":\"Laitteiden ja ohjelmistojen konfigurointi \\\/ asennus\"}]},{\"@type\":\"WebSite\",\"@id\":\"https:\\\/\\\/nettiseitti.fi\\\/showroom\\\/#website\",\"url\":\"https:\\\/\\\/nettiseitti.fi\\\/showroom\\\/\",\"name\":\"NettiSeitti\",\"description\":\"\",\"publisher\":{\"@id\":\"https:\\\/\\\/nettiseitti.fi\\\/showroom\\\/#organization\"},\"potentialAction\":[{\"@type\":\"SearchAction\",\"target\":{\"@type\":\"EntryPoint\",\"urlTemplate\":\"https:\\\/\\\/nettiseitti.fi\\\/showroom\\\/?s={search_term_string}\"},\"query-input\":{\"@type\":\"PropertyValueSpecification\",\"valueRequired\":true,\"valueName\":\"search_term_string\"}}],\"inLanguage\":\"fi\"},{\"@type\":\"Organization\",\"@id\":\"https:\\\/\\\/nettiseitti.fi\\\/showroom\\\/#organization\",\"name\":\"NettiSeitti\",\"url\":\"https:\\\/\\\/nettiseitti.fi\\\/showroom\\\/\",\"logo\":{\"@type\":\"ImageObject\",\"inLanguage\":\"fi\",\"@id\":\"https:\\\/\\\/nettiseitti.fi\\\/showroom\\\/#\\\/schema\\\/logo\\\/image\\\/\",\"url\":\"https:\\\/\\\/nettiseitti.fi\\\/showroom\\\/wp-content\\\/uploads\\\/2024\\\/03\\\/nettiseitti_lapinakyva_tausta.png\",\"contentUrl\":\"https:\\\/\\\/nettiseitti.fi\\\/showroom\\\/wp-content\\\/uploads\\\/2024\\\/03\\\/nettiseitti_lapinakyva_tausta.png\",\"width\":2176,\"height\":741,\"caption\":\"NettiSeitti\"},\"image\":{\"@id\":\"https:\\\/\\\/nettiseitti.fi\\\/showroom\\\/#\\\/schema\\\/logo\\\/image\\\/\"}}]}<\/script>\n<!-- \/ Yoast SEO plugin. -->","yoast_head_json":{"title":"Laitteiden ja ohjelmistojen konfigurointi \/ asennus - Tampere, Pori - NettiSeitti","description":"Laitteistojen, ohjelmistojen ja j\u00e4rjestelmien konfigurointi sek\u00e4 asennus. Pirkanmaa, Satakunta, Etel\u00e4-Pohjanmaa, Pohjanmaa, Sein\u00e4joki, Sastamala, Tampere.","robots":{"index":"index","follow":"follow","max-snippet":"max-snippet:-1","max-image-preview":"max-image-preview:large","max-video-preview":"max-video-preview:-1"},"canonical":"https:\/\/nettiseitti.fi\/showroom\/tuote\/laitteiden-ja-ohjelmistojen-konfigurointi-asennus\/","og_locale":"fi_FI","og_type":"article","og_title":"Laitteiden ja ohjelmistojen konfigurointi \/ asennus - Tampere, Pori - NettiSeitti","og_description":"Laitteistojen, ohjelmistojen ja j\u00e4rjestelmien konfigurointi sek\u00e4 asennus. Pirkanmaa, Satakunta, Etel\u00e4-Pohjanmaa, Pohjanmaa, Sein\u00e4joki, Sastamala, Tampere.","og_url":"https:\/\/nettiseitti.fi\/showroom\/tuote\/laitteiden-ja-ohjelmistojen-konfigurointi-asennus\/","og_site_name":"NettiSeitti","article_modified_time":"2024-12-08T12:49:43+00:00","og_image":[{"width":1920,"height":1280,"url":"https:\/\/nettiseitti.fi\/showroom\/wp-content\/uploads\/2024\/03\/it-1359518_1920.jpg","type":"image\/jpeg"}],"twitter_card":"summary_large_image","twitter_misc":{"Arvioitu lukuaika":"1 minuutti"},"schema":{"@context":"https:\/\/schema.org","@graph":[{"@type":"WebPage","@id":"https:\/\/nettiseitti.fi\/showroom\/tuote\/laitteiden-ja-ohjelmistojen-konfigurointi-asennus\/","url":"https:\/\/nettiseitti.fi\/showroom\/tuote\/laitteiden-ja-ohjelmistojen-konfigurointi-asennus\/","name":"Laitteiden ja ohjelmistojen konfigurointi \/ asennus - Tampere, Pori - NettiSeitti","isPartOf":{"@id":"https:\/\/nettiseitti.fi\/showroom\/#website"},"primaryImageOfPage":{"@id":"https:\/\/nettiseitti.fi\/showroom\/tuote\/laitteiden-ja-ohjelmistojen-konfigurointi-asennus\/#primaryimage"},"image":{"@id":"https:\/\/nettiseitti.fi\/showroom\/tuote\/laitteiden-ja-ohjelmistojen-konfigurointi-asennus\/#primaryimage"},"thumbnailUrl":"https:\/\/nettiseitti.fi\/showroom\/wp-content\/uploads\/2024\/03\/it-1359518_1920.jpg","datePublished":"2024-03-15T00:47:40+00:00","dateModified":"2024-12-08T12:49:43+00:00","description":"Laitteistojen, ohjelmistojen ja j\u00e4rjestelmien konfigurointi sek\u00e4 asennus. Pirkanmaa, Satakunta, Etel\u00e4-Pohjanmaa, Pohjanmaa, Sein\u00e4joki, Sastamala, Tampere.","breadcrumb":{"@id":"https:\/\/nettiseitti.fi\/showroom\/tuote\/laitteiden-ja-ohjelmistojen-konfigurointi-asennus\/#breadcrumb"},"inLanguage":"fi","potentialAction":[{"@type":"ReadAction","target":["https:\/\/nettiseitti.fi\/showroom\/tuote\/laitteiden-ja-ohjelmistojen-konfigurointi-asennus\/"]}]},{"@type":"ImageObject","inLanguage":"fi","@id":"https:\/\/nettiseitti.fi\/showroom\/tuote\/laitteiden-ja-ohjelmistojen-konfigurointi-asennus\/#primaryimage","url":"https:\/\/nettiseitti.fi\/showroom\/wp-content\/uploads\/2024\/03\/it-1359518_1920.jpg","contentUrl":"https:\/\/nettiseitti.fi\/showroom\/wp-content\/uploads\/2024\/03\/it-1359518_1920.jpg","width":1920,"height":1280},{"@type":"BreadcrumbList","@id":"https:\/\/nettiseitti.fi\/showroom\/tuote\/laitteiden-ja-ohjelmistojen-konfigurointi-asennus\/#breadcrumb","itemListElement":[{"@type":"ListItem","position":1,"name":"Etusivu","item":"https:\/\/nettiseitti.fi\/showroom\/"},{"@type":"ListItem","position":2,"name":"Tuotteet","item":"https:\/\/nettiseitti.fi\/showroom\/tuotteet\/"},{"@type":"ListItem","position":3,"name":"Laitteiden ja ohjelmistojen konfigurointi \/ asennus"}]},{"@type":"WebSite","@id":"https:\/\/nettiseitti.fi\/showroom\/#website","url":"https:\/\/nettiseitti.fi\/showroom\/","name":"NettiSeitti","description":"","publisher":{"@id":"https:\/\/nettiseitti.fi\/showroom\/#organization"},"potentialAction":[{"@type":"SearchAction","target":{"@type":"EntryPoint","urlTemplate":"https:\/\/nettiseitti.fi\/showroom\/?s={search_term_string}"},"query-input":{"@type":"PropertyValueSpecification","valueRequired":true,"valueName":"search_term_string"}}],"inLanguage":"fi"},{"@type":"Organization","@id":"https:\/\/nettiseitti.fi\/showroom\/#organization","name":"NettiSeitti","url":"https:\/\/nettiseitti.fi\/showroom\/","logo":{"@type":"ImageObject","inLanguage":"fi","@id":"https:\/\/nettiseitti.fi\/showroom\/#\/schema\/logo\/image\/","url":"https:\/\/nettiseitti.fi\/showroom\/wp-content\/uploads\/2024\/03\/nettiseitti_lapinakyva_tausta.png","contentUrl":"https:\/\/nettiseitti.fi\/showroom\/wp-content\/uploads\/2024\/03\/nettiseitti_lapinakyva_tausta.png","width":2176,"height":741,"caption":"NettiSeitti"},"image":{"@id":"https:\/\/nettiseitti.fi\/showroom\/#\/schema\/logo\/image\/"}}]}},"_links":{"self":[{"href":"https:\/\/nettiseitti.fi\/showroom\/wp-json\/wp\/v2\/product\/12618","targetHints":{"allow":["GET"]}}],"collection":[{"href":"https:\/\/nettiseitti.fi\/showroom\/wp-json\/wp\/v2\/product"}],"about":[{"href":"https:\/\/nettiseitti.fi\/showroom\/wp-json\/wp\/v2\/types\/product"}],"wp:featuredmedia":[{"embeddable":true,"href":"https:\/\/nettiseitti.fi\/showroom\/wp-json\/wp\/v2\/media\/12342"}],"wp:attachment":[{"href":"https:\/\/nettiseitti.fi\/showroom\/wp-json\/wp\/v2\/media?parent=12618"}],"wp:term":[{"taxonomy":"product_brand","embeddable":true,"href":"https:\/\/nettiseitti.fi\/showroom\/wp-json\/wp\/v2\/product_brand?post=12618"},{"taxonomy":"product_cat","embeddable":true,"href":"https:\/\/nettiseitti.fi\/showroom\/wp-json\/wp\/v2\/product_cat?post=12618"},{"taxonomy":"product_tag","embeddable":true,"href":"https:\/\/nettiseitti.fi\/showroom\/wp-json\/wp\/v2\/product_tag?post=12618"}],"curies":[{"name":"wp","href":"https:\/\/api.w.org\/{rel}","templated":true}]}}