{"id":12655,"date":"2024-03-16T12:05:07","date_gmt":"2024-03-16T10:05:07","guid":{"rendered":"https:\/\/nettiseitti.fi\/showroom\/?post_type=product&#038;p=12655"},"modified":"2024-07-16T15:32:24","modified_gmt":"2024-07-16T12:32:24","slug":"viivakoodinlukijat-usb-hubit-kaiuttimet-webkamerat-kvm-kytkimet-ja-hdmi-kytkimet","status":"publish","type":"product","link":"https:\/\/nettiseitti.fi\/showroom\/tuote\/viivakoodinlukijat-usb-hubit-kaiuttimet-webkamerat-kvm-kytkimet-ja-hdmi-kytkimet\/","title":{"rendered":"Viivakoodinlukijat, USB-hubit, kaiuttimet, webkamerat, KVM-kytkimet ja HDMI-kytkimet"},"content":{"rendered":"<p>Kauttamme mm.<\/p>\n<ul>\n<li>Kaiuttimet musiikin kuunteluun, kaiuttimet mikrofonilla, konferenssikaiutin<\/li>\n<li>Viivakoodinlukijat, laserlukijat<\/li>\n<li>USB-keskittimet USB-porttien laajentamiseen<\/li>\n<li>Verkkokamerat, webkamerat<\/li>\n<li>KVM-kytkimet, keyboard, video, mouse, hallitse montaa tietokonetta samanaikaisesti samalla n\u00e4pp\u00e4imist\u00f6ll\u00e4, n\u00e4yt\u00f6ll\u00e4, hiirell\u00e4. V\u00e4litt\u00e4\u00e4 my\u00f6s \u00e4\u00e4nen kaiuttimista yms.<\/li>\n<li>HDMI-kytkimet, kytke samaan n\u00e4ytt\u00f6\u00f6n monta eri kuval\u00e4hdett\u00e4 ja hallitse helposti n\u00e4ytett\u00e4v\u00e4\u00e4 kuval\u00e4hdett\u00e4.<\/li>\n<\/ul>\n<p>Kysy tarvitsemaasi oheislaitetta niin palaamme asiaan.<\/p>\n<p>Tarvikkeet useilta valmistajilta mm. Jabra, Zebra, Logitech yms.<\/p>\n<p>Ota yhteytt\u00e4:<br \/>\nPuh. <a href=\"tel:0401523801\">040 1523801<\/a><br \/>\nS\u00e4hk\u00f6posti: myynti [at] nettiseitti.fi<\/p>\n","protected":false},"excerpt":{"rendered":"<p>Oheislaitteet ja tarvikkeet mutkattomaan ty\u00f6skentelyyn.<\/p>\n","protected":false},"featured_media":12656,"template":"","meta":{"neve_meta_sidebar":"","neve_meta_container":"","neve_meta_enable_content_width":"off","neve_meta_content_width":100,"neve_meta_title_alignment":"","neve_meta_author_avatar":"","neve_post_elements_order":"","neve_meta_disable_header":"","neve_meta_disable_footer":"","neve_meta_disable_title":""},"product_brand":[],"product_cat":[505,70,518],"product_tag":[450,451,92,100,107,459,244,106,457,247,327,245,214,446,448,449,453,447,91,243,108,105,455,248,445,456,98,101,104,454,96,99,97,103,246,102,242,458,452,249],"class_list":{"0":"post-12655","1":"product","2":"type-product","3":"status-publish","4":"has-post-thumbnail","6":"product_cat-kaiuttimet","7":"product_cat-tarvikkeet","8":"product_cat-usb-hubit-jakajat-adapterit","9":"product_tag-ahtari","10":"product_tag-alavus","11":"product_tag-asennus","12":"product_tag-etela-pohjanmaa","13":"product_tag-etela-suomi","14":"product_tag-hameenlinna","15":"product_tag-hdmi-kytkin","16":"product_tag-huittinen","17":"product_tag-ikaalinen","18":"product_tag-jabra","19":"product_tag-jalasjarvi","20":"product_tag-kaiutin","21":"product_tag-kamera","22":"product_tag-kankaanpaa","23":"product_tag-karvia","24":"product_tag-kauhajoki","25":"product_tag-kauhava","26":"product_tag-kihnio","27":"product_tag-konfigurointi","28":"product_tag-kvm-kytkin","29":"product_tag-lansi-suomi","30":"product_tag-lapua","31":"product_tag-lempaala","32":"product_tag-logitech","33":"product_tag-nokia","34":"product_tag-parkano","35":"product_tag-pirkanmaa","36":"product_tag-pohjanmaa","37":"product_tag-pori","38":"product_tag-rauma","39":"product_tag-sastamala","40":"product_tag-satakunta","41":"product_tag-seinajoki","42":"product_tag-tampere","43":"product_tag-usb-hub","44":"product_tag-vaasa","45":"product_tag-viivakoodinlukija","46":"product_tag-virrat","47":"product_tag-ylojarvi","48":"product_tag-zebra","50":"first","51":"instock","52":"shipping-taxable","53":"product-type-simple"},"yoast_head":"<!-- This site is optimized with the Yoast SEO plugin v27.4 - https:\/\/yoast.com\/product\/yoast-seo-wordpress\/ -->\n<title>Viivakoodinlukijat, USB-hubit, kaiuttimet, webkamerat, KVM-kytkimet ja HDMI-kytkimet, kytkin, kaiutin - Sein\u00e4joki, Sastamala, Tampere, Vaasa, Pori - NettiSeitti<\/title>\n<meta name=\"description\" content=\"Oheislaitteet ja tarvikkeet mutkattomaan ty\u00f6skentelyyn. Pirkanmaa, Satakunta, Etel\u00e4-Pohjanmaa, Pohjanmaa, Sein\u00e4joki, Sastamala, Tampere, Vaasa, Pori.\" \/>\n<meta name=\"robots\" content=\"index, follow, max-snippet:-1, max-image-preview:large, max-video-preview:-1\" \/>\n<link rel=\"canonical\" href=\"https:\/\/nettiseitti.fi\/showroom\/tuote\/viivakoodinlukijat-usb-hubit-kaiuttimet-webkamerat-kvm-kytkimet-ja-hdmi-kytkimet\/\" \/>\n<meta property=\"og:locale\" content=\"fi_FI\" \/>\n<meta property=\"og:type\" content=\"article\" \/>\n<meta property=\"og:title\" content=\"Viivakoodinlukijat, USB-hubit, kaiuttimet, webkamerat, KVM-kytkimet ja HDMI-kytkimet, kytkin, kaiutin - Sein\u00e4joki, Sastamala, Tampere, Vaasa, Pori - NettiSeitti\" \/>\n<meta property=\"og:description\" content=\"Oheislaitteet ja tarvikkeet mutkattomaan ty\u00f6skentelyyn. Pirkanmaa, Satakunta, Etel\u00e4-Pohjanmaa, Pohjanmaa, Sein\u00e4joki, Sastamala, Tampere, Vaasa, Pori.\" \/>\n<meta property=\"og:url\" content=\"https:\/\/nettiseitti.fi\/showroom\/tuote\/viivakoodinlukijat-usb-hubit-kaiuttimet-webkamerat-kvm-kytkimet-ja-hdmi-kytkimet\/\" \/>\n<meta property=\"og:site_name\" content=\"NettiSeitti\" \/>\n<meta property=\"article:modified_time\" content=\"2024-07-16T12:32:24+00:00\" \/>\n<meta property=\"og:image\" content=\"https:\/\/nettiseitti.fi\/showroom\/wp-content\/uploads\/2024\/03\/kaiutin.jpg\" \/>\n\t<meta property=\"og:image:width\" content=\"728\" \/>\n\t<meta property=\"og:image:height\" content=\"587\" \/>\n\t<meta property=\"og:image:type\" content=\"image\/jpeg\" \/>\n<meta name=\"twitter:card\" content=\"summary_large_image\" \/>\n<meta name=\"twitter:label1\" content=\"Arvioitu lukuaika\" \/>\n\t<meta name=\"twitter:data1\" content=\"1 minuutti\" \/>\n<script type=\"application\/ld+json\" class=\"yoast-schema-graph\">{\"@context\":\"https:\\\/\\\/schema.org\",\"@graph\":[{\"@type\":\"WebPage\",\"@id\":\"https:\\\/\\\/nettiseitti.fi\\\/showroom\\\/tuote\\\/viivakoodinlukijat-usb-hubit-kaiuttimet-webkamerat-kvm-kytkimet-ja-hdmi-kytkimet\\\/\",\"url\":\"https:\\\/\\\/nettiseitti.fi\\\/showroom\\\/tuote\\\/viivakoodinlukijat-usb-hubit-kaiuttimet-webkamerat-kvm-kytkimet-ja-hdmi-kytkimet\\\/\",\"name\":\"Viivakoodinlukijat, USB-hubit, kaiuttimet, webkamerat, KVM-kytkimet ja HDMI-kytkimet, kytkin, kaiutin - Sein\u00e4joki, Sastamala, Tampere, Vaasa, Pori - NettiSeitti\",\"isPartOf\":{\"@id\":\"https:\\\/\\\/nettiseitti.fi\\\/showroom\\\/#website\"},\"primaryImageOfPage\":{\"@id\":\"https:\\\/\\\/nettiseitti.fi\\\/showroom\\\/tuote\\\/viivakoodinlukijat-usb-hubit-kaiuttimet-webkamerat-kvm-kytkimet-ja-hdmi-kytkimet\\\/#primaryimage\"},\"image\":{\"@id\":\"https:\\\/\\\/nettiseitti.fi\\\/showroom\\\/tuote\\\/viivakoodinlukijat-usb-hubit-kaiuttimet-webkamerat-kvm-kytkimet-ja-hdmi-kytkimet\\\/#primaryimage\"},\"thumbnailUrl\":\"https:\\\/\\\/nettiseitti.fi\\\/showroom\\\/wp-content\\\/uploads\\\/2024\\\/03\\\/kaiutin.jpg\",\"datePublished\":\"2024-03-16T10:05:07+00:00\",\"dateModified\":\"2024-07-16T12:32:24+00:00\",\"description\":\"Oheislaitteet ja tarvikkeet mutkattomaan ty\u00f6skentelyyn. Pirkanmaa, Satakunta, Etel\u00e4-Pohjanmaa, Pohjanmaa, Sein\u00e4joki, Sastamala, Tampere, Vaasa, Pori.\",\"breadcrumb\":{\"@id\":\"https:\\\/\\\/nettiseitti.fi\\\/showroom\\\/tuote\\\/viivakoodinlukijat-usb-hubit-kaiuttimet-webkamerat-kvm-kytkimet-ja-hdmi-kytkimet\\\/#breadcrumb\"},\"inLanguage\":\"fi\",\"potentialAction\":[{\"@type\":\"ReadAction\",\"target\":[\"https:\\\/\\\/nettiseitti.fi\\\/showroom\\\/tuote\\\/viivakoodinlukijat-usb-hubit-kaiuttimet-webkamerat-kvm-kytkimet-ja-hdmi-kytkimet\\\/\"]}]},{\"@type\":\"ImageObject\",\"inLanguage\":\"fi\",\"@id\":\"https:\\\/\\\/nettiseitti.fi\\\/showroom\\\/tuote\\\/viivakoodinlukijat-usb-hubit-kaiuttimet-webkamerat-kvm-kytkimet-ja-hdmi-kytkimet\\\/#primaryimage\",\"url\":\"https:\\\/\\\/nettiseitti.fi\\\/showroom\\\/wp-content\\\/uploads\\\/2024\\\/03\\\/kaiutin.jpg\",\"contentUrl\":\"https:\\\/\\\/nettiseitti.fi\\\/showroom\\\/wp-content\\\/uploads\\\/2024\\\/03\\\/kaiutin.jpg\",\"width\":728,\"height\":587},{\"@type\":\"BreadcrumbList\",\"@id\":\"https:\\\/\\\/nettiseitti.fi\\\/showroom\\\/tuote\\\/viivakoodinlukijat-usb-hubit-kaiuttimet-webkamerat-kvm-kytkimet-ja-hdmi-kytkimet\\\/#breadcrumb\",\"itemListElement\":[{\"@type\":\"ListItem\",\"position\":1,\"name\":\"Etusivu\",\"item\":\"https:\\\/\\\/nettiseitti.fi\\\/showroom\\\/\"},{\"@type\":\"ListItem\",\"position\":2,\"name\":\"Tuotteet\",\"item\":\"https:\\\/\\\/nettiseitti.fi\\\/showroom\\\/tuotteet\\\/\"},{\"@type\":\"ListItem\",\"position\":3,\"name\":\"Viivakoodinlukijat, USB-hubit, kaiuttimet, webkamerat, KVM-kytkimet ja HDMI-kytkimet\"}]},{\"@type\":\"WebSite\",\"@id\":\"https:\\\/\\\/nettiseitti.fi\\\/showroom\\\/#website\",\"url\":\"https:\\\/\\\/nettiseitti.fi\\\/showroom\\\/\",\"name\":\"NettiSeitti\",\"description\":\"\",\"publisher\":{\"@id\":\"https:\\\/\\\/nettiseitti.fi\\\/showroom\\\/#organization\"},\"potentialAction\":[{\"@type\":\"SearchAction\",\"target\":{\"@type\":\"EntryPoint\",\"urlTemplate\":\"https:\\\/\\\/nettiseitti.fi\\\/showroom\\\/?s={search_term_string}\"},\"query-input\":{\"@type\":\"PropertyValueSpecification\",\"valueRequired\":true,\"valueName\":\"search_term_string\"}}],\"inLanguage\":\"fi\"},{\"@type\":\"Organization\",\"@id\":\"https:\\\/\\\/nettiseitti.fi\\\/showroom\\\/#organization\",\"name\":\"NettiSeitti\",\"url\":\"https:\\\/\\\/nettiseitti.fi\\\/showroom\\\/\",\"logo\":{\"@type\":\"ImageObject\",\"inLanguage\":\"fi\",\"@id\":\"https:\\\/\\\/nettiseitti.fi\\\/showroom\\\/#\\\/schema\\\/logo\\\/image\\\/\",\"url\":\"https:\\\/\\\/nettiseitti.fi\\\/showroom\\\/wp-content\\\/uploads\\\/2024\\\/03\\\/nettiseitti_lapinakyva_tausta.png\",\"contentUrl\":\"https:\\\/\\\/nettiseitti.fi\\\/showroom\\\/wp-content\\\/uploads\\\/2024\\\/03\\\/nettiseitti_lapinakyva_tausta.png\",\"width\":2176,\"height\":741,\"caption\":\"NettiSeitti\"},\"image\":{\"@id\":\"https:\\\/\\\/nettiseitti.fi\\\/showroom\\\/#\\\/schema\\\/logo\\\/image\\\/\"}}]}<\/script>\n<!-- \/ Yoast SEO plugin. -->","yoast_head_json":{"title":"Viivakoodinlukijat, USB-hubit, kaiuttimet, webkamerat, KVM-kytkimet ja HDMI-kytkimet, kytkin, kaiutin - Sein\u00e4joki, Sastamala, Tampere, Vaasa, Pori - NettiSeitti","description":"Oheislaitteet ja tarvikkeet mutkattomaan ty\u00f6skentelyyn. Pirkanmaa, Satakunta, Etel\u00e4-Pohjanmaa, Pohjanmaa, Sein\u00e4joki, Sastamala, Tampere, Vaasa, Pori.","robots":{"index":"index","follow":"follow","max-snippet":"max-snippet:-1","max-image-preview":"max-image-preview:large","max-video-preview":"max-video-preview:-1"},"canonical":"https:\/\/nettiseitti.fi\/showroom\/tuote\/viivakoodinlukijat-usb-hubit-kaiuttimet-webkamerat-kvm-kytkimet-ja-hdmi-kytkimet\/","og_locale":"fi_FI","og_type":"article","og_title":"Viivakoodinlukijat, USB-hubit, kaiuttimet, webkamerat, KVM-kytkimet ja HDMI-kytkimet, kytkin, kaiutin - Sein\u00e4joki, Sastamala, Tampere, Vaasa, Pori - NettiSeitti","og_description":"Oheislaitteet ja tarvikkeet mutkattomaan ty\u00f6skentelyyn. Pirkanmaa, Satakunta, Etel\u00e4-Pohjanmaa, Pohjanmaa, Sein\u00e4joki, Sastamala, Tampere, Vaasa, Pori.","og_url":"https:\/\/nettiseitti.fi\/showroom\/tuote\/viivakoodinlukijat-usb-hubit-kaiuttimet-webkamerat-kvm-kytkimet-ja-hdmi-kytkimet\/","og_site_name":"NettiSeitti","article_modified_time":"2024-07-16T12:32:24+00:00","og_image":[{"width":728,"height":587,"url":"https:\/\/nettiseitti.fi\/showroom\/wp-content\/uploads\/2024\/03\/kaiutin.jpg","type":"image\/jpeg"}],"twitter_card":"summary_large_image","twitter_misc":{"Arvioitu lukuaika":"1 minuutti"},"schema":{"@context":"https:\/\/schema.org","@graph":[{"@type":"WebPage","@id":"https:\/\/nettiseitti.fi\/showroom\/tuote\/viivakoodinlukijat-usb-hubit-kaiuttimet-webkamerat-kvm-kytkimet-ja-hdmi-kytkimet\/","url":"https:\/\/nettiseitti.fi\/showroom\/tuote\/viivakoodinlukijat-usb-hubit-kaiuttimet-webkamerat-kvm-kytkimet-ja-hdmi-kytkimet\/","name":"Viivakoodinlukijat, USB-hubit, kaiuttimet, webkamerat, KVM-kytkimet ja HDMI-kytkimet, kytkin, kaiutin - Sein\u00e4joki, Sastamala, Tampere, Vaasa, Pori - NettiSeitti","isPartOf":{"@id":"https:\/\/nettiseitti.fi\/showroom\/#website"},"primaryImageOfPage":{"@id":"https:\/\/nettiseitti.fi\/showroom\/tuote\/viivakoodinlukijat-usb-hubit-kaiuttimet-webkamerat-kvm-kytkimet-ja-hdmi-kytkimet\/#primaryimage"},"image":{"@id":"https:\/\/nettiseitti.fi\/showroom\/tuote\/viivakoodinlukijat-usb-hubit-kaiuttimet-webkamerat-kvm-kytkimet-ja-hdmi-kytkimet\/#primaryimage"},"thumbnailUrl":"https:\/\/nettiseitti.fi\/showroom\/wp-content\/uploads\/2024\/03\/kaiutin.jpg","datePublished":"2024-03-16T10:05:07+00:00","dateModified":"2024-07-16T12:32:24+00:00","description":"Oheislaitteet ja tarvikkeet mutkattomaan ty\u00f6skentelyyn. Pirkanmaa, Satakunta, Etel\u00e4-Pohjanmaa, Pohjanmaa, Sein\u00e4joki, Sastamala, Tampere, Vaasa, Pori.","breadcrumb":{"@id":"https:\/\/nettiseitti.fi\/showroom\/tuote\/viivakoodinlukijat-usb-hubit-kaiuttimet-webkamerat-kvm-kytkimet-ja-hdmi-kytkimet\/#breadcrumb"},"inLanguage":"fi","potentialAction":[{"@type":"ReadAction","target":["https:\/\/nettiseitti.fi\/showroom\/tuote\/viivakoodinlukijat-usb-hubit-kaiuttimet-webkamerat-kvm-kytkimet-ja-hdmi-kytkimet\/"]}]},{"@type":"ImageObject","inLanguage":"fi","@id":"https:\/\/nettiseitti.fi\/showroom\/tuote\/viivakoodinlukijat-usb-hubit-kaiuttimet-webkamerat-kvm-kytkimet-ja-hdmi-kytkimet\/#primaryimage","url":"https:\/\/nettiseitti.fi\/showroom\/wp-content\/uploads\/2024\/03\/kaiutin.jpg","contentUrl":"https:\/\/nettiseitti.fi\/showroom\/wp-content\/uploads\/2024\/03\/kaiutin.jpg","width":728,"height":587},{"@type":"BreadcrumbList","@id":"https:\/\/nettiseitti.fi\/showroom\/tuote\/viivakoodinlukijat-usb-hubit-kaiuttimet-webkamerat-kvm-kytkimet-ja-hdmi-kytkimet\/#breadcrumb","itemListElement":[{"@type":"ListItem","position":1,"name":"Etusivu","item":"https:\/\/nettiseitti.fi\/showroom\/"},{"@type":"ListItem","position":2,"name":"Tuotteet","item":"https:\/\/nettiseitti.fi\/showroom\/tuotteet\/"},{"@type":"ListItem","position":3,"name":"Viivakoodinlukijat, USB-hubit, kaiuttimet, webkamerat, KVM-kytkimet ja HDMI-kytkimet"}]},{"@type":"WebSite","@id":"https:\/\/nettiseitti.fi\/showroom\/#website","url":"https:\/\/nettiseitti.fi\/showroom\/","name":"NettiSeitti","description":"","publisher":{"@id":"https:\/\/nettiseitti.fi\/showroom\/#organization"},"potentialAction":[{"@type":"SearchAction","target":{"@type":"EntryPoint","urlTemplate":"https:\/\/nettiseitti.fi\/showroom\/?s={search_term_string}"},"query-input":{"@type":"PropertyValueSpecification","valueRequired":true,"valueName":"search_term_string"}}],"inLanguage":"fi"},{"@type":"Organization","@id":"https:\/\/nettiseitti.fi\/showroom\/#organization","name":"NettiSeitti","url":"https:\/\/nettiseitti.fi\/showroom\/","logo":{"@type":"ImageObject","inLanguage":"fi","@id":"https:\/\/nettiseitti.fi\/showroom\/#\/schema\/logo\/image\/","url":"https:\/\/nettiseitti.fi\/showroom\/wp-content\/uploads\/2024\/03\/nettiseitti_lapinakyva_tausta.png","contentUrl":"https:\/\/nettiseitti.fi\/showroom\/wp-content\/uploads\/2024\/03\/nettiseitti_lapinakyva_tausta.png","width":2176,"height":741,"caption":"NettiSeitti"},"image":{"@id":"https:\/\/nettiseitti.fi\/showroom\/#\/schema\/logo\/image\/"}}]}},"_links":{"self":[{"href":"https:\/\/nettiseitti.fi\/showroom\/wp-json\/wp\/v2\/product\/12655","targetHints":{"allow":["GET"]}}],"collection":[{"href":"https:\/\/nettiseitti.fi\/showroom\/wp-json\/wp\/v2\/product"}],"about":[{"href":"https:\/\/nettiseitti.fi\/showroom\/wp-json\/wp\/v2\/types\/product"}],"wp:featuredmedia":[{"embeddable":true,"href":"https:\/\/nettiseitti.fi\/showroom\/wp-json\/wp\/v2\/media\/12656"}],"wp:attachment":[{"href":"https:\/\/nettiseitti.fi\/showroom\/wp-json\/wp\/v2\/media?parent=12655"}],"wp:term":[{"taxonomy":"product_brand","embeddable":true,"href":"https:\/\/nettiseitti.fi\/showroom\/wp-json\/wp\/v2\/product_brand?post=12655"},{"taxonomy":"product_cat","embeddable":true,"href":"https:\/\/nettiseitti.fi\/showroom\/wp-json\/wp\/v2\/product_cat?post=12655"},{"taxonomy":"product_tag","embeddable":true,"href":"https:\/\/nettiseitti.fi\/showroom\/wp-json\/wp\/v2\/product_tag?post=12655"}],"curies":[{"name":"wp","href":"https:\/\/api.w.org\/{rel}","templated":true}]}}