{"id":12827,"date":"2024-03-21T09:46:46","date_gmt":"2024-03-21T07:46:46","guid":{"rendered":"https:\/\/nettiseitti.fi\/showroom\/?post_type=product&#038;p=12827"},"modified":"2024-10-01T19:49:29","modified_gmt":"2024-10-01T16:49:29","slug":"kamerat-ip-kamerat-valvontakamerat","status":"publish","type":"product","link":"https:\/\/nettiseitti.fi\/showroom\/tuote\/kamerat-ip-kamerat-valvontakamerat\/","title":{"rendered":"Kamerat \/ IP-kamerat, valvontakamerat"},"content":{"rendered":"<p>Vedenkest\u00e4v\u00e4t langalliset sek\u00e4 langattomat kamerat ja IP-kamerat infrapunalampuilla (IR-LED) sek\u00e4 liiketunnistimilla.<br \/>\nEsim.<\/p>\n<ul>\n<li>PTZ-kamerat (Pan, Tilt, Zoom, moottoroitua kuvap\u00e4\u00e4t\u00e4 voidaan et\u00e4ohjata)<\/li>\n<li>Dome eli kupukamerat<\/li>\n<li>Kalansilm\u00e4kamerat<\/li>\n<li>Bullet-kamerat eli putkimalliset valvontakamerat<\/li>\n<li>Langattomat kamerat, WiFi<\/li>\n<li>Kamerat PoE-sy\u00f6t\u00f6ll\u00e4<\/li>\n<li>Erilaisilla n\u00e4k\u00f6kentill\u00e4 ja kuvatarkkuuksilla<\/li>\n<li>SD-muistikorttipaikoilla<\/li>\n<li>Videoliiketunnistus<\/li>\n<li>Kamerat 360\u00b0-linssill\u00e4<\/li>\n<\/ul>\n<p>Saatavissa my\u00f6s IP-kameroita, joissa n\u00e4kyv\u00e4n valon kamera ja l\u00e4mp\u00f6kamera.<\/p>\n<p>Ota yhteytt\u00e4:<br \/>\nPuh. <a href=\"tel:0401523801\">040 1523801<\/a><br \/>\nS\u00e4hk\u00f6posti: myynti [at] nettiseitti.fi<\/p>\n","protected":false},"excerpt":{"rendered":"<p>Kamerat erilaisilla ominaisuuksilla ja kuvatarkkuuksilla.<\/p>\n","protected":false},"featured_media":12828,"template":"","meta":{"neve_meta_sidebar":"","neve_meta_container":"","neve_meta_enable_content_width":"off","neve_meta_content_width":100,"neve_meta_title_alignment":"","neve_meta_author_avatar":"","neve_post_elements_order":"","neve_meta_disable_header":"","neve_meta_disable_footer":"","neve_meta_disable_title":""},"product_brand":[],"product_cat":[511],"product_tag":[450,451,92,413,412,100,107,459,409,106,457,415,327,214,446,448,449,453,447,91,350,399,108,105,455,445,88,456,98,101,104,414,454,96,99,97,103,410,102,82,458,411,452],"class_list":{"0":"post-12827","1":"product","2":"type-product","3":"status-publish","4":"has-post-thumbnail","6":"product_cat-kamerat","7":"product_tag-ahtari","8":"product_tag-alavus","9":"product_tag-asennus","10":"product_tag-bullet-kamera","11":"product_tag-dome-kamera","12":"product_tag-etela-pohjanmaa","13":"product_tag-etela-suomi","14":"product_tag-hameenlinna","15":"product_tag-hikvision","16":"product_tag-huittinen","17":"product_tag-ikaalinen","18":"product_tag-ip-kamera","19":"product_tag-jalasjarvi","20":"product_tag-kamera","21":"product_tag-kankaanpaa","22":"product_tag-karvia","23":"product_tag-kauhajoki","24":"product_tag-kauhava","25":"product_tag-kihnio","26":"product_tag-konfigurointi","27":"product_tag-lampokamera","28":"product_tag-langaton","29":"product_tag-lansi-suomi","30":"product_tag-lapua","31":"product_tag-lempaala","32":"product_tag-nokia","33":"product_tag-oheislaite","34":"product_tag-parkano","35":"product_tag-pirkanmaa","36":"product_tag-pohjanmaa","37":"product_tag-pori","38":"product_tag-ptz-kamera","39":"product_tag-rauma","40":"product_tag-sastamala","41":"product_tag-satakunta","42":"product_tag-seinajoki","43":"product_tag-tampere","44":"product_tag-unv","45":"product_tag-vaasa","46":"product_tag-verkkolaite","47":"product_tag-virrat","48":"product_tag-woox","49":"product_tag-ylojarvi","51":"first","52":"instock","53":"shipping-taxable","54":"product-type-simple"},"yoast_head":"<!-- This site is optimized with the Yoast SEO plugin v27.4 - https:\/\/yoast.com\/product\/yoast-seo-wordpress\/ -->\n<title>Kamerat \/ IP-kamerat, valvontakamerat - NettiSeitti<\/title>\n<meta name=\"description\" content=\"Kamerat erilaisilla ominaisuuksilla ja kuvatarkkuuksilla. Pirkanmaa, Satakunta, Etel\u00e4-Pohjanmaa, Pohjanmaa, Sein\u00e4joki, Sastamala, Tampere, Vaasa, Pori.\" \/>\n<meta name=\"robots\" content=\"index, follow, max-snippet:-1, max-image-preview:large, max-video-preview:-1\" \/>\n<link rel=\"canonical\" href=\"https:\/\/nettiseitti.fi\/showroom\/tuote\/kamerat-ip-kamerat-valvontakamerat\/\" \/>\n<meta property=\"og:locale\" content=\"fi_FI\" \/>\n<meta property=\"og:type\" content=\"article\" \/>\n<meta property=\"og:title\" content=\"Kamerat \/ IP-kamerat, valvontakamerat - NettiSeitti\" \/>\n<meta property=\"og:description\" content=\"Kamerat erilaisilla ominaisuuksilla ja kuvatarkkuuksilla. Pirkanmaa, Satakunta, Etel\u00e4-Pohjanmaa, Pohjanmaa, Sein\u00e4joki, Sastamala, Tampere, Vaasa, Pori.\" \/>\n<meta property=\"og:url\" content=\"https:\/\/nettiseitti.fi\/showroom\/tuote\/kamerat-ip-kamerat-valvontakamerat\/\" \/>\n<meta property=\"og:site_name\" content=\"NettiSeitti\" \/>\n<meta property=\"article:modified_time\" content=\"2024-10-01T16:49:29+00:00\" \/>\n<meta property=\"og:image\" content=\"https:\/\/nettiseitti.fi\/showroom\/wp-content\/uploads\/2024\/03\/ip-kamera-lampokamera.jpg\" \/>\n\t<meta property=\"og:image:width\" content=\"776\" \/>\n\t<meta property=\"og:image:height\" content=\"646\" \/>\n\t<meta property=\"og:image:type\" content=\"image\/jpeg\" \/>\n<meta name=\"twitter:card\" content=\"summary_large_image\" \/>\n<meta name=\"twitter:label1\" content=\"Arvioitu lukuaika\" \/>\n\t<meta name=\"twitter:data1\" content=\"1 minuutti\" \/>\n<script type=\"application\/ld+json\" class=\"yoast-schema-graph\">{\"@context\":\"https:\\\/\\\/schema.org\",\"@graph\":[{\"@type\":\"WebPage\",\"@id\":\"https:\\\/\\\/nettiseitti.fi\\\/showroom\\\/tuote\\\/kamerat-ip-kamerat-valvontakamerat\\\/\",\"url\":\"https:\\\/\\\/nettiseitti.fi\\\/showroom\\\/tuote\\\/kamerat-ip-kamerat-valvontakamerat\\\/\",\"name\":\"Kamerat \\\/ IP-kamerat, valvontakamerat - NettiSeitti\",\"isPartOf\":{\"@id\":\"https:\\\/\\\/nettiseitti.fi\\\/showroom\\\/#website\"},\"primaryImageOfPage\":{\"@id\":\"https:\\\/\\\/nettiseitti.fi\\\/showroom\\\/tuote\\\/kamerat-ip-kamerat-valvontakamerat\\\/#primaryimage\"},\"image\":{\"@id\":\"https:\\\/\\\/nettiseitti.fi\\\/showroom\\\/tuote\\\/kamerat-ip-kamerat-valvontakamerat\\\/#primaryimage\"},\"thumbnailUrl\":\"https:\\\/\\\/nettiseitti.fi\\\/showroom\\\/wp-content\\\/uploads\\\/2024\\\/03\\\/ip-kamera-lampokamera.jpg\",\"datePublished\":\"2024-03-21T07:46:46+00:00\",\"dateModified\":\"2024-10-01T16:49:29+00:00\",\"description\":\"Kamerat erilaisilla ominaisuuksilla ja kuvatarkkuuksilla. Pirkanmaa, Satakunta, Etel\u00e4-Pohjanmaa, Pohjanmaa, Sein\u00e4joki, Sastamala, Tampere, Vaasa, Pori.\",\"breadcrumb\":{\"@id\":\"https:\\\/\\\/nettiseitti.fi\\\/showroom\\\/tuote\\\/kamerat-ip-kamerat-valvontakamerat\\\/#breadcrumb\"},\"inLanguage\":\"fi\",\"potentialAction\":[{\"@type\":\"ReadAction\",\"target\":[\"https:\\\/\\\/nettiseitti.fi\\\/showroom\\\/tuote\\\/kamerat-ip-kamerat-valvontakamerat\\\/\"]}]},{\"@type\":\"ImageObject\",\"inLanguage\":\"fi\",\"@id\":\"https:\\\/\\\/nettiseitti.fi\\\/showroom\\\/tuote\\\/kamerat-ip-kamerat-valvontakamerat\\\/#primaryimage\",\"url\":\"https:\\\/\\\/nettiseitti.fi\\\/showroom\\\/wp-content\\\/uploads\\\/2024\\\/03\\\/ip-kamera-lampokamera.jpg\",\"contentUrl\":\"https:\\\/\\\/nettiseitti.fi\\\/showroom\\\/wp-content\\\/uploads\\\/2024\\\/03\\\/ip-kamera-lampokamera.jpg\",\"width\":776,\"height\":646},{\"@type\":\"BreadcrumbList\",\"@id\":\"https:\\\/\\\/nettiseitti.fi\\\/showroom\\\/tuote\\\/kamerat-ip-kamerat-valvontakamerat\\\/#breadcrumb\",\"itemListElement\":[{\"@type\":\"ListItem\",\"position\":1,\"name\":\"Etusivu\",\"item\":\"https:\\\/\\\/nettiseitti.fi\\\/showroom\\\/\"},{\"@type\":\"ListItem\",\"position\":2,\"name\":\"Tuotteet\",\"item\":\"https:\\\/\\\/nettiseitti.fi\\\/showroom\\\/tuotteet\\\/\"},{\"@type\":\"ListItem\",\"position\":3,\"name\":\"Kamerat \\\/ IP-kamerat, valvontakamerat\"}]},{\"@type\":\"WebSite\",\"@id\":\"https:\\\/\\\/nettiseitti.fi\\\/showroom\\\/#website\",\"url\":\"https:\\\/\\\/nettiseitti.fi\\\/showroom\\\/\",\"name\":\"NettiSeitti\",\"description\":\"\",\"publisher\":{\"@id\":\"https:\\\/\\\/nettiseitti.fi\\\/showroom\\\/#organization\"},\"potentialAction\":[{\"@type\":\"SearchAction\",\"target\":{\"@type\":\"EntryPoint\",\"urlTemplate\":\"https:\\\/\\\/nettiseitti.fi\\\/showroom\\\/?s={search_term_string}\"},\"query-input\":{\"@type\":\"PropertyValueSpecification\",\"valueRequired\":true,\"valueName\":\"search_term_string\"}}],\"inLanguage\":\"fi\"},{\"@type\":\"Organization\",\"@id\":\"https:\\\/\\\/nettiseitti.fi\\\/showroom\\\/#organization\",\"name\":\"NettiSeitti\",\"url\":\"https:\\\/\\\/nettiseitti.fi\\\/showroom\\\/\",\"logo\":{\"@type\":\"ImageObject\",\"inLanguage\":\"fi\",\"@id\":\"https:\\\/\\\/nettiseitti.fi\\\/showroom\\\/#\\\/schema\\\/logo\\\/image\\\/\",\"url\":\"https:\\\/\\\/nettiseitti.fi\\\/showroom\\\/wp-content\\\/uploads\\\/2024\\\/03\\\/nettiseitti_lapinakyva_tausta.png\",\"contentUrl\":\"https:\\\/\\\/nettiseitti.fi\\\/showroom\\\/wp-content\\\/uploads\\\/2024\\\/03\\\/nettiseitti_lapinakyva_tausta.png\",\"width\":2176,\"height\":741,\"caption\":\"NettiSeitti\"},\"image\":{\"@id\":\"https:\\\/\\\/nettiseitti.fi\\\/showroom\\\/#\\\/schema\\\/logo\\\/image\\\/\"}}]}<\/script>\n<!-- \/ Yoast SEO plugin. -->","yoast_head_json":{"title":"Kamerat \/ IP-kamerat, valvontakamerat - NettiSeitti","description":"Kamerat erilaisilla ominaisuuksilla ja kuvatarkkuuksilla. Pirkanmaa, Satakunta, Etel\u00e4-Pohjanmaa, Pohjanmaa, Sein\u00e4joki, Sastamala, Tampere, Vaasa, Pori.","robots":{"index":"index","follow":"follow","max-snippet":"max-snippet:-1","max-image-preview":"max-image-preview:large","max-video-preview":"max-video-preview:-1"},"canonical":"https:\/\/nettiseitti.fi\/showroom\/tuote\/kamerat-ip-kamerat-valvontakamerat\/","og_locale":"fi_FI","og_type":"article","og_title":"Kamerat \/ IP-kamerat, valvontakamerat - NettiSeitti","og_description":"Kamerat erilaisilla ominaisuuksilla ja kuvatarkkuuksilla. Pirkanmaa, Satakunta, Etel\u00e4-Pohjanmaa, Pohjanmaa, Sein\u00e4joki, Sastamala, Tampere, Vaasa, Pori.","og_url":"https:\/\/nettiseitti.fi\/showroom\/tuote\/kamerat-ip-kamerat-valvontakamerat\/","og_site_name":"NettiSeitti","article_modified_time":"2024-10-01T16:49:29+00:00","og_image":[{"width":776,"height":646,"url":"https:\/\/nettiseitti.fi\/showroom\/wp-content\/uploads\/2024\/03\/ip-kamera-lampokamera.jpg","type":"image\/jpeg"}],"twitter_card":"summary_large_image","twitter_misc":{"Arvioitu lukuaika":"1 minuutti"},"schema":{"@context":"https:\/\/schema.org","@graph":[{"@type":"WebPage","@id":"https:\/\/nettiseitti.fi\/showroom\/tuote\/kamerat-ip-kamerat-valvontakamerat\/","url":"https:\/\/nettiseitti.fi\/showroom\/tuote\/kamerat-ip-kamerat-valvontakamerat\/","name":"Kamerat \/ IP-kamerat, valvontakamerat - NettiSeitti","isPartOf":{"@id":"https:\/\/nettiseitti.fi\/showroom\/#website"},"primaryImageOfPage":{"@id":"https:\/\/nettiseitti.fi\/showroom\/tuote\/kamerat-ip-kamerat-valvontakamerat\/#primaryimage"},"image":{"@id":"https:\/\/nettiseitti.fi\/showroom\/tuote\/kamerat-ip-kamerat-valvontakamerat\/#primaryimage"},"thumbnailUrl":"https:\/\/nettiseitti.fi\/showroom\/wp-content\/uploads\/2024\/03\/ip-kamera-lampokamera.jpg","datePublished":"2024-03-21T07:46:46+00:00","dateModified":"2024-10-01T16:49:29+00:00","description":"Kamerat erilaisilla ominaisuuksilla ja kuvatarkkuuksilla. Pirkanmaa, Satakunta, Etel\u00e4-Pohjanmaa, Pohjanmaa, Sein\u00e4joki, Sastamala, Tampere, Vaasa, Pori.","breadcrumb":{"@id":"https:\/\/nettiseitti.fi\/showroom\/tuote\/kamerat-ip-kamerat-valvontakamerat\/#breadcrumb"},"inLanguage":"fi","potentialAction":[{"@type":"ReadAction","target":["https:\/\/nettiseitti.fi\/showroom\/tuote\/kamerat-ip-kamerat-valvontakamerat\/"]}]},{"@type":"ImageObject","inLanguage":"fi","@id":"https:\/\/nettiseitti.fi\/showroom\/tuote\/kamerat-ip-kamerat-valvontakamerat\/#primaryimage","url":"https:\/\/nettiseitti.fi\/showroom\/wp-content\/uploads\/2024\/03\/ip-kamera-lampokamera.jpg","contentUrl":"https:\/\/nettiseitti.fi\/showroom\/wp-content\/uploads\/2024\/03\/ip-kamera-lampokamera.jpg","width":776,"height":646},{"@type":"BreadcrumbList","@id":"https:\/\/nettiseitti.fi\/showroom\/tuote\/kamerat-ip-kamerat-valvontakamerat\/#breadcrumb","itemListElement":[{"@type":"ListItem","position":1,"name":"Etusivu","item":"https:\/\/nettiseitti.fi\/showroom\/"},{"@type":"ListItem","position":2,"name":"Tuotteet","item":"https:\/\/nettiseitti.fi\/showroom\/tuotteet\/"},{"@type":"ListItem","position":3,"name":"Kamerat \/ IP-kamerat, valvontakamerat"}]},{"@type":"WebSite","@id":"https:\/\/nettiseitti.fi\/showroom\/#website","url":"https:\/\/nettiseitti.fi\/showroom\/","name":"NettiSeitti","description":"","publisher":{"@id":"https:\/\/nettiseitti.fi\/showroom\/#organization"},"potentialAction":[{"@type":"SearchAction","target":{"@type":"EntryPoint","urlTemplate":"https:\/\/nettiseitti.fi\/showroom\/?s={search_term_string}"},"query-input":{"@type":"PropertyValueSpecification","valueRequired":true,"valueName":"search_term_string"}}],"inLanguage":"fi"},{"@type":"Organization","@id":"https:\/\/nettiseitti.fi\/showroom\/#organization","name":"NettiSeitti","url":"https:\/\/nettiseitti.fi\/showroom\/","logo":{"@type":"ImageObject","inLanguage":"fi","@id":"https:\/\/nettiseitti.fi\/showroom\/#\/schema\/logo\/image\/","url":"https:\/\/nettiseitti.fi\/showroom\/wp-content\/uploads\/2024\/03\/nettiseitti_lapinakyva_tausta.png","contentUrl":"https:\/\/nettiseitti.fi\/showroom\/wp-content\/uploads\/2024\/03\/nettiseitti_lapinakyva_tausta.png","width":2176,"height":741,"caption":"NettiSeitti"},"image":{"@id":"https:\/\/nettiseitti.fi\/showroom\/#\/schema\/logo\/image\/"}}]}},"_links":{"self":[{"href":"https:\/\/nettiseitti.fi\/showroom\/wp-json\/wp\/v2\/product\/12827","targetHints":{"allow":["GET"]}}],"collection":[{"href":"https:\/\/nettiseitti.fi\/showroom\/wp-json\/wp\/v2\/product"}],"about":[{"href":"https:\/\/nettiseitti.fi\/showroom\/wp-json\/wp\/v2\/types\/product"}],"wp:featuredmedia":[{"embeddable":true,"href":"https:\/\/nettiseitti.fi\/showroom\/wp-json\/wp\/v2\/media\/12828"}],"wp:attachment":[{"href":"https:\/\/nettiseitti.fi\/showroom\/wp-json\/wp\/v2\/media?parent=12827"}],"wp:term":[{"taxonomy":"product_brand","embeddable":true,"href":"https:\/\/nettiseitti.fi\/showroom\/wp-json\/wp\/v2\/product_brand?post=12827"},{"taxonomy":"product_cat","embeddable":true,"href":"https:\/\/nettiseitti.fi\/showroom\/wp-json\/wp\/v2\/product_cat?post=12827"},{"taxonomy":"product_tag","embeddable":true,"href":"https:\/\/nettiseitti.fi\/showroom\/wp-json\/wp\/v2\/product_tag?post=12827"}],"curies":[{"name":"wp","href":"https:\/\/api.w.org\/{rel}","templated":true}]}}