{"id":13722,"date":"2024-09-10T21:55:53","date_gmt":"2024-09-10T18:55:53","guid":{"rendered":"https:\/\/nettiseitti.fi\/showroom\/?post_type=product&#038;p=13722"},"modified":"2024-09-10T21:55:54","modified_gmt":"2024-09-10T18:55:54","slug":"televes-t2127-rg6-sisaasennuskaapeli-75ohm-6-7mm-valkoinen","status":"publish","type":"product","link":"https:\/\/nettiseitti.fi\/showroom\/tuote\/televes-t2127-rg6-sisaasennuskaapeli-75ohm-6-7mm-valkoinen\/","title":{"rendered":"Televes T2127 RG6 sis\u00e4asennuskaapeli, 75ohm, 6.7mm, valkoinen"},"content":{"rendered":"<p>Sis\u00e4k\u00e4ytt\u00f6\u00f6n soveltuva A luokan koaksiaali-antennikaapeli.<\/p>\n<p>Ominaisuuksia:<\/p>\n<ul>\n<li>Mitat: 1.0\/4.7\/6.7mm<\/li>\n<li>Sis\u00e4johdin: kuparoitu ter\u00e4s (CSS)<\/li>\n<li>Ulkojohtimien materiaali: alumiini<\/li>\n<li>Vaimennus 17.0dB\/100m\/800MHz<\/li>\n<li>PVC-vaippa<\/li>\n<li>CPR luokka: Eca<\/li>\n<li>Eriste: polyeteenivaahto<\/li>\n<li>Koko kela 100m, mahdollisuuksien mukaan saatavissa my\u00f6s pienempi\u00e4 m\u00e4\u00e4ri\u00e4, kysy tarvitsemaasi m\u00e4\u00e4r\u00e4\u00e4.<\/li>\n<li>Yhteensopiva liitin esim. Cabelcon True Drop Self Install F-liitin<\/li>\n<\/ul>\n<p>Voimme my\u00f6s asentaa esim. liittimet ja vahvistimet.<br \/>\nKotik\u00e4yntin\u00e4 tehty ty\u00f6 oikeuttaa kotitalousv\u00e4hennykseen, ennakkoperint\u00e4rekisterin voi tarkistaa YTJ:st\u00e4 (Micmedi Oy).<\/p>\n<p>Kauttamme my\u00f6s muut kaapelit ja TV-tarvikkeet, ota yhteytt\u00e4 !<\/p>\n<p>Kysy ajantasainen hinnasto ja lis\u00e4tietoja ottamalla meihin yhteytt\u00e4.<br \/>\nMy\u00f6s toimitus mahdollista riippuen tilatuista tuotteista.<\/p>\n<p>Ota yhteytt\u00e4:<br \/>\nPuh. <a href=\"tel:0401523801\">040 1523801<\/a><br \/>\nS\u00e4hk\u00f6posti: myynti [at] nettiseitti.fi<\/p>\n","protected":false},"excerpt":{"rendered":"<p>RG6 koaksiaali-antennikaapeli sis\u00e4k\u00e4ytt\u00f6\u00f6n.<\/p>\n","protected":false},"featured_media":13724,"template":"","meta":{"neve_meta_sidebar":"","neve_meta_container":"","neve_meta_enable_content_width":"off","neve_meta_content_width":100,"neve_meta_title_alignment":"","neve_meta_author_avatar":"","neve_post_elements_order":"","neve_meta_disable_header":"","neve_meta_disable_footer":"","neve_meta_disable_title":""},"product_brand":[],"product_cat":[552,529],"product_tag":[450,451,252,100,107,459,106,457,327,301,446,448,449,453,447,108,105,455,445,456,98,101,104,454,96,99,97,103,232,102,458,452],"class_list":{"0":"post-13722","1":"product","2":"type-product","3":"status-publish","4":"has-post-thumbnail","6":"product_cat-antennit","7":"product_cat-johdot-kaapelit","8":"product_tag-ahtari","9":"product_tag-alavus","10":"product_tag-antenni","11":"product_tag-etela-pohjanmaa","12":"product_tag-etela-suomi","13":"product_tag-hameenlinna","14":"product_tag-huittinen","15":"product_tag-ikaalinen","16":"product_tag-jalasjarvi","17":"product_tag-kaapeli","18":"product_tag-kankaanpaa","19":"product_tag-karvia","20":"product_tag-kauhajoki","21":"product_tag-kauhava","22":"product_tag-kihnio","23":"product_tag-lansi-suomi","24":"product_tag-lapua","25":"product_tag-lempaala","26":"product_tag-nokia","27":"product_tag-parkano","28":"product_tag-pirkanmaa","29":"product_tag-pohjanmaa","30":"product_tag-pori","31":"product_tag-rauma","32":"product_tag-sastamala","33":"product_tag-satakunta","34":"product_tag-seinajoki","35":"product_tag-tampere","36":"product_tag-tv","37":"product_tag-vaasa","38":"product_tag-virrat","39":"product_tag-ylojarvi","41":"first","42":"instock","43":"shipping-taxable","44":"product-type-simple"},"yoast_head":"<!-- This site is optimized with the Yoast SEO plugin v27.4 - https:\/\/yoast.com\/product\/yoast-seo-wordpress\/ -->\n<title>Televes T2127 RG6 sis\u00e4asennuskaapeli, 75ohm, 6.7mm, valkoinen - NettiSeitti<\/title>\n<meta name=\"description\" content=\"RG6 koaksiaali-antennikaapeli sis\u00e4k\u00e4ytt\u00f6\u00f6n. Pirkanmaa, Satakunta, Etel\u00e4-Pohjanmaa, Pohjanmaa, Sein\u00e4joki, Sastamala, Tampere, Pori, Huittinen, Nokia, Rauma.\" \/>\n<meta name=\"robots\" content=\"index, follow, max-snippet:-1, max-image-preview:large, max-video-preview:-1\" \/>\n<link rel=\"canonical\" href=\"https:\/\/nettiseitti.fi\/showroom\/tuote\/televes-t2127-rg6-sisaasennuskaapeli-75ohm-6-7mm-valkoinen\/\" \/>\n<meta property=\"og:locale\" content=\"fi_FI\" \/>\n<meta property=\"og:type\" content=\"article\" \/>\n<meta property=\"og:title\" content=\"Televes T2127 RG6 sis\u00e4asennuskaapeli, 75ohm, 6.7mm, valkoinen - NettiSeitti\" \/>\n<meta property=\"og:description\" content=\"RG6 koaksiaali-antennikaapeli sis\u00e4k\u00e4ytt\u00f6\u00f6n. Pirkanmaa, Satakunta, Etel\u00e4-Pohjanmaa, Pohjanmaa, Sein\u00e4joki, Sastamala, Tampere, Pori, Huittinen, Nokia, Rauma.\" \/>\n<meta property=\"og:url\" content=\"https:\/\/nettiseitti.fi\/showroom\/tuote\/televes-t2127-rg6-sisaasennuskaapeli-75ohm-6-7mm-valkoinen\/\" \/>\n<meta property=\"og:site_name\" content=\"NettiSeitti\" \/>\n<meta property=\"article:modified_time\" content=\"2024-09-10T18:55:54+00:00\" \/>\n<meta property=\"og:image\" content=\"https:\/\/nettiseitti.fi\/showroom\/wp-content\/uploads\/2024\/09\/televes_t2127.jpg\" \/>\n\t<meta property=\"og:image:width\" content=\"633\" \/>\n\t<meta property=\"og:image:height\" content=\"623\" \/>\n\t<meta property=\"og:image:type\" content=\"image\/jpeg\" \/>\n<meta name=\"twitter:card\" content=\"summary_large_image\" \/>\n<meta name=\"twitter:label1\" content=\"Arvioitu lukuaika\" \/>\n\t<meta name=\"twitter:data1\" content=\"1 minuutti\" \/>\n<script type=\"application\/ld+json\" class=\"yoast-schema-graph\">{\"@context\":\"https:\\\/\\\/schema.org\",\"@graph\":[{\"@type\":\"WebPage\",\"@id\":\"https:\\\/\\\/nettiseitti.fi\\\/showroom\\\/tuote\\\/televes-t2127-rg6-sisaasennuskaapeli-75ohm-6-7mm-valkoinen\\\/\",\"url\":\"https:\\\/\\\/nettiseitti.fi\\\/showroom\\\/tuote\\\/televes-t2127-rg6-sisaasennuskaapeli-75ohm-6-7mm-valkoinen\\\/\",\"name\":\"Televes T2127 RG6 sis\u00e4asennuskaapeli, 75ohm, 6.7mm, valkoinen - NettiSeitti\",\"isPartOf\":{\"@id\":\"https:\\\/\\\/nettiseitti.fi\\\/showroom\\\/#website\"},\"primaryImageOfPage\":{\"@id\":\"https:\\\/\\\/nettiseitti.fi\\\/showroom\\\/tuote\\\/televes-t2127-rg6-sisaasennuskaapeli-75ohm-6-7mm-valkoinen\\\/#primaryimage\"},\"image\":{\"@id\":\"https:\\\/\\\/nettiseitti.fi\\\/showroom\\\/tuote\\\/televes-t2127-rg6-sisaasennuskaapeli-75ohm-6-7mm-valkoinen\\\/#primaryimage\"},\"thumbnailUrl\":\"https:\\\/\\\/nettiseitti.fi\\\/showroom\\\/wp-content\\\/uploads\\\/2024\\\/09\\\/televes_t2127.jpg\",\"datePublished\":\"2024-09-10T18:55:53+00:00\",\"dateModified\":\"2024-09-10T18:55:54+00:00\",\"description\":\"RG6 koaksiaali-antennikaapeli sis\u00e4k\u00e4ytt\u00f6\u00f6n. Pirkanmaa, Satakunta, Etel\u00e4-Pohjanmaa, Pohjanmaa, Sein\u00e4joki, Sastamala, Tampere, Pori, Huittinen, Nokia, Rauma.\",\"breadcrumb\":{\"@id\":\"https:\\\/\\\/nettiseitti.fi\\\/showroom\\\/tuote\\\/televes-t2127-rg6-sisaasennuskaapeli-75ohm-6-7mm-valkoinen\\\/#breadcrumb\"},\"inLanguage\":\"fi\",\"potentialAction\":[{\"@type\":\"ReadAction\",\"target\":[\"https:\\\/\\\/nettiseitti.fi\\\/showroom\\\/tuote\\\/televes-t2127-rg6-sisaasennuskaapeli-75ohm-6-7mm-valkoinen\\\/\"]}]},{\"@type\":\"ImageObject\",\"inLanguage\":\"fi\",\"@id\":\"https:\\\/\\\/nettiseitti.fi\\\/showroom\\\/tuote\\\/televes-t2127-rg6-sisaasennuskaapeli-75ohm-6-7mm-valkoinen\\\/#primaryimage\",\"url\":\"https:\\\/\\\/nettiseitti.fi\\\/showroom\\\/wp-content\\\/uploads\\\/2024\\\/09\\\/televes_t2127.jpg\",\"contentUrl\":\"https:\\\/\\\/nettiseitti.fi\\\/showroom\\\/wp-content\\\/uploads\\\/2024\\\/09\\\/televes_t2127.jpg\",\"width\":633,\"height\":623},{\"@type\":\"BreadcrumbList\",\"@id\":\"https:\\\/\\\/nettiseitti.fi\\\/showroom\\\/tuote\\\/televes-t2127-rg6-sisaasennuskaapeli-75ohm-6-7mm-valkoinen\\\/#breadcrumb\",\"itemListElement\":[{\"@type\":\"ListItem\",\"position\":1,\"name\":\"Etusivu\",\"item\":\"https:\\\/\\\/nettiseitti.fi\\\/showroom\\\/\"},{\"@type\":\"ListItem\",\"position\":2,\"name\":\"Tuotteet\",\"item\":\"https:\\\/\\\/nettiseitti.fi\\\/showroom\\\/tuotteet\\\/\"},{\"@type\":\"ListItem\",\"position\":3,\"name\":\"Televes T2127 RG6 sis\u00e4asennuskaapeli, 75ohm, 6.7mm, valkoinen\"}]},{\"@type\":\"WebSite\",\"@id\":\"https:\\\/\\\/nettiseitti.fi\\\/showroom\\\/#website\",\"url\":\"https:\\\/\\\/nettiseitti.fi\\\/showroom\\\/\",\"name\":\"NettiSeitti\",\"description\":\"\",\"publisher\":{\"@id\":\"https:\\\/\\\/nettiseitti.fi\\\/showroom\\\/#organization\"},\"potentialAction\":[{\"@type\":\"SearchAction\",\"target\":{\"@type\":\"EntryPoint\",\"urlTemplate\":\"https:\\\/\\\/nettiseitti.fi\\\/showroom\\\/?s={search_term_string}\"},\"query-input\":{\"@type\":\"PropertyValueSpecification\",\"valueRequired\":true,\"valueName\":\"search_term_string\"}}],\"inLanguage\":\"fi\"},{\"@type\":\"Organization\",\"@id\":\"https:\\\/\\\/nettiseitti.fi\\\/showroom\\\/#organization\",\"name\":\"NettiSeitti\",\"url\":\"https:\\\/\\\/nettiseitti.fi\\\/showroom\\\/\",\"logo\":{\"@type\":\"ImageObject\",\"inLanguage\":\"fi\",\"@id\":\"https:\\\/\\\/nettiseitti.fi\\\/showroom\\\/#\\\/schema\\\/logo\\\/image\\\/\",\"url\":\"https:\\\/\\\/nettiseitti.fi\\\/showroom\\\/wp-content\\\/uploads\\\/2024\\\/03\\\/nettiseitti_lapinakyva_tausta.png\",\"contentUrl\":\"https:\\\/\\\/nettiseitti.fi\\\/showroom\\\/wp-content\\\/uploads\\\/2024\\\/03\\\/nettiseitti_lapinakyva_tausta.png\",\"width\":2176,\"height\":741,\"caption\":\"NettiSeitti\"},\"image\":{\"@id\":\"https:\\\/\\\/nettiseitti.fi\\\/showroom\\\/#\\\/schema\\\/logo\\\/image\\\/\"}}]}<\/script>\n<!-- \/ Yoast SEO plugin. -->","yoast_head_json":{"title":"Televes T2127 RG6 sis\u00e4asennuskaapeli, 75ohm, 6.7mm, valkoinen - NettiSeitti","description":"RG6 koaksiaali-antennikaapeli sis\u00e4k\u00e4ytt\u00f6\u00f6n. Pirkanmaa, Satakunta, Etel\u00e4-Pohjanmaa, Pohjanmaa, Sein\u00e4joki, Sastamala, Tampere, Pori, Huittinen, Nokia, Rauma.","robots":{"index":"index","follow":"follow","max-snippet":"max-snippet:-1","max-image-preview":"max-image-preview:large","max-video-preview":"max-video-preview:-1"},"canonical":"https:\/\/nettiseitti.fi\/showroom\/tuote\/televes-t2127-rg6-sisaasennuskaapeli-75ohm-6-7mm-valkoinen\/","og_locale":"fi_FI","og_type":"article","og_title":"Televes T2127 RG6 sis\u00e4asennuskaapeli, 75ohm, 6.7mm, valkoinen - NettiSeitti","og_description":"RG6 koaksiaali-antennikaapeli sis\u00e4k\u00e4ytt\u00f6\u00f6n. Pirkanmaa, Satakunta, Etel\u00e4-Pohjanmaa, Pohjanmaa, Sein\u00e4joki, Sastamala, Tampere, Pori, Huittinen, Nokia, Rauma.","og_url":"https:\/\/nettiseitti.fi\/showroom\/tuote\/televes-t2127-rg6-sisaasennuskaapeli-75ohm-6-7mm-valkoinen\/","og_site_name":"NettiSeitti","article_modified_time":"2024-09-10T18:55:54+00:00","og_image":[{"width":633,"height":623,"url":"https:\/\/nettiseitti.fi\/showroom\/wp-content\/uploads\/2024\/09\/televes_t2127.jpg","type":"image\/jpeg"}],"twitter_card":"summary_large_image","twitter_misc":{"Arvioitu lukuaika":"1 minuutti"},"schema":{"@context":"https:\/\/schema.org","@graph":[{"@type":"WebPage","@id":"https:\/\/nettiseitti.fi\/showroom\/tuote\/televes-t2127-rg6-sisaasennuskaapeli-75ohm-6-7mm-valkoinen\/","url":"https:\/\/nettiseitti.fi\/showroom\/tuote\/televes-t2127-rg6-sisaasennuskaapeli-75ohm-6-7mm-valkoinen\/","name":"Televes T2127 RG6 sis\u00e4asennuskaapeli, 75ohm, 6.7mm, valkoinen - NettiSeitti","isPartOf":{"@id":"https:\/\/nettiseitti.fi\/showroom\/#website"},"primaryImageOfPage":{"@id":"https:\/\/nettiseitti.fi\/showroom\/tuote\/televes-t2127-rg6-sisaasennuskaapeli-75ohm-6-7mm-valkoinen\/#primaryimage"},"image":{"@id":"https:\/\/nettiseitti.fi\/showroom\/tuote\/televes-t2127-rg6-sisaasennuskaapeli-75ohm-6-7mm-valkoinen\/#primaryimage"},"thumbnailUrl":"https:\/\/nettiseitti.fi\/showroom\/wp-content\/uploads\/2024\/09\/televes_t2127.jpg","datePublished":"2024-09-10T18:55:53+00:00","dateModified":"2024-09-10T18:55:54+00:00","description":"RG6 koaksiaali-antennikaapeli sis\u00e4k\u00e4ytt\u00f6\u00f6n. Pirkanmaa, Satakunta, Etel\u00e4-Pohjanmaa, Pohjanmaa, Sein\u00e4joki, Sastamala, Tampere, Pori, Huittinen, Nokia, Rauma.","breadcrumb":{"@id":"https:\/\/nettiseitti.fi\/showroom\/tuote\/televes-t2127-rg6-sisaasennuskaapeli-75ohm-6-7mm-valkoinen\/#breadcrumb"},"inLanguage":"fi","potentialAction":[{"@type":"ReadAction","target":["https:\/\/nettiseitti.fi\/showroom\/tuote\/televes-t2127-rg6-sisaasennuskaapeli-75ohm-6-7mm-valkoinen\/"]}]},{"@type":"ImageObject","inLanguage":"fi","@id":"https:\/\/nettiseitti.fi\/showroom\/tuote\/televes-t2127-rg6-sisaasennuskaapeli-75ohm-6-7mm-valkoinen\/#primaryimage","url":"https:\/\/nettiseitti.fi\/showroom\/wp-content\/uploads\/2024\/09\/televes_t2127.jpg","contentUrl":"https:\/\/nettiseitti.fi\/showroom\/wp-content\/uploads\/2024\/09\/televes_t2127.jpg","width":633,"height":623},{"@type":"BreadcrumbList","@id":"https:\/\/nettiseitti.fi\/showroom\/tuote\/televes-t2127-rg6-sisaasennuskaapeli-75ohm-6-7mm-valkoinen\/#breadcrumb","itemListElement":[{"@type":"ListItem","position":1,"name":"Etusivu","item":"https:\/\/nettiseitti.fi\/showroom\/"},{"@type":"ListItem","position":2,"name":"Tuotteet","item":"https:\/\/nettiseitti.fi\/showroom\/tuotteet\/"},{"@type":"ListItem","position":3,"name":"Televes T2127 RG6 sis\u00e4asennuskaapeli, 75ohm, 6.7mm, valkoinen"}]},{"@type":"WebSite","@id":"https:\/\/nettiseitti.fi\/showroom\/#website","url":"https:\/\/nettiseitti.fi\/showroom\/","name":"NettiSeitti","description":"","publisher":{"@id":"https:\/\/nettiseitti.fi\/showroom\/#organization"},"potentialAction":[{"@type":"SearchAction","target":{"@type":"EntryPoint","urlTemplate":"https:\/\/nettiseitti.fi\/showroom\/?s={search_term_string}"},"query-input":{"@type":"PropertyValueSpecification","valueRequired":true,"valueName":"search_term_string"}}],"inLanguage":"fi"},{"@type":"Organization","@id":"https:\/\/nettiseitti.fi\/showroom\/#organization","name":"NettiSeitti","url":"https:\/\/nettiseitti.fi\/showroom\/","logo":{"@type":"ImageObject","inLanguage":"fi","@id":"https:\/\/nettiseitti.fi\/showroom\/#\/schema\/logo\/image\/","url":"https:\/\/nettiseitti.fi\/showroom\/wp-content\/uploads\/2024\/03\/nettiseitti_lapinakyva_tausta.png","contentUrl":"https:\/\/nettiseitti.fi\/showroom\/wp-content\/uploads\/2024\/03\/nettiseitti_lapinakyva_tausta.png","width":2176,"height":741,"caption":"NettiSeitti"},"image":{"@id":"https:\/\/nettiseitti.fi\/showroom\/#\/schema\/logo\/image\/"}}]}},"_links":{"self":[{"href":"https:\/\/nettiseitti.fi\/showroom\/wp-json\/wp\/v2\/product\/13722","targetHints":{"allow":["GET"]}}],"collection":[{"href":"https:\/\/nettiseitti.fi\/showroom\/wp-json\/wp\/v2\/product"}],"about":[{"href":"https:\/\/nettiseitti.fi\/showroom\/wp-json\/wp\/v2\/types\/product"}],"wp:featuredmedia":[{"embeddable":true,"href":"https:\/\/nettiseitti.fi\/showroom\/wp-json\/wp\/v2\/media\/13724"}],"wp:attachment":[{"href":"https:\/\/nettiseitti.fi\/showroom\/wp-json\/wp\/v2\/media?parent=13722"}],"wp:term":[{"taxonomy":"product_brand","embeddable":true,"href":"https:\/\/nettiseitti.fi\/showroom\/wp-json\/wp\/v2\/product_brand?post=13722"},{"taxonomy":"product_cat","embeddable":true,"href":"https:\/\/nettiseitti.fi\/showroom\/wp-json\/wp\/v2\/product_cat?post=13722"},{"taxonomy":"product_tag","embeddable":true,"href":"https:\/\/nettiseitti.fi\/showroom\/wp-json\/wp\/v2\/product_tag?post=13722"}],"curies":[{"name":"wp","href":"https:\/\/api.w.org\/{rel}","templated":true}]}}