{"id":13731,"date":"2024-09-12T20:47:43","date_gmt":"2024-09-12T17:47:43","guid":{"rendered":"https:\/\/nettiseitti.fi\/showroom\/?post_type=product&#038;p=13731"},"modified":"2024-09-12T20:47:44","modified_gmt":"2024-09-12T17:47:44","slug":"xoro-hrm-8761-ci-dvb-t2-dvb-c-hd-digiboksi","status":"publish","type":"product","link":"https:\/\/nettiseitti.fi\/showroom\/tuote\/xoro-hrm-8761-ci-dvb-t2-dvb-c-hd-digiboksi\/","title":{"rendered":"XORO HRM 8761 CI+ DVB-T2 \/ DVB-C HD-digiboksi"},"content":{"rendered":"<p>Digiboksi antenni- (DVB-T2 HD) ja kaapelivirittimill\u00e4 (DVB-C) sek\u00e4 monipuolisilla ominaisuuksilla.<\/p>\n<p>Ominaisuuksia:<\/p>\n<ul>\n<li>Antenni- (DVB-T \/ T2 HD) ja kaapelivirittimet (DVB-C)<\/li>\n<li>Tukee tallennusta USB-portin kautta<\/li>\n<li>Tukee Full HD resoluutiota ja vastaanottaa SD, HD ja Full HD -kanavat<\/li>\n<li>Liit\u00e4nn\u00e4t: HDMI (jopa 1080p), digitaalinen audio S \/ PDIF, 2x USB, Ethernet RJ45, antenniliitin<\/li>\n<li>FAT32- ja NTFS-tiedostoj\u00e4rjestelmien tuki<\/li>\n<li>Sy\u00f6tt\u00f6j\u00e4nnite (+5 V) aktiiviantennin kytkemiseksi<\/li>\n<li>Paikka CI+ -maksukortinlukijalle, yhteensopiva lukija voidaan asentaa digiboksiin<\/li>\n<\/ul>\n<p>Kauttamme my\u00f6s muut TV-tarvikkeet, ota yhteytt\u00e4 !<\/p>\n<p>Kysy ajantasainen hinnasto ja lis\u00e4tietoja ottamalla meihin yhteytt\u00e4.<br \/>\nMy\u00f6s toimitus mahdollista riippuen tilatuista tuotteista.<\/p>\n<p>Ota yhteytt\u00e4:<br \/>\nPuh. <a href=\"tel:0401523801\">040 1523801<\/a><br \/>\nS\u00e4hk\u00f6posti: myynti [at] nettiseitti.fi<\/p>\n","protected":false},"excerpt":{"rendered":"<p>DVB-T2 \/ DVB-C -digiboksi monipuolisilla ominaisuuksilla ja USB-tallennuksella.<\/p>\n","protected":false},"featured_media":13732,"template":"","meta":{"neve_meta_sidebar":"","neve_meta_container":"","neve_meta_enable_content_width":"off","neve_meta_content_width":100,"neve_meta_title_alignment":"","neve_meta_author_avatar":"","neve_post_elements_order":"","neve_meta_disable_header":"","neve_meta_disable_footer":"","neve_meta_disable_title":""},"product_brand":[],"product_cat":[558],"product_tag":[450,451,215,100,107,459,106,457,327,446,448,449,453,447,108,105,455,445,456,98,101,104,454,96,99,97,103,232,102,458,452],"class_list":{"0":"post-13731","1":"product","2":"type-product","3":"status-publish","4":"has-post-thumbnail","6":"product_cat-digiboksit-ja-tarvikkeet","7":"product_tag-ahtari","8":"product_tag-alavus","9":"product_tag-digiboksi","10":"product_tag-etela-pohjanmaa","11":"product_tag-etela-suomi","12":"product_tag-hameenlinna","13":"product_tag-huittinen","14":"product_tag-ikaalinen","15":"product_tag-jalasjarvi","16":"product_tag-kankaanpaa","17":"product_tag-karvia","18":"product_tag-kauhajoki","19":"product_tag-kauhava","20":"product_tag-kihnio","21":"product_tag-lansi-suomi","22":"product_tag-lapua","23":"product_tag-lempaala","24":"product_tag-nokia","25":"product_tag-parkano","26":"product_tag-pirkanmaa","27":"product_tag-pohjanmaa","28":"product_tag-pori","29":"product_tag-rauma","30":"product_tag-sastamala","31":"product_tag-satakunta","32":"product_tag-seinajoki","33":"product_tag-tampere","34":"product_tag-tv","35":"product_tag-vaasa","36":"product_tag-virrat","37":"product_tag-ylojarvi","39":"first","40":"instock","41":"shipping-taxable","42":"product-type-simple"},"yoast_head":"<!-- This site is optimized with the Yoast SEO plugin v27.4 - https:\/\/yoast.com\/product\/yoast-seo-wordpress\/ -->\n<title>XORO HRM 8761 CI+ DVB-T2 \/ DVB-C HD-digiboksi - NettiSeitti<\/title>\n<meta name=\"description\" content=\"DVB-T2 \/ DVB-C -digiboksi monipuolisilla ominaisuuksilla ja USB-tallennuksella. Pirkanmaa, Satakunta, Etel\u00e4-Pohjanmaa, Pohjanmaa, Sein\u00e4joki, Sastamala, Pori\" \/>\n<meta name=\"robots\" content=\"index, follow, max-snippet:-1, max-image-preview:large, max-video-preview:-1\" \/>\n<link rel=\"canonical\" href=\"https:\/\/nettiseitti.fi\/showroom\/tuote\/xoro-hrm-8761-ci-dvb-t2-dvb-c-hd-digiboksi\/\" \/>\n<meta property=\"og:locale\" content=\"fi_FI\" \/>\n<meta property=\"og:type\" content=\"article\" \/>\n<meta property=\"og:title\" content=\"XORO HRM 8761 CI+ DVB-T2 \/ DVB-C HD-digiboksi - NettiSeitti\" \/>\n<meta property=\"og:description\" content=\"DVB-T2 \/ DVB-C -digiboksi monipuolisilla ominaisuuksilla ja USB-tallennuksella. Pirkanmaa, Satakunta, Etel\u00e4-Pohjanmaa, Pohjanmaa, Sein\u00e4joki, Sastamala, Pori\" \/>\n<meta property=\"og:url\" content=\"https:\/\/nettiseitti.fi\/showroom\/tuote\/xoro-hrm-8761-ci-dvb-t2-dvb-c-hd-digiboksi\/\" \/>\n<meta property=\"og:site_name\" content=\"NettiSeitti\" \/>\n<meta property=\"article:modified_time\" content=\"2024-09-12T17:47:44+00:00\" \/>\n<meta property=\"og:image\" content=\"https:\/\/nettiseitti.fi\/showroom\/wp-content\/uploads\/2024\/09\/xoro_digiboksi.jpg\" \/>\n\t<meta property=\"og:image:width\" content=\"762\" \/>\n\t<meta property=\"og:image:height\" content=\"475\" \/>\n\t<meta property=\"og:image:type\" content=\"image\/jpeg\" \/>\n<meta name=\"twitter:card\" content=\"summary_large_image\" \/>\n<meta name=\"twitter:label1\" content=\"Arvioitu lukuaika\" \/>\n\t<meta name=\"twitter:data1\" content=\"1 minuutti\" \/>\n<script type=\"application\/ld+json\" class=\"yoast-schema-graph\">{\"@context\":\"https:\\\/\\\/schema.org\",\"@graph\":[{\"@type\":\"WebPage\",\"@id\":\"https:\\\/\\\/nettiseitti.fi\\\/showroom\\\/tuote\\\/xoro-hrm-8761-ci-dvb-t2-dvb-c-hd-digiboksi\\\/\",\"url\":\"https:\\\/\\\/nettiseitti.fi\\\/showroom\\\/tuote\\\/xoro-hrm-8761-ci-dvb-t2-dvb-c-hd-digiboksi\\\/\",\"name\":\"XORO HRM 8761 CI+ DVB-T2 \\\/ DVB-C HD-digiboksi - NettiSeitti\",\"isPartOf\":{\"@id\":\"https:\\\/\\\/nettiseitti.fi\\\/showroom\\\/#website\"},\"primaryImageOfPage\":{\"@id\":\"https:\\\/\\\/nettiseitti.fi\\\/showroom\\\/tuote\\\/xoro-hrm-8761-ci-dvb-t2-dvb-c-hd-digiboksi\\\/#primaryimage\"},\"image\":{\"@id\":\"https:\\\/\\\/nettiseitti.fi\\\/showroom\\\/tuote\\\/xoro-hrm-8761-ci-dvb-t2-dvb-c-hd-digiboksi\\\/#primaryimage\"},\"thumbnailUrl\":\"https:\\\/\\\/nettiseitti.fi\\\/showroom\\\/wp-content\\\/uploads\\\/2024\\\/09\\\/xoro_digiboksi.jpg\",\"datePublished\":\"2024-09-12T17:47:43+00:00\",\"dateModified\":\"2024-09-12T17:47:44+00:00\",\"description\":\"DVB-T2 \\\/ DVB-C -digiboksi monipuolisilla ominaisuuksilla ja USB-tallennuksella. Pirkanmaa, Satakunta, Etel\u00e4-Pohjanmaa, Pohjanmaa, Sein\u00e4joki, Sastamala, Pori\",\"breadcrumb\":{\"@id\":\"https:\\\/\\\/nettiseitti.fi\\\/showroom\\\/tuote\\\/xoro-hrm-8761-ci-dvb-t2-dvb-c-hd-digiboksi\\\/#breadcrumb\"},\"inLanguage\":\"fi\",\"potentialAction\":[{\"@type\":\"ReadAction\",\"target\":[\"https:\\\/\\\/nettiseitti.fi\\\/showroom\\\/tuote\\\/xoro-hrm-8761-ci-dvb-t2-dvb-c-hd-digiboksi\\\/\"]}]},{\"@type\":\"ImageObject\",\"inLanguage\":\"fi\",\"@id\":\"https:\\\/\\\/nettiseitti.fi\\\/showroom\\\/tuote\\\/xoro-hrm-8761-ci-dvb-t2-dvb-c-hd-digiboksi\\\/#primaryimage\",\"url\":\"https:\\\/\\\/nettiseitti.fi\\\/showroom\\\/wp-content\\\/uploads\\\/2024\\\/09\\\/xoro_digiboksi.jpg\",\"contentUrl\":\"https:\\\/\\\/nettiseitti.fi\\\/showroom\\\/wp-content\\\/uploads\\\/2024\\\/09\\\/xoro_digiboksi.jpg\",\"width\":762,\"height\":475},{\"@type\":\"BreadcrumbList\",\"@id\":\"https:\\\/\\\/nettiseitti.fi\\\/showroom\\\/tuote\\\/xoro-hrm-8761-ci-dvb-t2-dvb-c-hd-digiboksi\\\/#breadcrumb\",\"itemListElement\":[{\"@type\":\"ListItem\",\"position\":1,\"name\":\"Etusivu\",\"item\":\"https:\\\/\\\/nettiseitti.fi\\\/showroom\\\/\"},{\"@type\":\"ListItem\",\"position\":2,\"name\":\"Tuotteet\",\"item\":\"https:\\\/\\\/nettiseitti.fi\\\/showroom\\\/tuotteet\\\/\"},{\"@type\":\"ListItem\",\"position\":3,\"name\":\"XORO HRM 8761 CI+ DVB-T2 \\\/ DVB-C HD-digiboksi\"}]},{\"@type\":\"WebSite\",\"@id\":\"https:\\\/\\\/nettiseitti.fi\\\/showroom\\\/#website\",\"url\":\"https:\\\/\\\/nettiseitti.fi\\\/showroom\\\/\",\"name\":\"NettiSeitti\",\"description\":\"\",\"publisher\":{\"@id\":\"https:\\\/\\\/nettiseitti.fi\\\/showroom\\\/#organization\"},\"potentialAction\":[{\"@type\":\"SearchAction\",\"target\":{\"@type\":\"EntryPoint\",\"urlTemplate\":\"https:\\\/\\\/nettiseitti.fi\\\/showroom\\\/?s={search_term_string}\"},\"query-input\":{\"@type\":\"PropertyValueSpecification\",\"valueRequired\":true,\"valueName\":\"search_term_string\"}}],\"inLanguage\":\"fi\"},{\"@type\":\"Organization\",\"@id\":\"https:\\\/\\\/nettiseitti.fi\\\/showroom\\\/#organization\",\"name\":\"NettiSeitti\",\"url\":\"https:\\\/\\\/nettiseitti.fi\\\/showroom\\\/\",\"logo\":{\"@type\":\"ImageObject\",\"inLanguage\":\"fi\",\"@id\":\"https:\\\/\\\/nettiseitti.fi\\\/showroom\\\/#\\\/schema\\\/logo\\\/image\\\/\",\"url\":\"https:\\\/\\\/nettiseitti.fi\\\/showroom\\\/wp-content\\\/uploads\\\/2024\\\/03\\\/nettiseitti_lapinakyva_tausta.png\",\"contentUrl\":\"https:\\\/\\\/nettiseitti.fi\\\/showroom\\\/wp-content\\\/uploads\\\/2024\\\/03\\\/nettiseitti_lapinakyva_tausta.png\",\"width\":2176,\"height\":741,\"caption\":\"NettiSeitti\"},\"image\":{\"@id\":\"https:\\\/\\\/nettiseitti.fi\\\/showroom\\\/#\\\/schema\\\/logo\\\/image\\\/\"}}]}<\/script>\n<!-- \/ Yoast SEO plugin. -->","yoast_head_json":{"title":"XORO HRM 8761 CI+ DVB-T2 \/ DVB-C HD-digiboksi - NettiSeitti","description":"DVB-T2 \/ DVB-C -digiboksi monipuolisilla ominaisuuksilla ja USB-tallennuksella. Pirkanmaa, Satakunta, Etel\u00e4-Pohjanmaa, Pohjanmaa, Sein\u00e4joki, Sastamala, Pori","robots":{"index":"index","follow":"follow","max-snippet":"max-snippet:-1","max-image-preview":"max-image-preview:large","max-video-preview":"max-video-preview:-1"},"canonical":"https:\/\/nettiseitti.fi\/showroom\/tuote\/xoro-hrm-8761-ci-dvb-t2-dvb-c-hd-digiboksi\/","og_locale":"fi_FI","og_type":"article","og_title":"XORO HRM 8761 CI+ DVB-T2 \/ DVB-C HD-digiboksi - NettiSeitti","og_description":"DVB-T2 \/ DVB-C -digiboksi monipuolisilla ominaisuuksilla ja USB-tallennuksella. Pirkanmaa, Satakunta, Etel\u00e4-Pohjanmaa, Pohjanmaa, Sein\u00e4joki, Sastamala, Pori","og_url":"https:\/\/nettiseitti.fi\/showroom\/tuote\/xoro-hrm-8761-ci-dvb-t2-dvb-c-hd-digiboksi\/","og_site_name":"NettiSeitti","article_modified_time":"2024-09-12T17:47:44+00:00","og_image":[{"width":762,"height":475,"url":"https:\/\/nettiseitti.fi\/showroom\/wp-content\/uploads\/2024\/09\/xoro_digiboksi.jpg","type":"image\/jpeg"}],"twitter_card":"summary_large_image","twitter_misc":{"Arvioitu lukuaika":"1 minuutti"},"schema":{"@context":"https:\/\/schema.org","@graph":[{"@type":"WebPage","@id":"https:\/\/nettiseitti.fi\/showroom\/tuote\/xoro-hrm-8761-ci-dvb-t2-dvb-c-hd-digiboksi\/","url":"https:\/\/nettiseitti.fi\/showroom\/tuote\/xoro-hrm-8761-ci-dvb-t2-dvb-c-hd-digiboksi\/","name":"XORO HRM 8761 CI+ DVB-T2 \/ DVB-C HD-digiboksi - NettiSeitti","isPartOf":{"@id":"https:\/\/nettiseitti.fi\/showroom\/#website"},"primaryImageOfPage":{"@id":"https:\/\/nettiseitti.fi\/showroom\/tuote\/xoro-hrm-8761-ci-dvb-t2-dvb-c-hd-digiboksi\/#primaryimage"},"image":{"@id":"https:\/\/nettiseitti.fi\/showroom\/tuote\/xoro-hrm-8761-ci-dvb-t2-dvb-c-hd-digiboksi\/#primaryimage"},"thumbnailUrl":"https:\/\/nettiseitti.fi\/showroom\/wp-content\/uploads\/2024\/09\/xoro_digiboksi.jpg","datePublished":"2024-09-12T17:47:43+00:00","dateModified":"2024-09-12T17:47:44+00:00","description":"DVB-T2 \/ DVB-C -digiboksi monipuolisilla ominaisuuksilla ja USB-tallennuksella. Pirkanmaa, Satakunta, Etel\u00e4-Pohjanmaa, Pohjanmaa, Sein\u00e4joki, Sastamala, Pori","breadcrumb":{"@id":"https:\/\/nettiseitti.fi\/showroom\/tuote\/xoro-hrm-8761-ci-dvb-t2-dvb-c-hd-digiboksi\/#breadcrumb"},"inLanguage":"fi","potentialAction":[{"@type":"ReadAction","target":["https:\/\/nettiseitti.fi\/showroom\/tuote\/xoro-hrm-8761-ci-dvb-t2-dvb-c-hd-digiboksi\/"]}]},{"@type":"ImageObject","inLanguage":"fi","@id":"https:\/\/nettiseitti.fi\/showroom\/tuote\/xoro-hrm-8761-ci-dvb-t2-dvb-c-hd-digiboksi\/#primaryimage","url":"https:\/\/nettiseitti.fi\/showroom\/wp-content\/uploads\/2024\/09\/xoro_digiboksi.jpg","contentUrl":"https:\/\/nettiseitti.fi\/showroom\/wp-content\/uploads\/2024\/09\/xoro_digiboksi.jpg","width":762,"height":475},{"@type":"BreadcrumbList","@id":"https:\/\/nettiseitti.fi\/showroom\/tuote\/xoro-hrm-8761-ci-dvb-t2-dvb-c-hd-digiboksi\/#breadcrumb","itemListElement":[{"@type":"ListItem","position":1,"name":"Etusivu","item":"https:\/\/nettiseitti.fi\/showroom\/"},{"@type":"ListItem","position":2,"name":"Tuotteet","item":"https:\/\/nettiseitti.fi\/showroom\/tuotteet\/"},{"@type":"ListItem","position":3,"name":"XORO HRM 8761 CI+ DVB-T2 \/ DVB-C HD-digiboksi"}]},{"@type":"WebSite","@id":"https:\/\/nettiseitti.fi\/showroom\/#website","url":"https:\/\/nettiseitti.fi\/showroom\/","name":"NettiSeitti","description":"","publisher":{"@id":"https:\/\/nettiseitti.fi\/showroom\/#organization"},"potentialAction":[{"@type":"SearchAction","target":{"@type":"EntryPoint","urlTemplate":"https:\/\/nettiseitti.fi\/showroom\/?s={search_term_string}"},"query-input":{"@type":"PropertyValueSpecification","valueRequired":true,"valueName":"search_term_string"}}],"inLanguage":"fi"},{"@type":"Organization","@id":"https:\/\/nettiseitti.fi\/showroom\/#organization","name":"NettiSeitti","url":"https:\/\/nettiseitti.fi\/showroom\/","logo":{"@type":"ImageObject","inLanguage":"fi","@id":"https:\/\/nettiseitti.fi\/showroom\/#\/schema\/logo\/image\/","url":"https:\/\/nettiseitti.fi\/showroom\/wp-content\/uploads\/2024\/03\/nettiseitti_lapinakyva_tausta.png","contentUrl":"https:\/\/nettiseitti.fi\/showroom\/wp-content\/uploads\/2024\/03\/nettiseitti_lapinakyva_tausta.png","width":2176,"height":741,"caption":"NettiSeitti"},"image":{"@id":"https:\/\/nettiseitti.fi\/showroom\/#\/schema\/logo\/image\/"}}]}},"_links":{"self":[{"href":"https:\/\/nettiseitti.fi\/showroom\/wp-json\/wp\/v2\/product\/13731","targetHints":{"allow":["GET"]}}],"collection":[{"href":"https:\/\/nettiseitti.fi\/showroom\/wp-json\/wp\/v2\/product"}],"about":[{"href":"https:\/\/nettiseitti.fi\/showroom\/wp-json\/wp\/v2\/types\/product"}],"wp:featuredmedia":[{"embeddable":true,"href":"https:\/\/nettiseitti.fi\/showroom\/wp-json\/wp\/v2\/media\/13732"}],"wp:attachment":[{"href":"https:\/\/nettiseitti.fi\/showroom\/wp-json\/wp\/v2\/media?parent=13731"}],"wp:term":[{"taxonomy":"product_brand","embeddable":true,"href":"https:\/\/nettiseitti.fi\/showroom\/wp-json\/wp\/v2\/product_brand?post=13731"},{"taxonomy":"product_cat","embeddable":true,"href":"https:\/\/nettiseitti.fi\/showroom\/wp-json\/wp\/v2\/product_cat?post=13731"},{"taxonomy":"product_tag","embeddable":true,"href":"https:\/\/nettiseitti.fi\/showroom\/wp-json\/wp\/v2\/product_tag?post=13731"}],"curies":[{"name":"wp","href":"https:\/\/api.w.org\/{rel}","templated":true}]}}