{"id":13750,"date":"2024-09-13T21:27:59","date_gmt":"2024-09-13T18:27:59","guid":{"rendered":"https:\/\/nettiseitti.fi\/showroom\/?post_type=product&#038;p=13750"},"modified":"2024-10-03T12:13:01","modified_gmt":"2024-10-03T09:13:01","slug":"lenovo-v15-g4-amd-r5-7520u-15-6-fhd-8gb-lpddr5-256gb-m-2-nvme-ssd-amd-radeon-610m-w11-home-yrityskannettava","status":"publish","type":"product","link":"https:\/\/nettiseitti.fi\/showroom\/tuote\/lenovo-v15-g4-amd-r5-7520u-15-6-fhd-8gb-lpddr5-256gb-m-2-nvme-ssd-amd-radeon-610m-w11-home-yrityskannettava\/","title":{"rendered":"LENOVO V15 G4 AMD R5-7520U \/ 15.6&#8243; FHD \/ 8GB LPDDR5 \/ 256GB M.2 NVMe SSD \/ AMD Radeon 610M \/ W11 HOME -kannettava tietokone"},"content":{"rendered":"<p>Toimisto-, koti- kuin ty\u00f6k\u00e4ytt\u00f6\u00f6nkin soveltuva kannettava, ohut muotoilu mahdollistaa mukana kuljettamisen helppouden.<\/p>\n<p>Ominaisuuksia:<\/p>\n<ul>\n<li>256GB M.2 NVMe SSD-levy<\/li>\n<li>AMD Ryzen 5 7520U -neliydinprosessori (2.8GHz\/4.3GHz)<\/li>\n<li>Integroitu AMD Radeon 610M -n\u00e4yt\u00f6nohjain<\/li>\n<li>8GB LPDDR5 -muistia (5500MHz)<\/li>\n<li>Akun kapasiteetti 38Wh<\/li>\n<li>15.6&#8243; Full HD -n\u00e4ytt\u00f6, 1920&#215;1080<\/li>\n<li>Kensington Nano -lukkopaikka<\/li>\n<li>HD720p webbikamera ja Privacy Shutter kamerasuoja<\/li>\n<li>N\u00e4pp\u00e4imist\u00f6ss\u00e4 erillinen numeron\u00e4pp\u00e4imist\u00f6<\/li>\n<li>Stereokaiuttimet 2x 1.5W<\/li>\n<li>Windows 11 Home -k\u00e4ytt\u00f6j\u00e4rjestelm\u00e4<\/li>\n<li>Liit\u00e4nn\u00e4t: ethernet RJ45, USB-C 3.2, 2x USB-A 3.2, HDMI, Audio-yhdistelm\u00e4liitin 3.5 mm, Bluetooth, WiFi<\/li>\n<\/ul>\n<p>Kauttamme my\u00f6s muut kannettavat ja tarvikkeet, ota yhteytt\u00e4 !<\/p>\n<p>Kysy ajantasainen hinnasto ja lis\u00e4tietoja ottamalla meihin yhteytt\u00e4.<br \/>\nMy\u00f6s toimitus mahdollista riippuen tilatuista tuotteista.<\/p>\n<p>Ota yhteytt\u00e4:<br \/>\nPuh. <a href=\"tel:0401523801\">040 1523801<\/a><br \/>\nS\u00e4hk\u00f6posti: myynti [at] nettiseitti.fi<\/p>\n","protected":false},"excerpt":{"rendered":"<p>Ty\u00f6- ja toimistok\u00e4ytt\u00f6\u00f6n soveltuva kannettava Full HD -n\u00e4yt\u00f6ll\u00e4.<\/p>\n","protected":false},"featured_media":13751,"template":"","meta":{"neve_meta_sidebar":"","neve_meta_container":"","neve_meta_enable_content_width":"off","neve_meta_content_width":100,"neve_meta_title_alignment":"","neve_meta_author_avatar":"","neve_post_elements_order":"","neve_meta_disable_header":"","neve_meta_disable_footer":"","neve_meta_disable_title":""},"product_brand":[],"product_cat":[480],"product_tag":[450,451,100,107,459,106,457,327,446,141,448,449,453,447,108,105,455,445,456,98,101,104,454,96,99,97,103,581,102,458,452],"class_list":{"0":"post-13750","1":"product","2":"type-product","3":"status-publish","4":"has-post-thumbnail","6":"product_cat-kannettavat","7":"product_tag-ahtari","8":"product_tag-alavus","9":"product_tag-etela-pohjanmaa","10":"product_tag-etela-suomi","11":"product_tag-hameenlinna","12":"product_tag-huittinen","13":"product_tag-ikaalinen","14":"product_tag-jalasjarvi","15":"product_tag-kankaanpaa","16":"product_tag-kannettava","17":"product_tag-karvia","18":"product_tag-kauhajoki","19":"product_tag-kauhava","20":"product_tag-kihnio","21":"product_tag-lansi-suomi","22":"product_tag-lapua","23":"product_tag-lempaala","24":"product_tag-nokia","25":"product_tag-parkano","26":"product_tag-pirkanmaa","27":"product_tag-pohjanmaa","28":"product_tag-pori","29":"product_tag-rauma","30":"product_tag-sastamala","31":"product_tag-satakunta","32":"product_tag-seinajoki","33":"product_tag-tampere","34":"product_tag-tietokone","35":"product_tag-vaasa","36":"product_tag-virrat","37":"product_tag-ylojarvi","39":"first","40":"instock","41":"shipping-taxable","42":"product-type-simple"},"yoast_head":"<!-- This site is optimized with the Yoast SEO plugin v27.4 - https:\/\/yoast.com\/product\/yoast-seo-wordpress\/ -->\n<title>LENOVO V15 G4 AMD R5-7520U \/ 15.6&quot; FHD \/ 8GB LPDDR5 \/ 256GB M.2 NVMe SSD \/ AMD Radeon 610M \/ W11 HOME -kannettava tietokone - NettiSeitti<\/title>\n<meta name=\"description\" content=\"Ty\u00f6- ja toimistok\u00e4ytt\u00f6\u00f6n soveltuva kannettava Full HD -n\u00e4yt\u00f6ll\u00e4. Pirkanmaa, Satakunta, Etel\u00e4-Pohjanmaa, Pohjanmaa, Sein\u00e4joki, Sastamala, Tampere, Pori.\" \/>\n<meta name=\"robots\" content=\"index, follow, max-snippet:-1, max-image-preview:large, max-video-preview:-1\" \/>\n<link rel=\"canonical\" href=\"https:\/\/nettiseitti.fi\/showroom\/tuote\/lenovo-v15-g4-amd-r5-7520u-15-6-fhd-8gb-lpddr5-256gb-m-2-nvme-ssd-amd-radeon-610m-w11-home-yrityskannettava\/\" \/>\n<meta property=\"og:locale\" content=\"fi_FI\" \/>\n<meta property=\"og:type\" content=\"article\" \/>\n<meta property=\"og:title\" content=\"LENOVO V15 G4 AMD R5-7520U \/ 15.6&quot; FHD \/ 8GB LPDDR5 \/ 256GB M.2 NVMe SSD \/ AMD Radeon 610M \/ W11 HOME -kannettava tietokone - NettiSeitti\" \/>\n<meta property=\"og:description\" content=\"Ty\u00f6- ja toimistok\u00e4ytt\u00f6\u00f6n soveltuva kannettava Full HD -n\u00e4yt\u00f6ll\u00e4. Pirkanmaa, Satakunta, Etel\u00e4-Pohjanmaa, Pohjanmaa, Sein\u00e4joki, Sastamala, Tampere, Pori.\" \/>\n<meta property=\"og:url\" content=\"https:\/\/nettiseitti.fi\/showroom\/tuote\/lenovo-v15-g4-amd-r5-7520u-15-6-fhd-8gb-lpddr5-256gb-m-2-nvme-ssd-amd-radeon-610m-w11-home-yrityskannettava\/\" \/>\n<meta property=\"og:site_name\" content=\"NettiSeitti\" \/>\n<meta property=\"article:modified_time\" content=\"2024-10-03T09:13:01+00:00\" \/>\n<meta property=\"og:image\" content=\"https:\/\/nettiseitti.fi\/showroom\/wp-content\/uploads\/2024\/09\/lenovo_v15_g4.jpg\" \/>\n\t<meta property=\"og:image:width\" content=\"931\" \/>\n\t<meta property=\"og:image:height\" content=\"810\" \/>\n\t<meta property=\"og:image:type\" content=\"image\/jpeg\" \/>\n<meta name=\"twitter:card\" content=\"summary_large_image\" \/>\n<meta name=\"twitter:label1\" content=\"Arvioitu lukuaika\" \/>\n\t<meta name=\"twitter:data1\" content=\"1 minuutti\" \/>\n<script type=\"application\/ld+json\" class=\"yoast-schema-graph\">{\"@context\":\"https:\\\/\\\/schema.org\",\"@graph\":[{\"@type\":\"WebPage\",\"@id\":\"https:\\\/\\\/nettiseitti.fi\\\/showroom\\\/tuote\\\/lenovo-v15-g4-amd-r5-7520u-15-6-fhd-8gb-lpddr5-256gb-m-2-nvme-ssd-amd-radeon-610m-w11-home-yrityskannettava\\\/\",\"url\":\"https:\\\/\\\/nettiseitti.fi\\\/showroom\\\/tuote\\\/lenovo-v15-g4-amd-r5-7520u-15-6-fhd-8gb-lpddr5-256gb-m-2-nvme-ssd-amd-radeon-610m-w11-home-yrityskannettava\\\/\",\"name\":\"LENOVO V15 G4 AMD R5-7520U \\\/ 15.6\\\" FHD \\\/ 8GB LPDDR5 \\\/ 256GB M.2 NVMe SSD \\\/ AMD Radeon 610M \\\/ W11 HOME -kannettava tietokone - NettiSeitti\",\"isPartOf\":{\"@id\":\"https:\\\/\\\/nettiseitti.fi\\\/showroom\\\/#website\"},\"primaryImageOfPage\":{\"@id\":\"https:\\\/\\\/nettiseitti.fi\\\/showroom\\\/tuote\\\/lenovo-v15-g4-amd-r5-7520u-15-6-fhd-8gb-lpddr5-256gb-m-2-nvme-ssd-amd-radeon-610m-w11-home-yrityskannettava\\\/#primaryimage\"},\"image\":{\"@id\":\"https:\\\/\\\/nettiseitti.fi\\\/showroom\\\/tuote\\\/lenovo-v15-g4-amd-r5-7520u-15-6-fhd-8gb-lpddr5-256gb-m-2-nvme-ssd-amd-radeon-610m-w11-home-yrityskannettava\\\/#primaryimage\"},\"thumbnailUrl\":\"https:\\\/\\\/nettiseitti.fi\\\/showroom\\\/wp-content\\\/uploads\\\/2024\\\/09\\\/lenovo_v15_g4.jpg\",\"datePublished\":\"2024-09-13T18:27:59+00:00\",\"dateModified\":\"2024-10-03T09:13:01+00:00\",\"description\":\"Ty\u00f6- ja toimistok\u00e4ytt\u00f6\u00f6n soveltuva kannettava Full HD -n\u00e4yt\u00f6ll\u00e4. Pirkanmaa, Satakunta, Etel\u00e4-Pohjanmaa, Pohjanmaa, Sein\u00e4joki, Sastamala, Tampere, Pori.\",\"breadcrumb\":{\"@id\":\"https:\\\/\\\/nettiseitti.fi\\\/showroom\\\/tuote\\\/lenovo-v15-g4-amd-r5-7520u-15-6-fhd-8gb-lpddr5-256gb-m-2-nvme-ssd-amd-radeon-610m-w11-home-yrityskannettava\\\/#breadcrumb\"},\"inLanguage\":\"fi\",\"potentialAction\":[{\"@type\":\"ReadAction\",\"target\":[\"https:\\\/\\\/nettiseitti.fi\\\/showroom\\\/tuote\\\/lenovo-v15-g4-amd-r5-7520u-15-6-fhd-8gb-lpddr5-256gb-m-2-nvme-ssd-amd-radeon-610m-w11-home-yrityskannettava\\\/\"]}]},{\"@type\":\"ImageObject\",\"inLanguage\":\"fi\",\"@id\":\"https:\\\/\\\/nettiseitti.fi\\\/showroom\\\/tuote\\\/lenovo-v15-g4-amd-r5-7520u-15-6-fhd-8gb-lpddr5-256gb-m-2-nvme-ssd-amd-radeon-610m-w11-home-yrityskannettava\\\/#primaryimage\",\"url\":\"https:\\\/\\\/nettiseitti.fi\\\/showroom\\\/wp-content\\\/uploads\\\/2024\\\/09\\\/lenovo_v15_g4.jpg\",\"contentUrl\":\"https:\\\/\\\/nettiseitti.fi\\\/showroom\\\/wp-content\\\/uploads\\\/2024\\\/09\\\/lenovo_v15_g4.jpg\",\"width\":931,\"height\":810},{\"@type\":\"BreadcrumbList\",\"@id\":\"https:\\\/\\\/nettiseitti.fi\\\/showroom\\\/tuote\\\/lenovo-v15-g4-amd-r5-7520u-15-6-fhd-8gb-lpddr5-256gb-m-2-nvme-ssd-amd-radeon-610m-w11-home-yrityskannettava\\\/#breadcrumb\",\"itemListElement\":[{\"@type\":\"ListItem\",\"position\":1,\"name\":\"Etusivu\",\"item\":\"https:\\\/\\\/nettiseitti.fi\\\/showroom\\\/\"},{\"@type\":\"ListItem\",\"position\":2,\"name\":\"Tuotteet\",\"item\":\"https:\\\/\\\/nettiseitti.fi\\\/showroom\\\/tuotteet\\\/\"},{\"@type\":\"ListItem\",\"position\":3,\"name\":\"LENOVO V15 G4 AMD R5-7520U \\\/ 15.6&#8243; FHD \\\/ 8GB LPDDR5 \\\/ 256GB M.2 NVMe SSD \\\/ AMD Radeon 610M \\\/ W11 HOME -kannettava tietokone\"}]},{\"@type\":\"WebSite\",\"@id\":\"https:\\\/\\\/nettiseitti.fi\\\/showroom\\\/#website\",\"url\":\"https:\\\/\\\/nettiseitti.fi\\\/showroom\\\/\",\"name\":\"NettiSeitti\",\"description\":\"\",\"publisher\":{\"@id\":\"https:\\\/\\\/nettiseitti.fi\\\/showroom\\\/#organization\"},\"potentialAction\":[{\"@type\":\"SearchAction\",\"target\":{\"@type\":\"EntryPoint\",\"urlTemplate\":\"https:\\\/\\\/nettiseitti.fi\\\/showroom\\\/?s={search_term_string}\"},\"query-input\":{\"@type\":\"PropertyValueSpecification\",\"valueRequired\":true,\"valueName\":\"search_term_string\"}}],\"inLanguage\":\"fi\"},{\"@type\":\"Organization\",\"@id\":\"https:\\\/\\\/nettiseitti.fi\\\/showroom\\\/#organization\",\"name\":\"NettiSeitti\",\"url\":\"https:\\\/\\\/nettiseitti.fi\\\/showroom\\\/\",\"logo\":{\"@type\":\"ImageObject\",\"inLanguage\":\"fi\",\"@id\":\"https:\\\/\\\/nettiseitti.fi\\\/showroom\\\/#\\\/schema\\\/logo\\\/image\\\/\",\"url\":\"https:\\\/\\\/nettiseitti.fi\\\/showroom\\\/wp-content\\\/uploads\\\/2024\\\/03\\\/nettiseitti_lapinakyva_tausta.png\",\"contentUrl\":\"https:\\\/\\\/nettiseitti.fi\\\/showroom\\\/wp-content\\\/uploads\\\/2024\\\/03\\\/nettiseitti_lapinakyva_tausta.png\",\"width\":2176,\"height\":741,\"caption\":\"NettiSeitti\"},\"image\":{\"@id\":\"https:\\\/\\\/nettiseitti.fi\\\/showroom\\\/#\\\/schema\\\/logo\\\/image\\\/\"}}]}<\/script>\n<!-- \/ Yoast SEO plugin. -->","yoast_head_json":{"title":"LENOVO V15 G4 AMD R5-7520U \/ 15.6\" FHD \/ 8GB LPDDR5 \/ 256GB M.2 NVMe SSD \/ AMD Radeon 610M \/ W11 HOME -kannettava tietokone - NettiSeitti","description":"Ty\u00f6- ja toimistok\u00e4ytt\u00f6\u00f6n soveltuva kannettava Full HD -n\u00e4yt\u00f6ll\u00e4. Pirkanmaa, Satakunta, Etel\u00e4-Pohjanmaa, Pohjanmaa, Sein\u00e4joki, Sastamala, Tampere, Pori.","robots":{"index":"index","follow":"follow","max-snippet":"max-snippet:-1","max-image-preview":"max-image-preview:large","max-video-preview":"max-video-preview:-1"},"canonical":"https:\/\/nettiseitti.fi\/showroom\/tuote\/lenovo-v15-g4-amd-r5-7520u-15-6-fhd-8gb-lpddr5-256gb-m-2-nvme-ssd-amd-radeon-610m-w11-home-yrityskannettava\/","og_locale":"fi_FI","og_type":"article","og_title":"LENOVO V15 G4 AMD R5-7520U \/ 15.6\" FHD \/ 8GB LPDDR5 \/ 256GB M.2 NVMe SSD \/ AMD Radeon 610M \/ W11 HOME -kannettava tietokone - NettiSeitti","og_description":"Ty\u00f6- ja toimistok\u00e4ytt\u00f6\u00f6n soveltuva kannettava Full HD -n\u00e4yt\u00f6ll\u00e4. Pirkanmaa, Satakunta, Etel\u00e4-Pohjanmaa, Pohjanmaa, Sein\u00e4joki, Sastamala, Tampere, Pori.","og_url":"https:\/\/nettiseitti.fi\/showroom\/tuote\/lenovo-v15-g4-amd-r5-7520u-15-6-fhd-8gb-lpddr5-256gb-m-2-nvme-ssd-amd-radeon-610m-w11-home-yrityskannettava\/","og_site_name":"NettiSeitti","article_modified_time":"2024-10-03T09:13:01+00:00","og_image":[{"width":931,"height":810,"url":"https:\/\/nettiseitti.fi\/showroom\/wp-content\/uploads\/2024\/09\/lenovo_v15_g4.jpg","type":"image\/jpeg"}],"twitter_card":"summary_large_image","twitter_misc":{"Arvioitu lukuaika":"1 minuutti"},"schema":{"@context":"https:\/\/schema.org","@graph":[{"@type":"WebPage","@id":"https:\/\/nettiseitti.fi\/showroom\/tuote\/lenovo-v15-g4-amd-r5-7520u-15-6-fhd-8gb-lpddr5-256gb-m-2-nvme-ssd-amd-radeon-610m-w11-home-yrityskannettava\/","url":"https:\/\/nettiseitti.fi\/showroom\/tuote\/lenovo-v15-g4-amd-r5-7520u-15-6-fhd-8gb-lpddr5-256gb-m-2-nvme-ssd-amd-radeon-610m-w11-home-yrityskannettava\/","name":"LENOVO V15 G4 AMD R5-7520U \/ 15.6\" FHD \/ 8GB LPDDR5 \/ 256GB M.2 NVMe SSD \/ AMD Radeon 610M \/ W11 HOME -kannettava tietokone - NettiSeitti","isPartOf":{"@id":"https:\/\/nettiseitti.fi\/showroom\/#website"},"primaryImageOfPage":{"@id":"https:\/\/nettiseitti.fi\/showroom\/tuote\/lenovo-v15-g4-amd-r5-7520u-15-6-fhd-8gb-lpddr5-256gb-m-2-nvme-ssd-amd-radeon-610m-w11-home-yrityskannettava\/#primaryimage"},"image":{"@id":"https:\/\/nettiseitti.fi\/showroom\/tuote\/lenovo-v15-g4-amd-r5-7520u-15-6-fhd-8gb-lpddr5-256gb-m-2-nvme-ssd-amd-radeon-610m-w11-home-yrityskannettava\/#primaryimage"},"thumbnailUrl":"https:\/\/nettiseitti.fi\/showroom\/wp-content\/uploads\/2024\/09\/lenovo_v15_g4.jpg","datePublished":"2024-09-13T18:27:59+00:00","dateModified":"2024-10-03T09:13:01+00:00","description":"Ty\u00f6- ja toimistok\u00e4ytt\u00f6\u00f6n soveltuva kannettava Full HD -n\u00e4yt\u00f6ll\u00e4. Pirkanmaa, Satakunta, Etel\u00e4-Pohjanmaa, Pohjanmaa, Sein\u00e4joki, Sastamala, Tampere, Pori.","breadcrumb":{"@id":"https:\/\/nettiseitti.fi\/showroom\/tuote\/lenovo-v15-g4-amd-r5-7520u-15-6-fhd-8gb-lpddr5-256gb-m-2-nvme-ssd-amd-radeon-610m-w11-home-yrityskannettava\/#breadcrumb"},"inLanguage":"fi","potentialAction":[{"@type":"ReadAction","target":["https:\/\/nettiseitti.fi\/showroom\/tuote\/lenovo-v15-g4-amd-r5-7520u-15-6-fhd-8gb-lpddr5-256gb-m-2-nvme-ssd-amd-radeon-610m-w11-home-yrityskannettava\/"]}]},{"@type":"ImageObject","inLanguage":"fi","@id":"https:\/\/nettiseitti.fi\/showroom\/tuote\/lenovo-v15-g4-amd-r5-7520u-15-6-fhd-8gb-lpddr5-256gb-m-2-nvme-ssd-amd-radeon-610m-w11-home-yrityskannettava\/#primaryimage","url":"https:\/\/nettiseitti.fi\/showroom\/wp-content\/uploads\/2024\/09\/lenovo_v15_g4.jpg","contentUrl":"https:\/\/nettiseitti.fi\/showroom\/wp-content\/uploads\/2024\/09\/lenovo_v15_g4.jpg","width":931,"height":810},{"@type":"BreadcrumbList","@id":"https:\/\/nettiseitti.fi\/showroom\/tuote\/lenovo-v15-g4-amd-r5-7520u-15-6-fhd-8gb-lpddr5-256gb-m-2-nvme-ssd-amd-radeon-610m-w11-home-yrityskannettava\/#breadcrumb","itemListElement":[{"@type":"ListItem","position":1,"name":"Etusivu","item":"https:\/\/nettiseitti.fi\/showroom\/"},{"@type":"ListItem","position":2,"name":"Tuotteet","item":"https:\/\/nettiseitti.fi\/showroom\/tuotteet\/"},{"@type":"ListItem","position":3,"name":"LENOVO V15 G4 AMD R5-7520U \/ 15.6&#8243; FHD \/ 8GB LPDDR5 \/ 256GB M.2 NVMe SSD \/ AMD Radeon 610M \/ W11 HOME -kannettava tietokone"}]},{"@type":"WebSite","@id":"https:\/\/nettiseitti.fi\/showroom\/#website","url":"https:\/\/nettiseitti.fi\/showroom\/","name":"NettiSeitti","description":"","publisher":{"@id":"https:\/\/nettiseitti.fi\/showroom\/#organization"},"potentialAction":[{"@type":"SearchAction","target":{"@type":"EntryPoint","urlTemplate":"https:\/\/nettiseitti.fi\/showroom\/?s={search_term_string}"},"query-input":{"@type":"PropertyValueSpecification","valueRequired":true,"valueName":"search_term_string"}}],"inLanguage":"fi"},{"@type":"Organization","@id":"https:\/\/nettiseitti.fi\/showroom\/#organization","name":"NettiSeitti","url":"https:\/\/nettiseitti.fi\/showroom\/","logo":{"@type":"ImageObject","inLanguage":"fi","@id":"https:\/\/nettiseitti.fi\/showroom\/#\/schema\/logo\/image\/","url":"https:\/\/nettiseitti.fi\/showroom\/wp-content\/uploads\/2024\/03\/nettiseitti_lapinakyva_tausta.png","contentUrl":"https:\/\/nettiseitti.fi\/showroom\/wp-content\/uploads\/2024\/03\/nettiseitti_lapinakyva_tausta.png","width":2176,"height":741,"caption":"NettiSeitti"},"image":{"@id":"https:\/\/nettiseitti.fi\/showroom\/#\/schema\/logo\/image\/"}}]}},"_links":{"self":[{"href":"https:\/\/nettiseitti.fi\/showroom\/wp-json\/wp\/v2\/product\/13750","targetHints":{"allow":["GET"]}}],"collection":[{"href":"https:\/\/nettiseitti.fi\/showroom\/wp-json\/wp\/v2\/product"}],"about":[{"href":"https:\/\/nettiseitti.fi\/showroom\/wp-json\/wp\/v2\/types\/product"}],"wp:featuredmedia":[{"embeddable":true,"href":"https:\/\/nettiseitti.fi\/showroom\/wp-json\/wp\/v2\/media\/13751"}],"wp:attachment":[{"href":"https:\/\/nettiseitti.fi\/showroom\/wp-json\/wp\/v2\/media?parent=13750"}],"wp:term":[{"taxonomy":"product_brand","embeddable":true,"href":"https:\/\/nettiseitti.fi\/showroom\/wp-json\/wp\/v2\/product_brand?post=13750"},{"taxonomy":"product_cat","embeddable":true,"href":"https:\/\/nettiseitti.fi\/showroom\/wp-json\/wp\/v2\/product_cat?post=13750"},{"taxonomy":"product_tag","embeddable":true,"href":"https:\/\/nettiseitti.fi\/showroom\/wp-json\/wp\/v2\/product_tag?post=13750"}],"curies":[{"name":"wp","href":"https:\/\/api.w.org\/{rel}","templated":true}]}}