{"id":14096,"date":"2024-12-30T21:02:28","date_gmt":"2024-12-30T19:02:28","guid":{"rendered":"https:\/\/nettiseitti.fi\/showroom\/?post_type=product&#038;p=14096"},"modified":"2024-12-30T21:02:29","modified_gmt":"2024-12-30T19:02:29","slug":"lenovo-loq-tower-gen-9-17irr9-intel-core-i5-14400f-16gb-ddr5-512gb-m-2-nvme-ssd-rtx4060-windows-11-home-pelitietokone","status":"publish","type":"product","link":"https:\/\/nettiseitti.fi\/showroom\/tuote\/lenovo-loq-tower-gen-9-17irr9-intel-core-i5-14400f-16gb-ddr5-512gb-m-2-nvme-ssd-rtx4060-windows-11-home-pelitietokone\/","title":{"rendered":"Lenovo LOQ Tower Gen 9 17IRR9 Intel Core I5-14400F \/ 16GB DDR5 \/ 512GB M.2 NVMe SSD \/ RTX4060 \/ Windows 11 Home -pelitietokone"},"content":{"rendered":"<p>Tehokas ja suorituskykyinen p\u00f6yt\u00e4tietokone vaativiinkin tilanteisiin.<br \/>\nSuorituskyvyn varmistavat mm. i5-14400F -prosessori, 512GB M.2 NVMe SSD-levy ja Nvidia GeForce RTX 4060 -n\u00e4yt\u00f6nohjain.<\/p>\n<p>Ominaisuuksia:<\/p>\n<ul>\n<li>Iso 512GB M.2 NVMe SSD-levy<\/li>\n<li>Piirisarja: Intel B760<\/li>\n<li>Intel Core i5-14400F 10-ydinprosessori (max 4.7GHz, v\u00e4limuisti 20MB)<\/li>\n<li>16GB DDR5 4800 Mhz (1x 16GB) -muistia, yksi vapaa muistipaikka, max 32GB<\/li>\n<li>NVIDIA GeForce RTX 4060 8GB GDDR6 -n\u00e4yt\u00f6nohjain<\/li>\n<li>Virtal\u00e4hde: 310W<\/li>\n<li>Integroitu \u00e4\u00e4nikortti: Realtek ALC623-CG<\/li>\n<li>Windows 11 Home -k\u00e4ytt\u00f6j\u00e4rjestelm\u00e4<\/li>\n<li>Bluetooth, WLAN ja PCIe x1 -liit\u00e4nt\u00e4<\/li>\n<li>Liit\u00e4nn\u00e4t etupaneelissa: USB-C 3.2 Gen 1, kuulokeliit\u00e4nt\u00e4, 2x USB-A 3.2 Gen 1<\/li>\n<li>Liit\u00e4nn\u00e4t takapaneelissa: Ethernet RJ45, kuulokeliit\u00e4nt\u00e4 3.5mm, 4x USB-A 2.0<\/li>\n<li>N\u00e4yt\u00f6nohjaimen liit\u00e4nn\u00e4t: 1x HDMI 2.1a, 3x DisplayPort 1.4a<\/li>\n<\/ul>\n<p>Kauttamme my\u00f6s muut p\u00f6yt\u00e4koneet ja tarvikkeet, ota yhteytt\u00e4 !<\/p>\n<p>Kysy ajantasainen hinnasto ja lis\u00e4tietoja ottamalla meihin yhteytt\u00e4.<br \/>\nMy\u00f6s toimitus mahdollista riippuen tilatuista tuotteista.<\/p>\n<p>Ota yhteytt\u00e4:<br \/>\nPuh. <a href=\"tel:0401523801\">040 1523801<\/a><br \/>\nS\u00e4hk\u00f6posti: myynti [at] nettiseitti.fi<\/p>\n","protected":false},"excerpt":{"rendered":"<p>Pelitietokone suorituskykyisill\u00e4 14. sukupolven i5-suorittimella ja Nvidia Geforce RTX 4060 -n\u00e4yt\u00f6nohjaimella.<\/p>\n","protected":false},"featured_media":14097,"template":"","meta":{"neve_meta_sidebar":"","neve_meta_container":"","neve_meta_enable_content_width":"off","neve_meta_content_width":100,"neve_meta_title_alignment":"","neve_meta_author_avatar":"","neve_post_elements_order":"","neve_meta_disable_header":"","neve_meta_disable_footer":"","neve_meta_disable_title":""},"product_brand":[],"product_cat":[562],"product_tag":[450,451,100,107,459,106,457,327,446,448,449,453,447,108,105,455,138,445,456,98,101,104,454,96,99,97,103,581,102,458,452],"class_list":{"0":"post-14096","1":"product","2":"type-product","3":"status-publish","4":"has-post-thumbnail","6":"product_cat-poytatietokoneet","7":"product_tag-ahtari","8":"product_tag-alavus","9":"product_tag-etela-pohjanmaa","10":"product_tag-etela-suomi","11":"product_tag-hameenlinna","12":"product_tag-huittinen","13":"product_tag-ikaalinen","14":"product_tag-jalasjarvi","15":"product_tag-kankaanpaa","16":"product_tag-karvia","17":"product_tag-kauhajoki","18":"product_tag-kauhava","19":"product_tag-kihnio","20":"product_tag-lansi-suomi","21":"product_tag-lapua","22":"product_tag-lempaala","23":"product_tag-naytonohjain","24":"product_tag-nokia","25":"product_tag-parkano","26":"product_tag-pirkanmaa","27":"product_tag-pohjanmaa","28":"product_tag-pori","29":"product_tag-rauma","30":"product_tag-sastamala","31":"product_tag-satakunta","32":"product_tag-seinajoki","33":"product_tag-tampere","34":"product_tag-tietokone","35":"product_tag-vaasa","36":"product_tag-virrat","37":"product_tag-ylojarvi","39":"first","40":"instock","41":"shipping-taxable","42":"product-type-simple"},"yoast_head":"<!-- This site is optimized with the Yoast SEO plugin v27.4 - https:\/\/yoast.com\/product\/yoast-seo-wordpress\/ -->\n<title>Lenovo LOQ Tower Gen 9 17IRR9 Intel Core I5-14400F \/ 16GB DDR5 \/ 512GB M.2 NVMe SSD \/ RTX4060 \/ Windows 11 Home -pelitietokone - NettiSeitti<\/title>\n<meta name=\"description\" content=\"Pelitietokone suorituskykyisill\u00e4 14. sukupolven i5-suorittimella ja Nvidia Geforce RTX 4060 -n\u00e4yt\u00f6nohjaimella. Pirkanmaa, Satakunta, Pohjanmaa, Sein\u00e4joki.\" \/>\n<meta name=\"robots\" content=\"index, follow, max-snippet:-1, max-image-preview:large, max-video-preview:-1\" \/>\n<link rel=\"canonical\" href=\"https:\/\/nettiseitti.fi\/showroom\/tuote\/lenovo-loq-tower-gen-9-17irr9-intel-core-i5-14400f-16gb-ddr5-512gb-m-2-nvme-ssd-rtx4060-windows-11-home-pelitietokone\/\" \/>\n<meta property=\"og:locale\" content=\"fi_FI\" \/>\n<meta property=\"og:type\" content=\"article\" \/>\n<meta property=\"og:title\" content=\"Lenovo LOQ Tower Gen 9 17IRR9 Intel Core I5-14400F \/ 16GB DDR5 \/ 512GB M.2 NVMe SSD \/ RTX4060 \/ Windows 11 Home -pelitietokone - NettiSeitti\" \/>\n<meta property=\"og:description\" content=\"Pelitietokone suorituskykyisill\u00e4 14. sukupolven i5-suorittimella ja Nvidia Geforce RTX 4060 -n\u00e4yt\u00f6nohjaimella. Pirkanmaa, Satakunta, Pohjanmaa, Sein\u00e4joki.\" \/>\n<meta property=\"og:url\" content=\"https:\/\/nettiseitti.fi\/showroom\/tuote\/lenovo-loq-tower-gen-9-17irr9-intel-core-i5-14400f-16gb-ddr5-512gb-m-2-nvme-ssd-rtx4060-windows-11-home-pelitietokone\/\" \/>\n<meta property=\"og:site_name\" content=\"NettiSeitti\" \/>\n<meta property=\"article:modified_time\" content=\"2024-12-30T19:02:29+00:00\" \/>\n<meta property=\"og:image\" content=\"https:\/\/nettiseitti.fi\/showroom\/wp-content\/uploads\/2024\/12\/lenovo_17irr9.jpg\" \/>\n\t<meta property=\"og:image:width\" content=\"717\" \/>\n\t<meta property=\"og:image:height\" content=\"722\" \/>\n\t<meta property=\"og:image:type\" content=\"image\/jpeg\" \/>\n<meta name=\"twitter:card\" content=\"summary_large_image\" \/>\n<meta name=\"twitter:label1\" content=\"Arvioitu lukuaika\" \/>\n\t<meta name=\"twitter:data1\" content=\"2 minuuttia\" \/>\n<script type=\"application\/ld+json\" class=\"yoast-schema-graph\">{\"@context\":\"https:\\\/\\\/schema.org\",\"@graph\":[{\"@type\":\"WebPage\",\"@id\":\"https:\\\/\\\/nettiseitti.fi\\\/showroom\\\/tuote\\\/lenovo-loq-tower-gen-9-17irr9-intel-core-i5-14400f-16gb-ddr5-512gb-m-2-nvme-ssd-rtx4060-windows-11-home-pelitietokone\\\/\",\"url\":\"https:\\\/\\\/nettiseitti.fi\\\/showroom\\\/tuote\\\/lenovo-loq-tower-gen-9-17irr9-intel-core-i5-14400f-16gb-ddr5-512gb-m-2-nvme-ssd-rtx4060-windows-11-home-pelitietokone\\\/\",\"name\":\"Lenovo LOQ Tower Gen 9 17IRR9 Intel Core I5-14400F \\\/ 16GB DDR5 \\\/ 512GB M.2 NVMe SSD \\\/ RTX4060 \\\/ Windows 11 Home -pelitietokone - NettiSeitti\",\"isPartOf\":{\"@id\":\"https:\\\/\\\/nettiseitti.fi\\\/showroom\\\/#website\"},\"primaryImageOfPage\":{\"@id\":\"https:\\\/\\\/nettiseitti.fi\\\/showroom\\\/tuote\\\/lenovo-loq-tower-gen-9-17irr9-intel-core-i5-14400f-16gb-ddr5-512gb-m-2-nvme-ssd-rtx4060-windows-11-home-pelitietokone\\\/#primaryimage\"},\"image\":{\"@id\":\"https:\\\/\\\/nettiseitti.fi\\\/showroom\\\/tuote\\\/lenovo-loq-tower-gen-9-17irr9-intel-core-i5-14400f-16gb-ddr5-512gb-m-2-nvme-ssd-rtx4060-windows-11-home-pelitietokone\\\/#primaryimage\"},\"thumbnailUrl\":\"https:\\\/\\\/nettiseitti.fi\\\/showroom\\\/wp-content\\\/uploads\\\/2024\\\/12\\\/lenovo_17irr9.jpg\",\"datePublished\":\"2024-12-30T19:02:28+00:00\",\"dateModified\":\"2024-12-30T19:02:29+00:00\",\"description\":\"Pelitietokone suorituskykyisill\u00e4 14. sukupolven i5-suorittimella ja Nvidia Geforce RTX 4060 -n\u00e4yt\u00f6nohjaimella. Pirkanmaa, Satakunta, Pohjanmaa, Sein\u00e4joki.\",\"breadcrumb\":{\"@id\":\"https:\\\/\\\/nettiseitti.fi\\\/showroom\\\/tuote\\\/lenovo-loq-tower-gen-9-17irr9-intel-core-i5-14400f-16gb-ddr5-512gb-m-2-nvme-ssd-rtx4060-windows-11-home-pelitietokone\\\/#breadcrumb\"},\"inLanguage\":\"fi\",\"potentialAction\":[{\"@type\":\"ReadAction\",\"target\":[\"https:\\\/\\\/nettiseitti.fi\\\/showroom\\\/tuote\\\/lenovo-loq-tower-gen-9-17irr9-intel-core-i5-14400f-16gb-ddr5-512gb-m-2-nvme-ssd-rtx4060-windows-11-home-pelitietokone\\\/\"]}]},{\"@type\":\"ImageObject\",\"inLanguage\":\"fi\",\"@id\":\"https:\\\/\\\/nettiseitti.fi\\\/showroom\\\/tuote\\\/lenovo-loq-tower-gen-9-17irr9-intel-core-i5-14400f-16gb-ddr5-512gb-m-2-nvme-ssd-rtx4060-windows-11-home-pelitietokone\\\/#primaryimage\",\"url\":\"https:\\\/\\\/nettiseitti.fi\\\/showroom\\\/wp-content\\\/uploads\\\/2024\\\/12\\\/lenovo_17irr9.jpg\",\"contentUrl\":\"https:\\\/\\\/nettiseitti.fi\\\/showroom\\\/wp-content\\\/uploads\\\/2024\\\/12\\\/lenovo_17irr9.jpg\",\"width\":717,\"height\":722},{\"@type\":\"BreadcrumbList\",\"@id\":\"https:\\\/\\\/nettiseitti.fi\\\/showroom\\\/tuote\\\/lenovo-loq-tower-gen-9-17irr9-intel-core-i5-14400f-16gb-ddr5-512gb-m-2-nvme-ssd-rtx4060-windows-11-home-pelitietokone\\\/#breadcrumb\",\"itemListElement\":[{\"@type\":\"ListItem\",\"position\":1,\"name\":\"Etusivu\",\"item\":\"https:\\\/\\\/nettiseitti.fi\\\/showroom\\\/\"},{\"@type\":\"ListItem\",\"position\":2,\"name\":\"Tuotteet\",\"item\":\"https:\\\/\\\/nettiseitti.fi\\\/showroom\\\/tuotteet\\\/\"},{\"@type\":\"ListItem\",\"position\":3,\"name\":\"Lenovo LOQ Tower Gen 9 17IRR9 Intel Core I5-14400F \\\/ 16GB DDR5 \\\/ 512GB M.2 NVMe SSD \\\/ RTX4060 \\\/ Windows 11 Home -pelitietokone\"}]},{\"@type\":\"WebSite\",\"@id\":\"https:\\\/\\\/nettiseitti.fi\\\/showroom\\\/#website\",\"url\":\"https:\\\/\\\/nettiseitti.fi\\\/showroom\\\/\",\"name\":\"NettiSeitti\",\"description\":\"\",\"publisher\":{\"@id\":\"https:\\\/\\\/nettiseitti.fi\\\/showroom\\\/#organization\"},\"potentialAction\":[{\"@type\":\"SearchAction\",\"target\":{\"@type\":\"EntryPoint\",\"urlTemplate\":\"https:\\\/\\\/nettiseitti.fi\\\/showroom\\\/?s={search_term_string}\"},\"query-input\":{\"@type\":\"PropertyValueSpecification\",\"valueRequired\":true,\"valueName\":\"search_term_string\"}}],\"inLanguage\":\"fi\"},{\"@type\":\"Organization\",\"@id\":\"https:\\\/\\\/nettiseitti.fi\\\/showroom\\\/#organization\",\"name\":\"NettiSeitti\",\"url\":\"https:\\\/\\\/nettiseitti.fi\\\/showroom\\\/\",\"logo\":{\"@type\":\"ImageObject\",\"inLanguage\":\"fi\",\"@id\":\"https:\\\/\\\/nettiseitti.fi\\\/showroom\\\/#\\\/schema\\\/logo\\\/image\\\/\",\"url\":\"https:\\\/\\\/nettiseitti.fi\\\/showroom\\\/wp-content\\\/uploads\\\/2024\\\/03\\\/nettiseitti_lapinakyva_tausta.png\",\"contentUrl\":\"https:\\\/\\\/nettiseitti.fi\\\/showroom\\\/wp-content\\\/uploads\\\/2024\\\/03\\\/nettiseitti_lapinakyva_tausta.png\",\"width\":2176,\"height\":741,\"caption\":\"NettiSeitti\"},\"image\":{\"@id\":\"https:\\\/\\\/nettiseitti.fi\\\/showroom\\\/#\\\/schema\\\/logo\\\/image\\\/\"}}]}<\/script>\n<!-- \/ Yoast SEO plugin. -->","yoast_head_json":{"title":"Lenovo LOQ Tower Gen 9 17IRR9 Intel Core I5-14400F \/ 16GB DDR5 \/ 512GB M.2 NVMe SSD \/ RTX4060 \/ Windows 11 Home -pelitietokone - NettiSeitti","description":"Pelitietokone suorituskykyisill\u00e4 14. sukupolven i5-suorittimella ja Nvidia Geforce RTX 4060 -n\u00e4yt\u00f6nohjaimella. Pirkanmaa, Satakunta, Pohjanmaa, Sein\u00e4joki.","robots":{"index":"index","follow":"follow","max-snippet":"max-snippet:-1","max-image-preview":"max-image-preview:large","max-video-preview":"max-video-preview:-1"},"canonical":"https:\/\/nettiseitti.fi\/showroom\/tuote\/lenovo-loq-tower-gen-9-17irr9-intel-core-i5-14400f-16gb-ddr5-512gb-m-2-nvme-ssd-rtx4060-windows-11-home-pelitietokone\/","og_locale":"fi_FI","og_type":"article","og_title":"Lenovo LOQ Tower Gen 9 17IRR9 Intel Core I5-14400F \/ 16GB DDR5 \/ 512GB M.2 NVMe SSD \/ RTX4060 \/ Windows 11 Home -pelitietokone - NettiSeitti","og_description":"Pelitietokone suorituskykyisill\u00e4 14. sukupolven i5-suorittimella ja Nvidia Geforce RTX 4060 -n\u00e4yt\u00f6nohjaimella. Pirkanmaa, Satakunta, Pohjanmaa, Sein\u00e4joki.","og_url":"https:\/\/nettiseitti.fi\/showroom\/tuote\/lenovo-loq-tower-gen-9-17irr9-intel-core-i5-14400f-16gb-ddr5-512gb-m-2-nvme-ssd-rtx4060-windows-11-home-pelitietokone\/","og_site_name":"NettiSeitti","article_modified_time":"2024-12-30T19:02:29+00:00","og_image":[{"width":717,"height":722,"url":"https:\/\/nettiseitti.fi\/showroom\/wp-content\/uploads\/2024\/12\/lenovo_17irr9.jpg","type":"image\/jpeg"}],"twitter_card":"summary_large_image","twitter_misc":{"Arvioitu lukuaika":"2 minuuttia"},"schema":{"@context":"https:\/\/schema.org","@graph":[{"@type":"WebPage","@id":"https:\/\/nettiseitti.fi\/showroom\/tuote\/lenovo-loq-tower-gen-9-17irr9-intel-core-i5-14400f-16gb-ddr5-512gb-m-2-nvme-ssd-rtx4060-windows-11-home-pelitietokone\/","url":"https:\/\/nettiseitti.fi\/showroom\/tuote\/lenovo-loq-tower-gen-9-17irr9-intel-core-i5-14400f-16gb-ddr5-512gb-m-2-nvme-ssd-rtx4060-windows-11-home-pelitietokone\/","name":"Lenovo LOQ Tower Gen 9 17IRR9 Intel Core I5-14400F \/ 16GB DDR5 \/ 512GB M.2 NVMe SSD \/ RTX4060 \/ Windows 11 Home -pelitietokone - NettiSeitti","isPartOf":{"@id":"https:\/\/nettiseitti.fi\/showroom\/#website"},"primaryImageOfPage":{"@id":"https:\/\/nettiseitti.fi\/showroom\/tuote\/lenovo-loq-tower-gen-9-17irr9-intel-core-i5-14400f-16gb-ddr5-512gb-m-2-nvme-ssd-rtx4060-windows-11-home-pelitietokone\/#primaryimage"},"image":{"@id":"https:\/\/nettiseitti.fi\/showroom\/tuote\/lenovo-loq-tower-gen-9-17irr9-intel-core-i5-14400f-16gb-ddr5-512gb-m-2-nvme-ssd-rtx4060-windows-11-home-pelitietokone\/#primaryimage"},"thumbnailUrl":"https:\/\/nettiseitti.fi\/showroom\/wp-content\/uploads\/2024\/12\/lenovo_17irr9.jpg","datePublished":"2024-12-30T19:02:28+00:00","dateModified":"2024-12-30T19:02:29+00:00","description":"Pelitietokone suorituskykyisill\u00e4 14. sukupolven i5-suorittimella ja Nvidia Geforce RTX 4060 -n\u00e4yt\u00f6nohjaimella. Pirkanmaa, Satakunta, Pohjanmaa, Sein\u00e4joki.","breadcrumb":{"@id":"https:\/\/nettiseitti.fi\/showroom\/tuote\/lenovo-loq-tower-gen-9-17irr9-intel-core-i5-14400f-16gb-ddr5-512gb-m-2-nvme-ssd-rtx4060-windows-11-home-pelitietokone\/#breadcrumb"},"inLanguage":"fi","potentialAction":[{"@type":"ReadAction","target":["https:\/\/nettiseitti.fi\/showroom\/tuote\/lenovo-loq-tower-gen-9-17irr9-intel-core-i5-14400f-16gb-ddr5-512gb-m-2-nvme-ssd-rtx4060-windows-11-home-pelitietokone\/"]}]},{"@type":"ImageObject","inLanguage":"fi","@id":"https:\/\/nettiseitti.fi\/showroom\/tuote\/lenovo-loq-tower-gen-9-17irr9-intel-core-i5-14400f-16gb-ddr5-512gb-m-2-nvme-ssd-rtx4060-windows-11-home-pelitietokone\/#primaryimage","url":"https:\/\/nettiseitti.fi\/showroom\/wp-content\/uploads\/2024\/12\/lenovo_17irr9.jpg","contentUrl":"https:\/\/nettiseitti.fi\/showroom\/wp-content\/uploads\/2024\/12\/lenovo_17irr9.jpg","width":717,"height":722},{"@type":"BreadcrumbList","@id":"https:\/\/nettiseitti.fi\/showroom\/tuote\/lenovo-loq-tower-gen-9-17irr9-intel-core-i5-14400f-16gb-ddr5-512gb-m-2-nvme-ssd-rtx4060-windows-11-home-pelitietokone\/#breadcrumb","itemListElement":[{"@type":"ListItem","position":1,"name":"Etusivu","item":"https:\/\/nettiseitti.fi\/showroom\/"},{"@type":"ListItem","position":2,"name":"Tuotteet","item":"https:\/\/nettiseitti.fi\/showroom\/tuotteet\/"},{"@type":"ListItem","position":3,"name":"Lenovo LOQ Tower Gen 9 17IRR9 Intel Core I5-14400F \/ 16GB DDR5 \/ 512GB M.2 NVMe SSD \/ RTX4060 \/ Windows 11 Home -pelitietokone"}]},{"@type":"WebSite","@id":"https:\/\/nettiseitti.fi\/showroom\/#website","url":"https:\/\/nettiseitti.fi\/showroom\/","name":"NettiSeitti","description":"","publisher":{"@id":"https:\/\/nettiseitti.fi\/showroom\/#organization"},"potentialAction":[{"@type":"SearchAction","target":{"@type":"EntryPoint","urlTemplate":"https:\/\/nettiseitti.fi\/showroom\/?s={search_term_string}"},"query-input":{"@type":"PropertyValueSpecification","valueRequired":true,"valueName":"search_term_string"}}],"inLanguage":"fi"},{"@type":"Organization","@id":"https:\/\/nettiseitti.fi\/showroom\/#organization","name":"NettiSeitti","url":"https:\/\/nettiseitti.fi\/showroom\/","logo":{"@type":"ImageObject","inLanguage":"fi","@id":"https:\/\/nettiseitti.fi\/showroom\/#\/schema\/logo\/image\/","url":"https:\/\/nettiseitti.fi\/showroom\/wp-content\/uploads\/2024\/03\/nettiseitti_lapinakyva_tausta.png","contentUrl":"https:\/\/nettiseitti.fi\/showroom\/wp-content\/uploads\/2024\/03\/nettiseitti_lapinakyva_tausta.png","width":2176,"height":741,"caption":"NettiSeitti"},"image":{"@id":"https:\/\/nettiseitti.fi\/showroom\/#\/schema\/logo\/image\/"}}]}},"_links":{"self":[{"href":"https:\/\/nettiseitti.fi\/showroom\/wp-json\/wp\/v2\/product\/14096","targetHints":{"allow":["GET"]}}],"collection":[{"href":"https:\/\/nettiseitti.fi\/showroom\/wp-json\/wp\/v2\/product"}],"about":[{"href":"https:\/\/nettiseitti.fi\/showroom\/wp-json\/wp\/v2\/types\/product"}],"wp:featuredmedia":[{"embeddable":true,"href":"https:\/\/nettiseitti.fi\/showroom\/wp-json\/wp\/v2\/media\/14097"}],"wp:attachment":[{"href":"https:\/\/nettiseitti.fi\/showroom\/wp-json\/wp\/v2\/media?parent=14096"}],"wp:term":[{"taxonomy":"product_brand","embeddable":true,"href":"https:\/\/nettiseitti.fi\/showroom\/wp-json\/wp\/v2\/product_brand?post=14096"},{"taxonomy":"product_cat","embeddable":true,"href":"https:\/\/nettiseitti.fi\/showroom\/wp-json\/wp\/v2\/product_cat?post=14096"},{"taxonomy":"product_tag","embeddable":true,"href":"https:\/\/nettiseitti.fi\/showroom\/wp-json\/wp\/v2\/product_tag?post=14096"}],"curies":[{"name":"wp","href":"https:\/\/api.w.org\/{rel}","templated":true}]}}