{"id":14098,"date":"2024-12-31T15:00:56","date_gmt":"2024-12-31T13:00:56","guid":{"rendered":"https:\/\/nettiseitti.fi\/showroom\/?post_type=product&#038;p=14098"},"modified":"2024-12-31T15:01:59","modified_gmt":"2024-12-31T13:01:59","slug":"thomson-65qg5c14-qled-4k-uhd-65-google-tv","status":"publish","type":"product","link":"https:\/\/nettiseitti.fi\/showroom\/tuote\/thomson-65qg5c14-qled-4k-uhd-65-google-tv\/","title":{"rendered":"Thomson 65QG5C14 QLED 4K UHD 65&#8243; GOOGLE TV"},"content":{"rendered":"<p>Kattavilla ominaisuuksilla varustettu Google TV laajalla sovellusvalikoimalla ja muun muassa sis\u00e4\u00e4nrakennetulla Chromecast-tuella.<\/p>\n<p>Ominaisuuksia:<\/p>\n<ul>\n<li>Ruudunkoko: 65&#8243;, 4K-resoluutio (3840 x 2160), 60Hz QLED-paneeli, Direct LED -taustavalot<\/li>\n<li>Saatavissa mm. Yle Areena, Ruutu, MTV Katsomo, Youtube, Netflix, Spotify -sovellukset<\/li>\n<li>HDR10 ja Dolby Vision -kuvaparannus sek\u00e4 Dolby Atmos -\u00e4\u00e4nenparannus<\/li>\n<li>Tuplaydinprosessori<\/li>\n<li>K\u00e4\u00e4ntyv\u00e4 keskijalusta<\/li>\n<li>Taustavalaistu kaukos\u00e4\u00e4din<\/li>\n<li>VESA 200x200mm<\/li>\n<li>Antenni- (DVB-T2 HD), kaapeli- (DVB-C) ja satelliittivirittimet (DVB-S2)<\/li>\n<li>Liit\u00e4nn\u00e4t: 3x HDMI 2.1, 1x HDMI 2.1 eARC, 2x USB 2.0, 1x USB 3.0, WiFi, Bluetooth, Ethernet RJ45, AV IN, optinen \u00e4\u00e4nil\u00e4ht\u00f6, kuulokel\u00e4ht\u00f6, antenniliit\u00e4nn\u00e4t, Chromecast mobiililaitteen peilaamiseen, CI+ -kortinlukijapaikka<\/li>\n<li>2x 12 W:n kaiutinta<\/li>\n<\/ul>\n<p>Kauttamme my\u00f6s muut televisiot ja TV-tarvikkeet, ota yhteytt\u00e4 !<\/p>\n<p>Kysy ajantasainen hinnasto ja lis\u00e4tietoja ottamalla meihin yhteytt\u00e4.<br \/>\nMy\u00f6s toimitus mahdollista riippuen tilatuista tuotteista.<\/p>\n<p>Ota yhteytt\u00e4:<br \/>\nPuh. <a href=\"tel:0401523801\">040 1523801<\/a><br \/>\nS\u00e4hk\u00f6posti: myynti [at] nettiseitti.fi<\/p>\n","protected":false},"excerpt":{"rendered":"<p style=\"text-align: left;\">Ohuilla kyhyksill\u00e4 toteutettu Google Smart-TV eritt\u00e4in kattavilla ominaisuuksilla.<\/p>\n","protected":false},"featured_media":14099,"template":"","meta":{"neve_meta_sidebar":"","neve_meta_container":"","neve_meta_enable_content_width":"off","neve_meta_content_width":100,"neve_meta_title_alignment":"","neve_meta_author_avatar":"","neve_post_elements_order":"","neve_meta_disable_header":"","neve_meta_disable_footer":"","neve_meta_disable_title":""},"product_brand":[],"product_cat":[558],"product_tag":[450,451,241,100,107,459,106,457,327,446,448,449,453,447,108,105,455,445,456,98,101,104,454,96,99,97,235,103,232,102,458,452],"class_list":{"0":"post-14098","1":"product","2":"type-product","3":"status-publish","4":"has-post-thumbnail","6":"product_cat-digiboksit-ja-tarvikkeet","7":"product_tag-ahtari","8":"product_tag-alavus","9":"product_tag-android-tv","10":"product_tag-etela-pohjanmaa","11":"product_tag-etela-suomi","12":"product_tag-hameenlinna","13":"product_tag-huittinen","14":"product_tag-ikaalinen","15":"product_tag-jalasjarvi","16":"product_tag-kankaanpaa","17":"product_tag-karvia","18":"product_tag-kauhajoki","19":"product_tag-kauhava","20":"product_tag-kihnio","21":"product_tag-lansi-suomi","22":"product_tag-lapua","23":"product_tag-lempaala","24":"product_tag-nokia","25":"product_tag-parkano","26":"product_tag-pirkanmaa","27":"product_tag-pohjanmaa","28":"product_tag-pori","29":"product_tag-rauma","30":"product_tag-sastamala","31":"product_tag-satakunta","32":"product_tag-seinajoki","33":"product_tag-smart-tv","34":"product_tag-tampere","35":"product_tag-tv","36":"product_tag-vaasa","37":"product_tag-virrat","38":"product_tag-ylojarvi","40":"first","41":"instock","42":"shipping-taxable","43":"product-type-simple"},"yoast_head":"<!-- This site is optimized with the Yoast SEO plugin v27.4 - https:\/\/yoast.com\/product\/yoast-seo-wordpress\/ -->\n<title>Thomson 65QG5C14 QLED 4K UHD 65&quot; GOOGLE TV - NettiSeitti<\/title>\n<meta name=\"description\" content=\"Ohuilla kyhyksill\u00e4 toteutettu Google Smart-TV eritt\u00e4in kattavilla ominaisuuksilla. Pirkanmaa, Satakunta, Etel\u00e4-Pohjanmaa, Pohjanmaa, Sein\u00e4joki, Sastamala.\" \/>\n<meta name=\"robots\" content=\"index, follow, max-snippet:-1, max-image-preview:large, max-video-preview:-1\" \/>\n<link rel=\"canonical\" href=\"https:\/\/nettiseitti.fi\/showroom\/tuote\/thomson-65qg5c14-qled-4k-uhd-65-google-tv\/\" \/>\n<meta property=\"og:locale\" content=\"fi_FI\" \/>\n<meta property=\"og:type\" content=\"article\" \/>\n<meta property=\"og:title\" content=\"Thomson 65QG5C14 QLED 4K UHD 65&quot; GOOGLE TV - NettiSeitti\" \/>\n<meta property=\"og:description\" content=\"Ohuilla kyhyksill\u00e4 toteutettu Google Smart-TV eritt\u00e4in kattavilla ominaisuuksilla. Pirkanmaa, Satakunta, Etel\u00e4-Pohjanmaa, Pohjanmaa, Sein\u00e4joki, Sastamala.\" \/>\n<meta property=\"og:url\" content=\"https:\/\/nettiseitti.fi\/showroom\/tuote\/thomson-65qg5c14-qled-4k-uhd-65-google-tv\/\" \/>\n<meta property=\"og:site_name\" content=\"NettiSeitti\" \/>\n<meta property=\"article:modified_time\" content=\"2024-12-31T13:01:59+00:00\" \/>\n<meta property=\"og:image\" content=\"https:\/\/nettiseitti.fi\/showroom\/wp-content\/uploads\/2024\/12\/thomson_65qg5c14.jpg\" \/>\n\t<meta property=\"og:image:width\" content=\"852\" \/>\n\t<meta property=\"og:image:height\" content=\"842\" \/>\n\t<meta property=\"og:image:type\" content=\"image\/jpeg\" \/>\n<meta name=\"twitter:card\" content=\"summary_large_image\" \/>\n<meta name=\"twitter:label1\" content=\"Arvioitu lukuaika\" \/>\n\t<meta name=\"twitter:data1\" content=\"1 minuutti\" \/>\n<script type=\"application\/ld+json\" class=\"yoast-schema-graph\">{\"@context\":\"https:\\\/\\\/schema.org\",\"@graph\":[{\"@type\":\"WebPage\",\"@id\":\"https:\\\/\\\/nettiseitti.fi\\\/showroom\\\/tuote\\\/thomson-65qg5c14-qled-4k-uhd-65-google-tv\\\/\",\"url\":\"https:\\\/\\\/nettiseitti.fi\\\/showroom\\\/tuote\\\/thomson-65qg5c14-qled-4k-uhd-65-google-tv\\\/\",\"name\":\"Thomson 65QG5C14 QLED 4K UHD 65\\\" GOOGLE TV - NettiSeitti\",\"isPartOf\":{\"@id\":\"https:\\\/\\\/nettiseitti.fi\\\/showroom\\\/#website\"},\"primaryImageOfPage\":{\"@id\":\"https:\\\/\\\/nettiseitti.fi\\\/showroom\\\/tuote\\\/thomson-65qg5c14-qled-4k-uhd-65-google-tv\\\/#primaryimage\"},\"image\":{\"@id\":\"https:\\\/\\\/nettiseitti.fi\\\/showroom\\\/tuote\\\/thomson-65qg5c14-qled-4k-uhd-65-google-tv\\\/#primaryimage\"},\"thumbnailUrl\":\"https:\\\/\\\/nettiseitti.fi\\\/showroom\\\/wp-content\\\/uploads\\\/2024\\\/12\\\/thomson_65qg5c14.jpg\",\"datePublished\":\"2024-12-31T13:00:56+00:00\",\"dateModified\":\"2024-12-31T13:01:59+00:00\",\"description\":\"Ohuilla kyhyksill\u00e4 toteutettu Google Smart-TV eritt\u00e4in kattavilla ominaisuuksilla. Pirkanmaa, Satakunta, Etel\u00e4-Pohjanmaa, Pohjanmaa, Sein\u00e4joki, Sastamala.\",\"breadcrumb\":{\"@id\":\"https:\\\/\\\/nettiseitti.fi\\\/showroom\\\/tuote\\\/thomson-65qg5c14-qled-4k-uhd-65-google-tv\\\/#breadcrumb\"},\"inLanguage\":\"fi\",\"potentialAction\":[{\"@type\":\"ReadAction\",\"target\":[\"https:\\\/\\\/nettiseitti.fi\\\/showroom\\\/tuote\\\/thomson-65qg5c14-qled-4k-uhd-65-google-tv\\\/\"]}]},{\"@type\":\"ImageObject\",\"inLanguage\":\"fi\",\"@id\":\"https:\\\/\\\/nettiseitti.fi\\\/showroom\\\/tuote\\\/thomson-65qg5c14-qled-4k-uhd-65-google-tv\\\/#primaryimage\",\"url\":\"https:\\\/\\\/nettiseitti.fi\\\/showroom\\\/wp-content\\\/uploads\\\/2024\\\/12\\\/thomson_65qg5c14.jpg\",\"contentUrl\":\"https:\\\/\\\/nettiseitti.fi\\\/showroom\\\/wp-content\\\/uploads\\\/2024\\\/12\\\/thomson_65qg5c14.jpg\",\"width\":852,\"height\":842},{\"@type\":\"BreadcrumbList\",\"@id\":\"https:\\\/\\\/nettiseitti.fi\\\/showroom\\\/tuote\\\/thomson-65qg5c14-qled-4k-uhd-65-google-tv\\\/#breadcrumb\",\"itemListElement\":[{\"@type\":\"ListItem\",\"position\":1,\"name\":\"Etusivu\",\"item\":\"https:\\\/\\\/nettiseitti.fi\\\/showroom\\\/\"},{\"@type\":\"ListItem\",\"position\":2,\"name\":\"Tuotteet\",\"item\":\"https:\\\/\\\/nettiseitti.fi\\\/showroom\\\/tuotteet\\\/\"},{\"@type\":\"ListItem\",\"position\":3,\"name\":\"Thomson 65QG5C14 QLED 4K UHD 65&#8243; GOOGLE TV\"}]},{\"@type\":\"WebSite\",\"@id\":\"https:\\\/\\\/nettiseitti.fi\\\/showroom\\\/#website\",\"url\":\"https:\\\/\\\/nettiseitti.fi\\\/showroom\\\/\",\"name\":\"NettiSeitti\",\"description\":\"\",\"publisher\":{\"@id\":\"https:\\\/\\\/nettiseitti.fi\\\/showroom\\\/#organization\"},\"potentialAction\":[{\"@type\":\"SearchAction\",\"target\":{\"@type\":\"EntryPoint\",\"urlTemplate\":\"https:\\\/\\\/nettiseitti.fi\\\/showroom\\\/?s={search_term_string}\"},\"query-input\":{\"@type\":\"PropertyValueSpecification\",\"valueRequired\":true,\"valueName\":\"search_term_string\"}}],\"inLanguage\":\"fi\"},{\"@type\":\"Organization\",\"@id\":\"https:\\\/\\\/nettiseitti.fi\\\/showroom\\\/#organization\",\"name\":\"NettiSeitti\",\"url\":\"https:\\\/\\\/nettiseitti.fi\\\/showroom\\\/\",\"logo\":{\"@type\":\"ImageObject\",\"inLanguage\":\"fi\",\"@id\":\"https:\\\/\\\/nettiseitti.fi\\\/showroom\\\/#\\\/schema\\\/logo\\\/image\\\/\",\"url\":\"https:\\\/\\\/nettiseitti.fi\\\/showroom\\\/wp-content\\\/uploads\\\/2024\\\/03\\\/nettiseitti_lapinakyva_tausta.png\",\"contentUrl\":\"https:\\\/\\\/nettiseitti.fi\\\/showroom\\\/wp-content\\\/uploads\\\/2024\\\/03\\\/nettiseitti_lapinakyva_tausta.png\",\"width\":2176,\"height\":741,\"caption\":\"NettiSeitti\"},\"image\":{\"@id\":\"https:\\\/\\\/nettiseitti.fi\\\/showroom\\\/#\\\/schema\\\/logo\\\/image\\\/\"}}]}<\/script>\n<!-- \/ Yoast SEO plugin. -->","yoast_head_json":{"title":"Thomson 65QG5C14 QLED 4K UHD 65\" GOOGLE TV - NettiSeitti","description":"Ohuilla kyhyksill\u00e4 toteutettu Google Smart-TV eritt\u00e4in kattavilla ominaisuuksilla. Pirkanmaa, Satakunta, Etel\u00e4-Pohjanmaa, Pohjanmaa, Sein\u00e4joki, Sastamala.","robots":{"index":"index","follow":"follow","max-snippet":"max-snippet:-1","max-image-preview":"max-image-preview:large","max-video-preview":"max-video-preview:-1"},"canonical":"https:\/\/nettiseitti.fi\/showroom\/tuote\/thomson-65qg5c14-qled-4k-uhd-65-google-tv\/","og_locale":"fi_FI","og_type":"article","og_title":"Thomson 65QG5C14 QLED 4K UHD 65\" GOOGLE TV - NettiSeitti","og_description":"Ohuilla kyhyksill\u00e4 toteutettu Google Smart-TV eritt\u00e4in kattavilla ominaisuuksilla. Pirkanmaa, Satakunta, Etel\u00e4-Pohjanmaa, Pohjanmaa, Sein\u00e4joki, Sastamala.","og_url":"https:\/\/nettiseitti.fi\/showroom\/tuote\/thomson-65qg5c14-qled-4k-uhd-65-google-tv\/","og_site_name":"NettiSeitti","article_modified_time":"2024-12-31T13:01:59+00:00","og_image":[{"width":852,"height":842,"url":"https:\/\/nettiseitti.fi\/showroom\/wp-content\/uploads\/2024\/12\/thomson_65qg5c14.jpg","type":"image\/jpeg"}],"twitter_card":"summary_large_image","twitter_misc":{"Arvioitu lukuaika":"1 minuutti"},"schema":{"@context":"https:\/\/schema.org","@graph":[{"@type":"WebPage","@id":"https:\/\/nettiseitti.fi\/showroom\/tuote\/thomson-65qg5c14-qled-4k-uhd-65-google-tv\/","url":"https:\/\/nettiseitti.fi\/showroom\/tuote\/thomson-65qg5c14-qled-4k-uhd-65-google-tv\/","name":"Thomson 65QG5C14 QLED 4K UHD 65\" GOOGLE TV - NettiSeitti","isPartOf":{"@id":"https:\/\/nettiseitti.fi\/showroom\/#website"},"primaryImageOfPage":{"@id":"https:\/\/nettiseitti.fi\/showroom\/tuote\/thomson-65qg5c14-qled-4k-uhd-65-google-tv\/#primaryimage"},"image":{"@id":"https:\/\/nettiseitti.fi\/showroom\/tuote\/thomson-65qg5c14-qled-4k-uhd-65-google-tv\/#primaryimage"},"thumbnailUrl":"https:\/\/nettiseitti.fi\/showroom\/wp-content\/uploads\/2024\/12\/thomson_65qg5c14.jpg","datePublished":"2024-12-31T13:00:56+00:00","dateModified":"2024-12-31T13:01:59+00:00","description":"Ohuilla kyhyksill\u00e4 toteutettu Google Smart-TV eritt\u00e4in kattavilla ominaisuuksilla. Pirkanmaa, Satakunta, Etel\u00e4-Pohjanmaa, Pohjanmaa, Sein\u00e4joki, Sastamala.","breadcrumb":{"@id":"https:\/\/nettiseitti.fi\/showroom\/tuote\/thomson-65qg5c14-qled-4k-uhd-65-google-tv\/#breadcrumb"},"inLanguage":"fi","potentialAction":[{"@type":"ReadAction","target":["https:\/\/nettiseitti.fi\/showroom\/tuote\/thomson-65qg5c14-qled-4k-uhd-65-google-tv\/"]}]},{"@type":"ImageObject","inLanguage":"fi","@id":"https:\/\/nettiseitti.fi\/showroom\/tuote\/thomson-65qg5c14-qled-4k-uhd-65-google-tv\/#primaryimage","url":"https:\/\/nettiseitti.fi\/showroom\/wp-content\/uploads\/2024\/12\/thomson_65qg5c14.jpg","contentUrl":"https:\/\/nettiseitti.fi\/showroom\/wp-content\/uploads\/2024\/12\/thomson_65qg5c14.jpg","width":852,"height":842},{"@type":"BreadcrumbList","@id":"https:\/\/nettiseitti.fi\/showroom\/tuote\/thomson-65qg5c14-qled-4k-uhd-65-google-tv\/#breadcrumb","itemListElement":[{"@type":"ListItem","position":1,"name":"Etusivu","item":"https:\/\/nettiseitti.fi\/showroom\/"},{"@type":"ListItem","position":2,"name":"Tuotteet","item":"https:\/\/nettiseitti.fi\/showroom\/tuotteet\/"},{"@type":"ListItem","position":3,"name":"Thomson 65QG5C14 QLED 4K UHD 65&#8243; GOOGLE TV"}]},{"@type":"WebSite","@id":"https:\/\/nettiseitti.fi\/showroom\/#website","url":"https:\/\/nettiseitti.fi\/showroom\/","name":"NettiSeitti","description":"","publisher":{"@id":"https:\/\/nettiseitti.fi\/showroom\/#organization"},"potentialAction":[{"@type":"SearchAction","target":{"@type":"EntryPoint","urlTemplate":"https:\/\/nettiseitti.fi\/showroom\/?s={search_term_string}"},"query-input":{"@type":"PropertyValueSpecification","valueRequired":true,"valueName":"search_term_string"}}],"inLanguage":"fi"},{"@type":"Organization","@id":"https:\/\/nettiseitti.fi\/showroom\/#organization","name":"NettiSeitti","url":"https:\/\/nettiseitti.fi\/showroom\/","logo":{"@type":"ImageObject","inLanguage":"fi","@id":"https:\/\/nettiseitti.fi\/showroom\/#\/schema\/logo\/image\/","url":"https:\/\/nettiseitti.fi\/showroom\/wp-content\/uploads\/2024\/03\/nettiseitti_lapinakyva_tausta.png","contentUrl":"https:\/\/nettiseitti.fi\/showroom\/wp-content\/uploads\/2024\/03\/nettiseitti_lapinakyva_tausta.png","width":2176,"height":741,"caption":"NettiSeitti"},"image":{"@id":"https:\/\/nettiseitti.fi\/showroom\/#\/schema\/logo\/image\/"}}]}},"_links":{"self":[{"href":"https:\/\/nettiseitti.fi\/showroom\/wp-json\/wp\/v2\/product\/14098","targetHints":{"allow":["GET"]}}],"collection":[{"href":"https:\/\/nettiseitti.fi\/showroom\/wp-json\/wp\/v2\/product"}],"about":[{"href":"https:\/\/nettiseitti.fi\/showroom\/wp-json\/wp\/v2\/types\/product"}],"wp:featuredmedia":[{"embeddable":true,"href":"https:\/\/nettiseitti.fi\/showroom\/wp-json\/wp\/v2\/media\/14099"}],"wp:attachment":[{"href":"https:\/\/nettiseitti.fi\/showroom\/wp-json\/wp\/v2\/media?parent=14098"}],"wp:term":[{"taxonomy":"product_brand","embeddable":true,"href":"https:\/\/nettiseitti.fi\/showroom\/wp-json\/wp\/v2\/product_brand?post=14098"},{"taxonomy":"product_cat","embeddable":true,"href":"https:\/\/nettiseitti.fi\/showroom\/wp-json\/wp\/v2\/product_cat?post=14098"},{"taxonomy":"product_tag","embeddable":true,"href":"https:\/\/nettiseitti.fi\/showroom\/wp-json\/wp\/v2\/product_tag?post=14098"}],"curies":[{"name":"wp","href":"https:\/\/api.w.org\/{rel}","templated":true}]}}