{"id":14176,"date":"2025-02-03T09:26:58","date_gmt":"2025-02-03T07:26:58","guid":{"rendered":"https:\/\/nettiseitti.fi\/showroom\/?post_type=product&#038;p=14176"},"modified":"2025-02-03T09:44:42","modified_gmt":"2025-02-03T07:44:42","slug":"asrock-b550m-pro-4-am4-matx-emolevy","status":"publish","type":"product","link":"https:\/\/nettiseitti.fi\/showroom\/tuote\/asrock-b550m-pro-4-am4-matx-emolevy\/","title":{"rendered":"ASRock B550M Pro 4 AM4, micro-ATX -emolevy"},"content":{"rendered":"<p>Micro-ATX kokoluokan emolevy AM4-kannan prosessoreille.<\/p>\n<p>Ominaisuuksia:<\/p>\n<ul>\n<li>Prosessorituki \/ kanta: AM4-kanta, Ryzen 3000, 3000 G-sarja, 4000 G-sarja, 5000 ja 5000 G-sarja<\/li>\n<li>Emolevyn kokoluokka: mATX<\/li>\n<li>Piirisarja: AMD B550<\/li>\n<li>Muistituki: 4x DDR4 -kanta: 4733+ (OC) riippuen prosessorista<\/li>\n<li>Muistin max m\u00e4\u00e4r\u00e4: 128GB riippuen kokoonpanosta<\/li>\n<li>6x SATA 6Gb\/s portteja<\/li>\n<li>2x M.2 paikkoja<\/li>\n<li>PCIe-paikat:<br \/>\nAMD Ryzen series CPUs (Vermeer and Matisse)<br \/>\n&#8211; 2 x PCI Express x16 Slots (PCIE1: Gen4x16 mode; PCIE3: Gen3 x4 mode)*<br \/>\nAMD Ryzen series APUs (Cezanne and Renoir)<br \/>\n&#8211; 2 x PCI Express x16 Slots (PCIE1: Gen3x16 mode; PCIE3: Gen3 x4 mode)*<br \/>\nAMD Ryzen series APUs (Picasso)<br \/>\n&#8211; 2 x PCI Express x16 Slots (PCIE1: Gen3x8 mode; PCIE3: Gen3 x4 mode)*<br \/>\n&#8211; 1 x PCI Express 3.0 x1 Slot<\/li>\n<li>\u00c4\u00e4nikortti, integroitu: Realtek ALC1220\/ALC1200 Audio Codec<\/li>\n<li>Verkkokortti, integroitu: PCIE x1 Gigabit LAN Realtek RTL8111H<\/li>\n<\/ul>\n<p>Takapaneelin liit\u00e4nn\u00e4t:<\/p>\n<ul>\n<li>Antenna Bracket<\/li>\n<li>1 x PS\/2 Mouse\/Keyboard Port<\/li>\n<li>1 x D-Sub Port<\/li>\n<li>1 x HDMI Port<\/li>\n<li>1 x DisplayPort 1.4<\/li>\n<li>1 x USB 3.2 Gen2 Type-A Port (10 Gb\/s) (Supports ESD Protection)<\/li>\n<li>1 x USB 3.2 Gen2 Type-C Port (10 Gb\/s) (Supports ESD Protection)<\/li>\n<li>4 x USB 3.2 Gen1 Ports (ASMedia ASM1074 hub) (Supports ESD Protection)<\/li>\n<li>2 x USB 2.0 Ports (Supports ESD Protection)<\/li>\n<li>1 x RJ-45 LAN Port with LED (ACT\/LINK LED and SPEED LED)<\/li>\n<li>HD Audio Jacks: Line in \/ Front Speaker \/ Microphone<\/li>\n<\/ul>\n<p>Levyn sis\u00e4iset liittimet:<\/p>\n<ul>\n<li>1 x COM Port Header<\/li>\n<li>1 x SPI TPM Header<\/li>\n<li>1 x Power LED and Speaker Header<\/li>\n<li>2 x RGB LED Headers*<\/li>\n<li>2 x Addressable LED Headers**<\/li>\n<li>1 x CPU Fan Connector (4-pin)***<\/li>\n<li>1 x CPU\/Water Pump Fan Connector (4-pin) (Smart Fan Speed Control)****<\/li>\n<li>4 x Chassis\/Water Pump Fan Connectors (4-pin) (Smart Fan Speed Control)*****<\/li>\n<li>1 x 24 pin ATX Power Connector<\/li>\n<li>1 x 8 pin 12V Power Connector<\/li>\n<li>1 x Front Panel Audio Connector<\/li>\n<li>2 x USB 2.0 Headers (Support 4 USB 2.0 ports) (Supports ESD Protection)<\/li>\n<li>2 x USB 3.2 Gen1 Headers (Support 4 USB 3.2 Gen1 ports) (Supports ESD Protection)<\/li>\n<\/ul>\n<p>Tarkista liittimet ja ominaisuudet valmistajan sivuilta sek\u00e4 emolevyn ohjekirjasta, yll\u00e4 olevat tuotetiedot suuntaa antavia.<\/p>\n<p>Kauttamme my\u00f6s muut emolevyt ja komponentit, ota yhteytt\u00e4 !<\/p>\n<p>Kysy ajantasainen hinnasto ja lis\u00e4tietoja ottamalla meihin yhteytt\u00e4.<br \/>\nMy\u00f6s toimitus mahdollista riippuen tilatuista tuotteista.<\/p>\n<p>Ota yhteytt\u00e4:<br \/>\nPuh. <a href=\"tel:0401523801\">040 1523801<\/a><br \/>\nS\u00e4hk\u00f6posti: myynti [at] nettiseitti.fi<\/p>\n","protected":false},"excerpt":{"rendered":"<p>Emolevy AMD B550 -piirisarjalla, tukee mm. AM4-kannan Ryzen 3000, 3000 G-sarjan, 4000 G-sarjan, 5000 ja 5000 G-sarjan prosessoreita.<\/p>\n","protected":false},"featured_media":14177,"template":"","meta":{"neve_meta_sidebar":"","neve_meta_container":"","neve_meta_enable_content_width":"off","neve_meta_content_width":100,"neve_meta_title_alignment":"","neve_meta_author_avatar":"","neve_post_elements_order":"","neve_meta_disable_header":"","neve_meta_disable_footer":"","neve_meta_disable_title":""},"product_brand":[],"product_cat":[597],"product_tag":[450,451,100,107,459,106,457,327,446,448,449,453,447,144,108,105,455,445,456,98,101,104,454,96,99,97,103,581,102,458,452],"class_list":{"0":"post-14176","1":"product","2":"type-product","3":"status-publish","4":"has-post-thumbnail","6":"product_cat-emolevyt","7":"product_tag-ahtari","8":"product_tag-alavus","9":"product_tag-etela-pohjanmaa","10":"product_tag-etela-suomi","11":"product_tag-hameenlinna","12":"product_tag-huittinen","13":"product_tag-ikaalinen","14":"product_tag-jalasjarvi","15":"product_tag-kankaanpaa","16":"product_tag-karvia","17":"product_tag-kauhajoki","18":"product_tag-kauhava","19":"product_tag-kihnio","20":"product_tag-komponentti","21":"product_tag-lansi-suomi","22":"product_tag-lapua","23":"product_tag-lempaala","24":"product_tag-nokia","25":"product_tag-parkano","26":"product_tag-pirkanmaa","27":"product_tag-pohjanmaa","28":"product_tag-pori","29":"product_tag-rauma","30":"product_tag-sastamala","31":"product_tag-satakunta","32":"product_tag-seinajoki","33":"product_tag-tampere","34":"product_tag-tietokone","35":"product_tag-vaasa","36":"product_tag-virrat","37":"product_tag-ylojarvi","39":"first","40":"instock","41":"shipping-taxable","42":"product-type-simple"},"yoast_head":"<!-- This site is optimized with the Yoast SEO plugin v27.4 - https:\/\/yoast.com\/product\/yoast-seo-wordpress\/ -->\n<title>ASRock B550M Pro 4 AM4, micro-ATX -emolevy - NettiSeitti<\/title>\n<meta name=\"description\" content=\"Emolevy AMD B550 -piirisarjalla, tukee mm. AM4-kannan Ryzen 3000, 3000 G-sarjan, 4000 G-sarjan, 5000 ja 5000 G-sarjan prosessoreita. Pirkanmaa, Satakunta.\" \/>\n<meta name=\"robots\" content=\"index, follow, max-snippet:-1, max-image-preview:large, max-video-preview:-1\" \/>\n<link rel=\"canonical\" href=\"https:\/\/nettiseitti.fi\/showroom\/tuote\/asrock-b550m-pro-4-am4-matx-emolevy\/\" \/>\n<meta property=\"og:locale\" content=\"fi_FI\" \/>\n<meta property=\"og:type\" content=\"article\" \/>\n<meta property=\"og:title\" content=\"ASRock B550M Pro 4 AM4, micro-ATX -emolevy - NettiSeitti\" \/>\n<meta property=\"og:description\" content=\"Emolevy AMD B550 -piirisarjalla, tukee mm. AM4-kannan Ryzen 3000, 3000 G-sarjan, 4000 G-sarjan, 5000 ja 5000 G-sarjan prosessoreita. Pirkanmaa, Satakunta.\" \/>\n<meta property=\"og:url\" content=\"https:\/\/nettiseitti.fi\/showroom\/tuote\/asrock-b550m-pro-4-am4-matx-emolevy\/\" \/>\n<meta property=\"og:site_name\" content=\"NettiSeitti\" \/>\n<meta property=\"article:modified_time\" content=\"2025-02-03T07:44:42+00:00\" \/>\n<meta property=\"og:image\" content=\"https:\/\/nettiseitti.fi\/showroom\/wp-content\/uploads\/2025\/02\/asrock_b550m.jpg\" \/>\n\t<meta property=\"og:image:width\" content=\"1095\" \/>\n\t<meta property=\"og:image:height\" content=\"915\" \/>\n\t<meta property=\"og:image:type\" content=\"image\/jpeg\" \/>\n<meta name=\"twitter:card\" content=\"summary_large_image\" \/>\n<meta name=\"twitter:label1\" content=\"Arvioitu lukuaika\" \/>\n\t<meta name=\"twitter:data1\" content=\"3 minuuttia\" \/>\n<script type=\"application\/ld+json\" class=\"yoast-schema-graph\">{\"@context\":\"https:\\\/\\\/schema.org\",\"@graph\":[{\"@type\":\"WebPage\",\"@id\":\"https:\\\/\\\/nettiseitti.fi\\\/showroom\\\/tuote\\\/asrock-b550m-pro-4-am4-matx-emolevy\\\/\",\"url\":\"https:\\\/\\\/nettiseitti.fi\\\/showroom\\\/tuote\\\/asrock-b550m-pro-4-am4-matx-emolevy\\\/\",\"name\":\"ASRock B550M Pro 4 AM4, micro-ATX -emolevy - NettiSeitti\",\"isPartOf\":{\"@id\":\"https:\\\/\\\/nettiseitti.fi\\\/showroom\\\/#website\"},\"primaryImageOfPage\":{\"@id\":\"https:\\\/\\\/nettiseitti.fi\\\/showroom\\\/tuote\\\/asrock-b550m-pro-4-am4-matx-emolevy\\\/#primaryimage\"},\"image\":{\"@id\":\"https:\\\/\\\/nettiseitti.fi\\\/showroom\\\/tuote\\\/asrock-b550m-pro-4-am4-matx-emolevy\\\/#primaryimage\"},\"thumbnailUrl\":\"https:\\\/\\\/nettiseitti.fi\\\/showroom\\\/wp-content\\\/uploads\\\/2025\\\/02\\\/asrock_b550m.jpg\",\"datePublished\":\"2025-02-03T07:26:58+00:00\",\"dateModified\":\"2025-02-03T07:44:42+00:00\",\"description\":\"Emolevy AMD B550 -piirisarjalla, tukee mm. AM4-kannan Ryzen 3000, 3000 G-sarjan, 4000 G-sarjan, 5000 ja 5000 G-sarjan prosessoreita. Pirkanmaa, Satakunta.\",\"breadcrumb\":{\"@id\":\"https:\\\/\\\/nettiseitti.fi\\\/showroom\\\/tuote\\\/asrock-b550m-pro-4-am4-matx-emolevy\\\/#breadcrumb\"},\"inLanguage\":\"fi\",\"potentialAction\":[{\"@type\":\"ReadAction\",\"target\":[\"https:\\\/\\\/nettiseitti.fi\\\/showroom\\\/tuote\\\/asrock-b550m-pro-4-am4-matx-emolevy\\\/\"]}]},{\"@type\":\"ImageObject\",\"inLanguage\":\"fi\",\"@id\":\"https:\\\/\\\/nettiseitti.fi\\\/showroom\\\/tuote\\\/asrock-b550m-pro-4-am4-matx-emolevy\\\/#primaryimage\",\"url\":\"https:\\\/\\\/nettiseitti.fi\\\/showroom\\\/wp-content\\\/uploads\\\/2025\\\/02\\\/asrock_b550m.jpg\",\"contentUrl\":\"https:\\\/\\\/nettiseitti.fi\\\/showroom\\\/wp-content\\\/uploads\\\/2025\\\/02\\\/asrock_b550m.jpg\",\"width\":1095,\"height\":915},{\"@type\":\"BreadcrumbList\",\"@id\":\"https:\\\/\\\/nettiseitti.fi\\\/showroom\\\/tuote\\\/asrock-b550m-pro-4-am4-matx-emolevy\\\/#breadcrumb\",\"itemListElement\":[{\"@type\":\"ListItem\",\"position\":1,\"name\":\"Etusivu\",\"item\":\"https:\\\/\\\/nettiseitti.fi\\\/showroom\\\/\"},{\"@type\":\"ListItem\",\"position\":2,\"name\":\"Tuotteet\",\"item\":\"https:\\\/\\\/nettiseitti.fi\\\/showroom\\\/tuotteet\\\/\"},{\"@type\":\"ListItem\",\"position\":3,\"name\":\"ASRock B550M Pro 4 AM4, micro-ATX -emolevy\"}]},{\"@type\":\"WebSite\",\"@id\":\"https:\\\/\\\/nettiseitti.fi\\\/showroom\\\/#website\",\"url\":\"https:\\\/\\\/nettiseitti.fi\\\/showroom\\\/\",\"name\":\"NettiSeitti\",\"description\":\"\",\"publisher\":{\"@id\":\"https:\\\/\\\/nettiseitti.fi\\\/showroom\\\/#organization\"},\"potentialAction\":[{\"@type\":\"SearchAction\",\"target\":{\"@type\":\"EntryPoint\",\"urlTemplate\":\"https:\\\/\\\/nettiseitti.fi\\\/showroom\\\/?s={search_term_string}\"},\"query-input\":{\"@type\":\"PropertyValueSpecification\",\"valueRequired\":true,\"valueName\":\"search_term_string\"}}],\"inLanguage\":\"fi\"},{\"@type\":\"Organization\",\"@id\":\"https:\\\/\\\/nettiseitti.fi\\\/showroom\\\/#organization\",\"name\":\"NettiSeitti\",\"url\":\"https:\\\/\\\/nettiseitti.fi\\\/showroom\\\/\",\"logo\":{\"@type\":\"ImageObject\",\"inLanguage\":\"fi\",\"@id\":\"https:\\\/\\\/nettiseitti.fi\\\/showroom\\\/#\\\/schema\\\/logo\\\/image\\\/\",\"url\":\"https:\\\/\\\/nettiseitti.fi\\\/showroom\\\/wp-content\\\/uploads\\\/2024\\\/03\\\/nettiseitti_lapinakyva_tausta.png\",\"contentUrl\":\"https:\\\/\\\/nettiseitti.fi\\\/showroom\\\/wp-content\\\/uploads\\\/2024\\\/03\\\/nettiseitti_lapinakyva_tausta.png\",\"width\":2176,\"height\":741,\"caption\":\"NettiSeitti\"},\"image\":{\"@id\":\"https:\\\/\\\/nettiseitti.fi\\\/showroom\\\/#\\\/schema\\\/logo\\\/image\\\/\"}}]}<\/script>\n<!-- \/ Yoast SEO plugin. -->","yoast_head_json":{"title":"ASRock B550M Pro 4 AM4, micro-ATX -emolevy - NettiSeitti","description":"Emolevy AMD B550 -piirisarjalla, tukee mm. AM4-kannan Ryzen 3000, 3000 G-sarjan, 4000 G-sarjan, 5000 ja 5000 G-sarjan prosessoreita. Pirkanmaa, Satakunta.","robots":{"index":"index","follow":"follow","max-snippet":"max-snippet:-1","max-image-preview":"max-image-preview:large","max-video-preview":"max-video-preview:-1"},"canonical":"https:\/\/nettiseitti.fi\/showroom\/tuote\/asrock-b550m-pro-4-am4-matx-emolevy\/","og_locale":"fi_FI","og_type":"article","og_title":"ASRock B550M Pro 4 AM4, micro-ATX -emolevy - NettiSeitti","og_description":"Emolevy AMD B550 -piirisarjalla, tukee mm. AM4-kannan Ryzen 3000, 3000 G-sarjan, 4000 G-sarjan, 5000 ja 5000 G-sarjan prosessoreita. Pirkanmaa, Satakunta.","og_url":"https:\/\/nettiseitti.fi\/showroom\/tuote\/asrock-b550m-pro-4-am4-matx-emolevy\/","og_site_name":"NettiSeitti","article_modified_time":"2025-02-03T07:44:42+00:00","og_image":[{"width":1095,"height":915,"url":"https:\/\/nettiseitti.fi\/showroom\/wp-content\/uploads\/2025\/02\/asrock_b550m.jpg","type":"image\/jpeg"}],"twitter_card":"summary_large_image","twitter_misc":{"Arvioitu lukuaika":"3 minuuttia"},"schema":{"@context":"https:\/\/schema.org","@graph":[{"@type":"WebPage","@id":"https:\/\/nettiseitti.fi\/showroom\/tuote\/asrock-b550m-pro-4-am4-matx-emolevy\/","url":"https:\/\/nettiseitti.fi\/showroom\/tuote\/asrock-b550m-pro-4-am4-matx-emolevy\/","name":"ASRock B550M Pro 4 AM4, micro-ATX -emolevy - NettiSeitti","isPartOf":{"@id":"https:\/\/nettiseitti.fi\/showroom\/#website"},"primaryImageOfPage":{"@id":"https:\/\/nettiseitti.fi\/showroom\/tuote\/asrock-b550m-pro-4-am4-matx-emolevy\/#primaryimage"},"image":{"@id":"https:\/\/nettiseitti.fi\/showroom\/tuote\/asrock-b550m-pro-4-am4-matx-emolevy\/#primaryimage"},"thumbnailUrl":"https:\/\/nettiseitti.fi\/showroom\/wp-content\/uploads\/2025\/02\/asrock_b550m.jpg","datePublished":"2025-02-03T07:26:58+00:00","dateModified":"2025-02-03T07:44:42+00:00","description":"Emolevy AMD B550 -piirisarjalla, tukee mm. AM4-kannan Ryzen 3000, 3000 G-sarjan, 4000 G-sarjan, 5000 ja 5000 G-sarjan prosessoreita. Pirkanmaa, Satakunta.","breadcrumb":{"@id":"https:\/\/nettiseitti.fi\/showroom\/tuote\/asrock-b550m-pro-4-am4-matx-emolevy\/#breadcrumb"},"inLanguage":"fi","potentialAction":[{"@type":"ReadAction","target":["https:\/\/nettiseitti.fi\/showroom\/tuote\/asrock-b550m-pro-4-am4-matx-emolevy\/"]}]},{"@type":"ImageObject","inLanguage":"fi","@id":"https:\/\/nettiseitti.fi\/showroom\/tuote\/asrock-b550m-pro-4-am4-matx-emolevy\/#primaryimage","url":"https:\/\/nettiseitti.fi\/showroom\/wp-content\/uploads\/2025\/02\/asrock_b550m.jpg","contentUrl":"https:\/\/nettiseitti.fi\/showroom\/wp-content\/uploads\/2025\/02\/asrock_b550m.jpg","width":1095,"height":915},{"@type":"BreadcrumbList","@id":"https:\/\/nettiseitti.fi\/showroom\/tuote\/asrock-b550m-pro-4-am4-matx-emolevy\/#breadcrumb","itemListElement":[{"@type":"ListItem","position":1,"name":"Etusivu","item":"https:\/\/nettiseitti.fi\/showroom\/"},{"@type":"ListItem","position":2,"name":"Tuotteet","item":"https:\/\/nettiseitti.fi\/showroom\/tuotteet\/"},{"@type":"ListItem","position":3,"name":"ASRock B550M Pro 4 AM4, micro-ATX -emolevy"}]},{"@type":"WebSite","@id":"https:\/\/nettiseitti.fi\/showroom\/#website","url":"https:\/\/nettiseitti.fi\/showroom\/","name":"NettiSeitti","description":"","publisher":{"@id":"https:\/\/nettiseitti.fi\/showroom\/#organization"},"potentialAction":[{"@type":"SearchAction","target":{"@type":"EntryPoint","urlTemplate":"https:\/\/nettiseitti.fi\/showroom\/?s={search_term_string}"},"query-input":{"@type":"PropertyValueSpecification","valueRequired":true,"valueName":"search_term_string"}}],"inLanguage":"fi"},{"@type":"Organization","@id":"https:\/\/nettiseitti.fi\/showroom\/#organization","name":"NettiSeitti","url":"https:\/\/nettiseitti.fi\/showroom\/","logo":{"@type":"ImageObject","inLanguage":"fi","@id":"https:\/\/nettiseitti.fi\/showroom\/#\/schema\/logo\/image\/","url":"https:\/\/nettiseitti.fi\/showroom\/wp-content\/uploads\/2024\/03\/nettiseitti_lapinakyva_tausta.png","contentUrl":"https:\/\/nettiseitti.fi\/showroom\/wp-content\/uploads\/2024\/03\/nettiseitti_lapinakyva_tausta.png","width":2176,"height":741,"caption":"NettiSeitti"},"image":{"@id":"https:\/\/nettiseitti.fi\/showroom\/#\/schema\/logo\/image\/"}}]}},"_links":{"self":[{"href":"https:\/\/nettiseitti.fi\/showroom\/wp-json\/wp\/v2\/product\/14176","targetHints":{"allow":["GET"]}}],"collection":[{"href":"https:\/\/nettiseitti.fi\/showroom\/wp-json\/wp\/v2\/product"}],"about":[{"href":"https:\/\/nettiseitti.fi\/showroom\/wp-json\/wp\/v2\/types\/product"}],"wp:featuredmedia":[{"embeddable":true,"href":"https:\/\/nettiseitti.fi\/showroom\/wp-json\/wp\/v2\/media\/14177"}],"wp:attachment":[{"href":"https:\/\/nettiseitti.fi\/showroom\/wp-json\/wp\/v2\/media?parent=14176"}],"wp:term":[{"taxonomy":"product_brand","embeddable":true,"href":"https:\/\/nettiseitti.fi\/showroom\/wp-json\/wp\/v2\/product_brand?post=14176"},{"taxonomy":"product_cat","embeddable":true,"href":"https:\/\/nettiseitti.fi\/showroom\/wp-json\/wp\/v2\/product_cat?post=14176"},{"taxonomy":"product_tag","embeddable":true,"href":"https:\/\/nettiseitti.fi\/showroom\/wp-json\/wp\/v2\/product_tag?post=14176"}],"curies":[{"name":"wp","href":"https:\/\/api.w.org\/{rel}","templated":true}]}}