{"id":14411,"date":"2025-07-11T13:33:32","date_gmt":"2025-07-11T10:33:32","guid":{"rendered":"https:\/\/nettiseitti.fi\/showroom\/?post_type=product&#038;p=14411"},"modified":"2025-07-11T13:33:45","modified_gmt":"2025-07-11T10:33:45","slug":"televes-t535720-mastovahvistin-3-in-1-out-lte700-ready-fm-5-15db-vhfiiidab-12-32db-uhf-16-36db-24v-80ma-easy-f-liittimet","status":"publish","type":"product","link":"https:\/\/nettiseitti.fi\/showroom\/tuote\/televes-t535720-mastovahvistin-3-in-1-out-lte700-ready-fm-5-15db-vhfiiidab-12-32db-uhf-16-36db-24v-80ma-easy-f-liittimet\/","title":{"rendered":"Televes T535720 mastovahvistin, 3 in, 1 out, LTE700-Ready, FM -5&#8230;15dB \/ VHFIII+DAB 12&#8230;32dB \/ UHF 16&#8230;36dB, 24V 80mA, Easy F-liittimet"},"content":{"rendered":"<p>Mastovahvistin, joka sopii isomman UHF-vahvistuksensa ansiosta erityisesti kohteisiin joissa UHF-signaali vaatii lis\u00e4vahvistusta.<\/p>\n<p>Ominaisuuksia:<\/p>\n<ul>\n<li>Virransy\u00f6tt\u00f6: 12\u202624V, 80mA<\/li>\n<li>Taajuusalueet: UHF, VHF, FM, DAB<\/li>\n<li>LTE700-suodatus sis\u00e4\u00e4nrakennettuna<\/li>\n<li>DC-l\u00e4pisy\u00f6tt\u00f6 aktivoitavissa ON\/OFF kytkimell\u00e4 (antenneille joissa integroitu esivahvistin)<\/li>\n<li>Signaalin vahvistuksen tasons\u00e4\u00e4d\u00f6n s\u00e4\u00e4t\u00f6alue: UHF 16-36 dB, VHF+DAB 12-32 dB, FM -5-15 dB<\/li>\n<li>L\u00e4ht\u00f6jen lukum\u00e4\u00e4r\u00e4: 1<\/li>\n<li>3 sis\u00e4\u00e4ntuloa (UHF, VHF+DAB ja FM)<\/li>\n<li>Easy F-liittimet, ei vaadi liitint\u00e4 kaapelin p\u00e4\u00e4h\u00e4n<\/li>\n<\/ul>\n<p>Kauttamme my\u00f6s muut vahvistimet ja tarvikkeet, ota yhteytt\u00e4 !<\/p>\n<p>Kysy ajantasainen hinnasto ja lis\u00e4tietoja ottamalla meihin yhteytt\u00e4.<br \/>\nMy\u00f6s toimitus mahdollista riippuen tilatuista tuotteista sek\u00e4 sovittaessa laitteiden konfigurointi k\u00e4ytt\u00f6kuntoon asennettuna.<\/p>\n<p>Ota yhteytt\u00e4:<br \/>\nPuh. <a href=\"tel:0401523801\">040 1523801<\/a><br \/>\nS\u00e4hk\u00f6posti: myynti [at] nettiseitti.fi<\/p>\n","protected":false},"excerpt":{"rendered":"<p>Mastovahvistin LTE700-suodatuksella ja laajoilla vahvistus-s\u00e4\u00e4d\u00f6ill\u00e4.<\/p>\n","protected":false},"featured_media":14412,"template":"","meta":{"neve_meta_sidebar":"","neve_meta_container":"","neve_meta_enable_content_width":"off","neve_meta_content_width":100,"neve_meta_title_alignment":"","neve_meta_author_avatar":"","neve_post_elements_order":"","neve_meta_disable_header":"","neve_meta_disable_footer":"","neve_meta_disable_title":""},"product_brand":[],"product_cat":[584],"product_tag":[450,451,252,100,107,459,106,457,327,446,448,449,453,447,108,105,455,445,456,98,101,104,454,96,99,97,103,258,102,260,458,452],"class_list":{"0":"post-14411","1":"product","2":"type-product","3":"status-publish","4":"has-post-thumbnail","6":"product_cat-vahvistimet","7":"product_tag-ahtari","8":"product_tag-alavus","9":"product_tag-antenni","10":"product_tag-etela-pohjanmaa","11":"product_tag-etela-suomi","12":"product_tag-hameenlinna","13":"product_tag-huittinen","14":"product_tag-ikaalinen","15":"product_tag-jalasjarvi","16":"product_tag-kankaanpaa","17":"product_tag-karvia","18":"product_tag-kauhajoki","19":"product_tag-kauhava","20":"product_tag-kihnio","21":"product_tag-lansi-suomi","22":"product_tag-lapua","23":"product_tag-lempaala","24":"product_tag-nokia","25":"product_tag-parkano","26":"product_tag-pirkanmaa","27":"product_tag-pohjanmaa","28":"product_tag-pori","29":"product_tag-rauma","30":"product_tag-sastamala","31":"product_tag-satakunta","32":"product_tag-seinajoki","33":"product_tag-tampere","34":"product_tag-tv-antenni","35":"product_tag-vaasa","36":"product_tag-vahvistin","37":"product_tag-virrat","38":"product_tag-ylojarvi","40":"first","41":"instock","42":"shipping-taxable","43":"product-type-simple"},"yoast_head":"<!-- This site is optimized with the Yoast SEO plugin v27.4 - https:\/\/yoast.com\/product\/yoast-seo-wordpress\/ -->\n<title>Televes T535720 mastovahvistin, 3 in, 1 out, LTE700-Ready, FM -5...15dB \/ VHFIII+DAB 12...32dB \/ UHF 16...36dB, 24V 80mA, Easy F-liittimet - NettiSeitti<\/title>\n<meta name=\"description\" content=\"Mastovahvistin LTE700-suodatuksella ja laajoilla vahvistus-s\u00e4\u00e4d\u00f6ill\u00e4. Pirkanmaa, Satakunta, Etel\u00e4-Pohjanmaa, Pohjanmaa, Sein\u00e4joki, Sastamala, Tampere, Pori.\" \/>\n<meta name=\"robots\" content=\"index, follow, max-snippet:-1, max-image-preview:large, max-video-preview:-1\" \/>\n<link rel=\"canonical\" href=\"https:\/\/nettiseitti.fi\/showroom\/tuote\/televes-t535720-mastovahvistin-3-in-1-out-lte700-ready-fm-5-15db-vhfiiidab-12-32db-uhf-16-36db-24v-80ma-easy-f-liittimet\/\" \/>\n<meta property=\"og:locale\" content=\"fi_FI\" \/>\n<meta property=\"og:type\" content=\"article\" \/>\n<meta property=\"og:title\" content=\"Televes T535720 mastovahvistin, 3 in, 1 out, LTE700-Ready, FM -5...15dB \/ VHFIII+DAB 12...32dB \/ UHF 16...36dB, 24V 80mA, Easy F-liittimet - NettiSeitti\" \/>\n<meta property=\"og:description\" content=\"Mastovahvistin LTE700-suodatuksella ja laajoilla vahvistus-s\u00e4\u00e4d\u00f6ill\u00e4. Pirkanmaa, Satakunta, Etel\u00e4-Pohjanmaa, Pohjanmaa, Sein\u00e4joki, Sastamala, Tampere, Pori.\" \/>\n<meta property=\"og:url\" content=\"https:\/\/nettiseitti.fi\/showroom\/tuote\/televes-t535720-mastovahvistin-3-in-1-out-lte700-ready-fm-5-15db-vhfiiidab-12-32db-uhf-16-36db-24v-80ma-easy-f-liittimet\/\" \/>\n<meta property=\"og:site_name\" content=\"NettiSeitti\" \/>\n<meta property=\"article:modified_time\" content=\"2025-07-11T10:33:45+00:00\" \/>\n<meta property=\"og:image\" content=\"https:\/\/nettiseitti.fi\/showroom\/wp-content\/uploads\/2025\/07\/televes_t535720.jpg\" \/>\n\t<meta property=\"og:image:width\" content=\"759\" \/>\n\t<meta property=\"og:image:height\" content=\"762\" \/>\n\t<meta property=\"og:image:type\" content=\"image\/jpeg\" \/>\n<meta name=\"twitter:card\" content=\"summary_large_image\" \/>\n<meta name=\"twitter:label1\" content=\"Arvioitu lukuaika\" \/>\n\t<meta name=\"twitter:data1\" content=\"1 minuutti\" \/>\n<script type=\"application\/ld+json\" class=\"yoast-schema-graph\">{\"@context\":\"https:\\\/\\\/schema.org\",\"@graph\":[{\"@type\":\"WebPage\",\"@id\":\"https:\\\/\\\/nettiseitti.fi\\\/showroom\\\/tuote\\\/televes-t535720-mastovahvistin-3-in-1-out-lte700-ready-fm-5-15db-vhfiiidab-12-32db-uhf-16-36db-24v-80ma-easy-f-liittimet\\\/\",\"url\":\"https:\\\/\\\/nettiseitti.fi\\\/showroom\\\/tuote\\\/televes-t535720-mastovahvistin-3-in-1-out-lte700-ready-fm-5-15db-vhfiiidab-12-32db-uhf-16-36db-24v-80ma-easy-f-liittimet\\\/\",\"name\":\"Televes T535720 mastovahvistin, 3 in, 1 out, LTE700-Ready, FM -5...15dB \\\/ VHFIII+DAB 12...32dB \\\/ UHF 16...36dB, 24V 80mA, Easy F-liittimet - NettiSeitti\",\"isPartOf\":{\"@id\":\"https:\\\/\\\/nettiseitti.fi\\\/showroom\\\/#website\"},\"primaryImageOfPage\":{\"@id\":\"https:\\\/\\\/nettiseitti.fi\\\/showroom\\\/tuote\\\/televes-t535720-mastovahvistin-3-in-1-out-lte700-ready-fm-5-15db-vhfiiidab-12-32db-uhf-16-36db-24v-80ma-easy-f-liittimet\\\/#primaryimage\"},\"image\":{\"@id\":\"https:\\\/\\\/nettiseitti.fi\\\/showroom\\\/tuote\\\/televes-t535720-mastovahvistin-3-in-1-out-lte700-ready-fm-5-15db-vhfiiidab-12-32db-uhf-16-36db-24v-80ma-easy-f-liittimet\\\/#primaryimage\"},\"thumbnailUrl\":\"https:\\\/\\\/nettiseitti.fi\\\/showroom\\\/wp-content\\\/uploads\\\/2025\\\/07\\\/televes_t535720.jpg\",\"datePublished\":\"2025-07-11T10:33:32+00:00\",\"dateModified\":\"2025-07-11T10:33:45+00:00\",\"description\":\"Mastovahvistin LTE700-suodatuksella ja laajoilla vahvistus-s\u00e4\u00e4d\u00f6ill\u00e4. Pirkanmaa, Satakunta, Etel\u00e4-Pohjanmaa, Pohjanmaa, Sein\u00e4joki, Sastamala, Tampere, Pori.\",\"breadcrumb\":{\"@id\":\"https:\\\/\\\/nettiseitti.fi\\\/showroom\\\/tuote\\\/televes-t535720-mastovahvistin-3-in-1-out-lte700-ready-fm-5-15db-vhfiiidab-12-32db-uhf-16-36db-24v-80ma-easy-f-liittimet\\\/#breadcrumb\"},\"inLanguage\":\"fi\",\"potentialAction\":[{\"@type\":\"ReadAction\",\"target\":[\"https:\\\/\\\/nettiseitti.fi\\\/showroom\\\/tuote\\\/televes-t535720-mastovahvistin-3-in-1-out-lte700-ready-fm-5-15db-vhfiiidab-12-32db-uhf-16-36db-24v-80ma-easy-f-liittimet\\\/\"]}]},{\"@type\":\"ImageObject\",\"inLanguage\":\"fi\",\"@id\":\"https:\\\/\\\/nettiseitti.fi\\\/showroom\\\/tuote\\\/televes-t535720-mastovahvistin-3-in-1-out-lte700-ready-fm-5-15db-vhfiiidab-12-32db-uhf-16-36db-24v-80ma-easy-f-liittimet\\\/#primaryimage\",\"url\":\"https:\\\/\\\/nettiseitti.fi\\\/showroom\\\/wp-content\\\/uploads\\\/2025\\\/07\\\/televes_t535720.jpg\",\"contentUrl\":\"https:\\\/\\\/nettiseitti.fi\\\/showroom\\\/wp-content\\\/uploads\\\/2025\\\/07\\\/televes_t535720.jpg\",\"width\":759,\"height\":762},{\"@type\":\"BreadcrumbList\",\"@id\":\"https:\\\/\\\/nettiseitti.fi\\\/showroom\\\/tuote\\\/televes-t535720-mastovahvistin-3-in-1-out-lte700-ready-fm-5-15db-vhfiiidab-12-32db-uhf-16-36db-24v-80ma-easy-f-liittimet\\\/#breadcrumb\",\"itemListElement\":[{\"@type\":\"ListItem\",\"position\":1,\"name\":\"Etusivu\",\"item\":\"https:\\\/\\\/nettiseitti.fi\\\/showroom\\\/\"},{\"@type\":\"ListItem\",\"position\":2,\"name\":\"Tuotteet\",\"item\":\"https:\\\/\\\/nettiseitti.fi\\\/showroom\\\/tuotteet\\\/\"},{\"@type\":\"ListItem\",\"position\":3,\"name\":\"Televes T535720 mastovahvistin, 3 in, 1 out, LTE700-Ready, FM -5&#8230;15dB \\\/ VHFIII+DAB 12&#8230;32dB \\\/ UHF 16&#8230;36dB, 24V 80mA, Easy F-liittimet\"}]},{\"@type\":\"WebSite\",\"@id\":\"https:\\\/\\\/nettiseitti.fi\\\/showroom\\\/#website\",\"url\":\"https:\\\/\\\/nettiseitti.fi\\\/showroom\\\/\",\"name\":\"NettiSeitti\",\"description\":\"\",\"publisher\":{\"@id\":\"https:\\\/\\\/nettiseitti.fi\\\/showroom\\\/#organization\"},\"potentialAction\":[{\"@type\":\"SearchAction\",\"target\":{\"@type\":\"EntryPoint\",\"urlTemplate\":\"https:\\\/\\\/nettiseitti.fi\\\/showroom\\\/?s={search_term_string}\"},\"query-input\":{\"@type\":\"PropertyValueSpecification\",\"valueRequired\":true,\"valueName\":\"search_term_string\"}}],\"inLanguage\":\"fi\"},{\"@type\":\"Organization\",\"@id\":\"https:\\\/\\\/nettiseitti.fi\\\/showroom\\\/#organization\",\"name\":\"NettiSeitti\",\"url\":\"https:\\\/\\\/nettiseitti.fi\\\/showroom\\\/\",\"logo\":{\"@type\":\"ImageObject\",\"inLanguage\":\"fi\",\"@id\":\"https:\\\/\\\/nettiseitti.fi\\\/showroom\\\/#\\\/schema\\\/logo\\\/image\\\/\",\"url\":\"https:\\\/\\\/nettiseitti.fi\\\/showroom\\\/wp-content\\\/uploads\\\/2024\\\/03\\\/nettiseitti_lapinakyva_tausta.png\",\"contentUrl\":\"https:\\\/\\\/nettiseitti.fi\\\/showroom\\\/wp-content\\\/uploads\\\/2024\\\/03\\\/nettiseitti_lapinakyva_tausta.png\",\"width\":2176,\"height\":741,\"caption\":\"NettiSeitti\"},\"image\":{\"@id\":\"https:\\\/\\\/nettiseitti.fi\\\/showroom\\\/#\\\/schema\\\/logo\\\/image\\\/\"}}]}<\/script>\n<!-- \/ Yoast SEO plugin. -->","yoast_head_json":{"title":"Televes T535720 mastovahvistin, 3 in, 1 out, LTE700-Ready, FM -5...15dB \/ VHFIII+DAB 12...32dB \/ UHF 16...36dB, 24V 80mA, Easy F-liittimet - NettiSeitti","description":"Mastovahvistin LTE700-suodatuksella ja laajoilla vahvistus-s\u00e4\u00e4d\u00f6ill\u00e4. Pirkanmaa, Satakunta, Etel\u00e4-Pohjanmaa, Pohjanmaa, Sein\u00e4joki, Sastamala, Tampere, Pori.","robots":{"index":"index","follow":"follow","max-snippet":"max-snippet:-1","max-image-preview":"max-image-preview:large","max-video-preview":"max-video-preview:-1"},"canonical":"https:\/\/nettiseitti.fi\/showroom\/tuote\/televes-t535720-mastovahvistin-3-in-1-out-lte700-ready-fm-5-15db-vhfiiidab-12-32db-uhf-16-36db-24v-80ma-easy-f-liittimet\/","og_locale":"fi_FI","og_type":"article","og_title":"Televes T535720 mastovahvistin, 3 in, 1 out, LTE700-Ready, FM -5...15dB \/ VHFIII+DAB 12...32dB \/ UHF 16...36dB, 24V 80mA, Easy F-liittimet - NettiSeitti","og_description":"Mastovahvistin LTE700-suodatuksella ja laajoilla vahvistus-s\u00e4\u00e4d\u00f6ill\u00e4. Pirkanmaa, Satakunta, Etel\u00e4-Pohjanmaa, Pohjanmaa, Sein\u00e4joki, Sastamala, Tampere, Pori.","og_url":"https:\/\/nettiseitti.fi\/showroom\/tuote\/televes-t535720-mastovahvistin-3-in-1-out-lte700-ready-fm-5-15db-vhfiiidab-12-32db-uhf-16-36db-24v-80ma-easy-f-liittimet\/","og_site_name":"NettiSeitti","article_modified_time":"2025-07-11T10:33:45+00:00","og_image":[{"width":759,"height":762,"url":"https:\/\/nettiseitti.fi\/showroom\/wp-content\/uploads\/2025\/07\/televes_t535720.jpg","type":"image\/jpeg"}],"twitter_card":"summary_large_image","twitter_misc":{"Arvioitu lukuaika":"1 minuutti"},"schema":{"@context":"https:\/\/schema.org","@graph":[{"@type":"WebPage","@id":"https:\/\/nettiseitti.fi\/showroom\/tuote\/televes-t535720-mastovahvistin-3-in-1-out-lte700-ready-fm-5-15db-vhfiiidab-12-32db-uhf-16-36db-24v-80ma-easy-f-liittimet\/","url":"https:\/\/nettiseitti.fi\/showroom\/tuote\/televes-t535720-mastovahvistin-3-in-1-out-lte700-ready-fm-5-15db-vhfiiidab-12-32db-uhf-16-36db-24v-80ma-easy-f-liittimet\/","name":"Televes T535720 mastovahvistin, 3 in, 1 out, LTE700-Ready, FM -5...15dB \/ VHFIII+DAB 12...32dB \/ UHF 16...36dB, 24V 80mA, Easy F-liittimet - NettiSeitti","isPartOf":{"@id":"https:\/\/nettiseitti.fi\/showroom\/#website"},"primaryImageOfPage":{"@id":"https:\/\/nettiseitti.fi\/showroom\/tuote\/televes-t535720-mastovahvistin-3-in-1-out-lte700-ready-fm-5-15db-vhfiiidab-12-32db-uhf-16-36db-24v-80ma-easy-f-liittimet\/#primaryimage"},"image":{"@id":"https:\/\/nettiseitti.fi\/showroom\/tuote\/televes-t535720-mastovahvistin-3-in-1-out-lte700-ready-fm-5-15db-vhfiiidab-12-32db-uhf-16-36db-24v-80ma-easy-f-liittimet\/#primaryimage"},"thumbnailUrl":"https:\/\/nettiseitti.fi\/showroom\/wp-content\/uploads\/2025\/07\/televes_t535720.jpg","datePublished":"2025-07-11T10:33:32+00:00","dateModified":"2025-07-11T10:33:45+00:00","description":"Mastovahvistin LTE700-suodatuksella ja laajoilla vahvistus-s\u00e4\u00e4d\u00f6ill\u00e4. Pirkanmaa, Satakunta, Etel\u00e4-Pohjanmaa, Pohjanmaa, Sein\u00e4joki, Sastamala, Tampere, Pori.","breadcrumb":{"@id":"https:\/\/nettiseitti.fi\/showroom\/tuote\/televes-t535720-mastovahvistin-3-in-1-out-lte700-ready-fm-5-15db-vhfiiidab-12-32db-uhf-16-36db-24v-80ma-easy-f-liittimet\/#breadcrumb"},"inLanguage":"fi","potentialAction":[{"@type":"ReadAction","target":["https:\/\/nettiseitti.fi\/showroom\/tuote\/televes-t535720-mastovahvistin-3-in-1-out-lte700-ready-fm-5-15db-vhfiiidab-12-32db-uhf-16-36db-24v-80ma-easy-f-liittimet\/"]}]},{"@type":"ImageObject","inLanguage":"fi","@id":"https:\/\/nettiseitti.fi\/showroom\/tuote\/televes-t535720-mastovahvistin-3-in-1-out-lte700-ready-fm-5-15db-vhfiiidab-12-32db-uhf-16-36db-24v-80ma-easy-f-liittimet\/#primaryimage","url":"https:\/\/nettiseitti.fi\/showroom\/wp-content\/uploads\/2025\/07\/televes_t535720.jpg","contentUrl":"https:\/\/nettiseitti.fi\/showroom\/wp-content\/uploads\/2025\/07\/televes_t535720.jpg","width":759,"height":762},{"@type":"BreadcrumbList","@id":"https:\/\/nettiseitti.fi\/showroom\/tuote\/televes-t535720-mastovahvistin-3-in-1-out-lte700-ready-fm-5-15db-vhfiiidab-12-32db-uhf-16-36db-24v-80ma-easy-f-liittimet\/#breadcrumb","itemListElement":[{"@type":"ListItem","position":1,"name":"Etusivu","item":"https:\/\/nettiseitti.fi\/showroom\/"},{"@type":"ListItem","position":2,"name":"Tuotteet","item":"https:\/\/nettiseitti.fi\/showroom\/tuotteet\/"},{"@type":"ListItem","position":3,"name":"Televes T535720 mastovahvistin, 3 in, 1 out, LTE700-Ready, FM -5&#8230;15dB \/ VHFIII+DAB 12&#8230;32dB \/ UHF 16&#8230;36dB, 24V 80mA, Easy F-liittimet"}]},{"@type":"WebSite","@id":"https:\/\/nettiseitti.fi\/showroom\/#website","url":"https:\/\/nettiseitti.fi\/showroom\/","name":"NettiSeitti","description":"","publisher":{"@id":"https:\/\/nettiseitti.fi\/showroom\/#organization"},"potentialAction":[{"@type":"SearchAction","target":{"@type":"EntryPoint","urlTemplate":"https:\/\/nettiseitti.fi\/showroom\/?s={search_term_string}"},"query-input":{"@type":"PropertyValueSpecification","valueRequired":true,"valueName":"search_term_string"}}],"inLanguage":"fi"},{"@type":"Organization","@id":"https:\/\/nettiseitti.fi\/showroom\/#organization","name":"NettiSeitti","url":"https:\/\/nettiseitti.fi\/showroom\/","logo":{"@type":"ImageObject","inLanguage":"fi","@id":"https:\/\/nettiseitti.fi\/showroom\/#\/schema\/logo\/image\/","url":"https:\/\/nettiseitti.fi\/showroom\/wp-content\/uploads\/2024\/03\/nettiseitti_lapinakyva_tausta.png","contentUrl":"https:\/\/nettiseitti.fi\/showroom\/wp-content\/uploads\/2024\/03\/nettiseitti_lapinakyva_tausta.png","width":2176,"height":741,"caption":"NettiSeitti"},"image":{"@id":"https:\/\/nettiseitti.fi\/showroom\/#\/schema\/logo\/image\/"}}]}},"_links":{"self":[{"href":"https:\/\/nettiseitti.fi\/showroom\/wp-json\/wp\/v2\/product\/14411","targetHints":{"allow":["GET"]}}],"collection":[{"href":"https:\/\/nettiseitti.fi\/showroom\/wp-json\/wp\/v2\/product"}],"about":[{"href":"https:\/\/nettiseitti.fi\/showroom\/wp-json\/wp\/v2\/types\/product"}],"wp:featuredmedia":[{"embeddable":true,"href":"https:\/\/nettiseitti.fi\/showroom\/wp-json\/wp\/v2\/media\/14412"}],"wp:attachment":[{"href":"https:\/\/nettiseitti.fi\/showroom\/wp-json\/wp\/v2\/media?parent=14411"}],"wp:term":[{"taxonomy":"product_brand","embeddable":true,"href":"https:\/\/nettiseitti.fi\/showroom\/wp-json\/wp\/v2\/product_brand?post=14411"},{"taxonomy":"product_cat","embeddable":true,"href":"https:\/\/nettiseitti.fi\/showroom\/wp-json\/wp\/v2\/product_cat?post=14411"},{"taxonomy":"product_tag","embeddable":true,"href":"https:\/\/nettiseitti.fi\/showroom\/wp-json\/wp\/v2\/product_tag?post=14411"}],"curies":[{"name":"wp","href":"https:\/\/api.w.org\/{rel}","templated":true}]}}