{"id":14497,"date":"2025-09-30T19:59:45","date_gmt":"2025-09-30T16:59:45","guid":{"rendered":"https:\/\/nettiseitti.fi\/showroom\/?post_type=product&#038;p=14497"},"modified":"2025-10-02T13:36:42","modified_gmt":"2025-10-02T10:36:42","slug":"xerox-versalink-c7000v-dn-a3-varilasertulostin","status":"publish","type":"product","link":"https:\/\/nettiseitti.fi\/showroom\/tuote\/xerox-versalink-c7000v-dn-a3-varilasertulostin\/","title":{"rendered":"Xerox VersaLink C7000V\/DN A3-v\u00e4rilasertulostin"},"content":{"rendered":"<p>A3-v\u00e4rilasertulostin isolla sy\u00f6tt\u00f6lokerolla ja automaattisella kaksipuolisella tulostuksella.<\/p>\n<p>Ominaisuuksia:<\/p>\n<ul>\n<li>5&#8243; v\u00e4rikosketusn\u00e4ytt\u00f6<\/li>\n<li>Automaattinen kaksipuolinen tulostus<\/li>\n<li>Max tulostusresoluutio jopa 1200 x 2400 dpi<\/li>\n<li>Vakio sy\u00f6tt\u00f6lokeron koko: 520 arkkia, ohisy\u00f6tt\u00f6lokero: 100 arkkia<\/li>\n<li>Max yht\u00e4jaksoinen tulostuskapasiteetti: 500 sivua<\/li>\n<li>Tulostuskielet: Adobe PostScript 3, HP-GL, JPEG, PCL 5e, 6, PDF, TIFF, XPS<\/li>\n<li>Mobiilitulostustuki: PrintByXerox App, Apple AirPrint, Google Cloud Print, Mopria-sertifioitu, Mopria Print Service Plug-in for Android, Xerox Print Service Plug-in for Android<\/li>\n<li>Tuetut tulostusmateriaalien koot: Alusta (Ohisy\u00f6tt\u00f6alusta): 88.9 x 98.4 mm to 297 x 432 mm, Alusta 1: 139.7 x 182 mm to 297 x 432 mm<\/li>\n<li>2GB ty\u00f6muistia<\/li>\n<li>1.05 GHz -tuplaydinprosessori<\/li>\n<li>Liit\u00e4nn\u00e4t: USB, Ethernet<\/li>\n<li>Saatavissa lis\u00e4varusteena my\u00f6s WiFi-yhteensopivuus erillisell\u00e4 adapterilla, kysy lis\u00e4\u00e4 !<\/li>\n<\/ul>\n<p>Kauttamme my\u00f6s muut tulostimet ja tarvikkeet, ota yhteytt\u00e4 !<\/p>\n<p>Kysy ajantasainen hinnasto ja lis\u00e4tietoja ottamalla meihin yhteytt\u00e4.<br \/>\nMy\u00f6s toimitus mahdollista riippuen tilatuista tuotteista sek\u00e4 sovittaessa laitteiden konfigurointi k\u00e4ytt\u00f6kuntoon asennettuna.<\/p>\n<p>Ota yhteytt\u00e4:<br \/>\nPuh. <a href=\"tel:0401523801\">040 1523801<\/a><br \/>\nS\u00e4hk\u00f6posti: myynti [at] nettiseitti.fi<\/p>\n","protected":false},"excerpt":{"rendered":"<p>A3-kokoluokan v\u00e4rilasertulostin kustannustehokkaassa hintaluokassa.<\/p>\n","protected":false},"featured_media":14498,"template":"","meta":{"neve_meta_sidebar":"","neve_meta_container":"","neve_meta_enable_content_width":"off","neve_meta_content_width":100,"neve_meta_title_alignment":"","neve_meta_author_avatar":"","neve_post_elements_order":"","neve_meta_disable_header":"","neve_meta_disable_footer":"","neve_meta_disable_title":""},"product_brand":[],"product_cat":[484],"product_tag":[483,450,451,100,107,459,106,457,327,446,448,449,453,447,108,105,149,455,445,456,98,101,104,454,96,99,97,103,102,224,458,452],"class_list":{"0":"post-14497","1":"product","2":"type-product","3":"status-publish","4":"has-post-thumbnail","6":"product_cat-a3-tulostimet","7":"product_tag-a3-tulostin","8":"product_tag-ahtari","9":"product_tag-alavus","10":"product_tag-etela-pohjanmaa","11":"product_tag-etela-suomi","12":"product_tag-hameenlinna","13":"product_tag-huittinen","14":"product_tag-ikaalinen","15":"product_tag-jalasjarvi","16":"product_tag-kankaanpaa","17":"product_tag-karvia","18":"product_tag-kauhajoki","19":"product_tag-kauhava","20":"product_tag-kihnio","21":"product_tag-lansi-suomi","22":"product_tag-lapua","23":"product_tag-lasertulostin","24":"product_tag-lempaala","25":"product_tag-nokia","26":"product_tag-parkano","27":"product_tag-pirkanmaa","28":"product_tag-pohjanmaa","29":"product_tag-pori","30":"product_tag-rauma","31":"product_tag-sastamala","32":"product_tag-satakunta","33":"product_tag-seinajoki","34":"product_tag-tampere","35":"product_tag-vaasa","36":"product_tag-varilasertulostin","37":"product_tag-virrat","38":"product_tag-ylojarvi","40":"first","41":"instock","42":"shipping-taxable","43":"product-type-simple"},"yoast_head":"<!-- This site is optimized with the Yoast SEO plugin v27.4 - https:\/\/yoast.com\/product\/yoast-seo-wordpress\/ -->\n<title>Xerox VersaLink C7000V\/DN A3-v\u00e4rilasertulostin - NettiSeitti<\/title>\n<meta name=\"description\" content=\"A3-kokoluokan v\u00e4rilasertulostin kustannustehokkaassa hintaluokassa. Pirkanmaa, Satakunta, Etel\u00e4-Pohjanmaa, Pohjanmaa, Sein\u00e4joki, Sastamala, Tampere, Pori.\" \/>\n<meta name=\"robots\" content=\"index, follow, max-snippet:-1, max-image-preview:large, max-video-preview:-1\" \/>\n<link rel=\"canonical\" href=\"https:\/\/nettiseitti.fi\/showroom\/tuote\/xerox-versalink-c7000v-dn-a3-varilasertulostin\/\" \/>\n<meta property=\"og:locale\" content=\"fi_FI\" \/>\n<meta property=\"og:type\" content=\"article\" \/>\n<meta property=\"og:title\" content=\"Xerox VersaLink C7000V\/DN A3-v\u00e4rilasertulostin - NettiSeitti\" \/>\n<meta property=\"og:description\" content=\"A3-kokoluokan v\u00e4rilasertulostin kustannustehokkaassa hintaluokassa. Pirkanmaa, Satakunta, Etel\u00e4-Pohjanmaa, Pohjanmaa, Sein\u00e4joki, Sastamala, Tampere, Pori.\" \/>\n<meta property=\"og:url\" content=\"https:\/\/nettiseitti.fi\/showroom\/tuote\/xerox-versalink-c7000v-dn-a3-varilasertulostin\/\" \/>\n<meta property=\"og:site_name\" content=\"NettiSeitti\" \/>\n<meta property=\"article:modified_time\" content=\"2025-10-02T10:36:42+00:00\" \/>\n<meta property=\"og:image\" content=\"https:\/\/nettiseitti.fi\/showroom\/wp-content\/uploads\/2025\/09\/xerox_c7000.jpg\" \/>\n\t<meta property=\"og:image:width\" content=\"726\" \/>\n\t<meta property=\"og:image:height\" content=\"750\" \/>\n\t<meta property=\"og:image:type\" content=\"image\/jpeg\" \/>\n<meta name=\"twitter:card\" content=\"summary_large_image\" \/>\n<meta name=\"twitter:label1\" content=\"Arvioitu lukuaika\" \/>\n\t<meta name=\"twitter:data1\" content=\"2 minuuttia\" \/>\n<script type=\"application\/ld+json\" class=\"yoast-schema-graph\">{\"@context\":\"https:\\\/\\\/schema.org\",\"@graph\":[{\"@type\":\"WebPage\",\"@id\":\"https:\\\/\\\/nettiseitti.fi\\\/showroom\\\/tuote\\\/xerox-versalink-c7000v-dn-a3-varilasertulostin\\\/\",\"url\":\"https:\\\/\\\/nettiseitti.fi\\\/showroom\\\/tuote\\\/xerox-versalink-c7000v-dn-a3-varilasertulostin\\\/\",\"name\":\"Xerox VersaLink C7000V\\\/DN A3-v\u00e4rilasertulostin - NettiSeitti\",\"isPartOf\":{\"@id\":\"https:\\\/\\\/nettiseitti.fi\\\/showroom\\\/#website\"},\"primaryImageOfPage\":{\"@id\":\"https:\\\/\\\/nettiseitti.fi\\\/showroom\\\/tuote\\\/xerox-versalink-c7000v-dn-a3-varilasertulostin\\\/#primaryimage\"},\"image\":{\"@id\":\"https:\\\/\\\/nettiseitti.fi\\\/showroom\\\/tuote\\\/xerox-versalink-c7000v-dn-a3-varilasertulostin\\\/#primaryimage\"},\"thumbnailUrl\":\"https:\\\/\\\/nettiseitti.fi\\\/showroom\\\/wp-content\\\/uploads\\\/2025\\\/09\\\/xerox_c7000.jpg\",\"datePublished\":\"2025-09-30T16:59:45+00:00\",\"dateModified\":\"2025-10-02T10:36:42+00:00\",\"description\":\"A3-kokoluokan v\u00e4rilasertulostin kustannustehokkaassa hintaluokassa. Pirkanmaa, Satakunta, Etel\u00e4-Pohjanmaa, Pohjanmaa, Sein\u00e4joki, Sastamala, Tampere, Pori.\",\"breadcrumb\":{\"@id\":\"https:\\\/\\\/nettiseitti.fi\\\/showroom\\\/tuote\\\/xerox-versalink-c7000v-dn-a3-varilasertulostin\\\/#breadcrumb\"},\"inLanguage\":\"fi\",\"potentialAction\":[{\"@type\":\"ReadAction\",\"target\":[\"https:\\\/\\\/nettiseitti.fi\\\/showroom\\\/tuote\\\/xerox-versalink-c7000v-dn-a3-varilasertulostin\\\/\"]}]},{\"@type\":\"ImageObject\",\"inLanguage\":\"fi\",\"@id\":\"https:\\\/\\\/nettiseitti.fi\\\/showroom\\\/tuote\\\/xerox-versalink-c7000v-dn-a3-varilasertulostin\\\/#primaryimage\",\"url\":\"https:\\\/\\\/nettiseitti.fi\\\/showroom\\\/wp-content\\\/uploads\\\/2025\\\/09\\\/xerox_c7000.jpg\",\"contentUrl\":\"https:\\\/\\\/nettiseitti.fi\\\/showroom\\\/wp-content\\\/uploads\\\/2025\\\/09\\\/xerox_c7000.jpg\",\"width\":726,\"height\":750},{\"@type\":\"BreadcrumbList\",\"@id\":\"https:\\\/\\\/nettiseitti.fi\\\/showroom\\\/tuote\\\/xerox-versalink-c7000v-dn-a3-varilasertulostin\\\/#breadcrumb\",\"itemListElement\":[{\"@type\":\"ListItem\",\"position\":1,\"name\":\"Etusivu\",\"item\":\"https:\\\/\\\/nettiseitti.fi\\\/showroom\\\/\"},{\"@type\":\"ListItem\",\"position\":2,\"name\":\"Tuotteet\",\"item\":\"https:\\\/\\\/nettiseitti.fi\\\/showroom\\\/tuotteet\\\/\"},{\"@type\":\"ListItem\",\"position\":3,\"name\":\"Xerox VersaLink C7000V\\\/DN A3-v\u00e4rilasertulostin\"}]},{\"@type\":\"WebSite\",\"@id\":\"https:\\\/\\\/nettiseitti.fi\\\/showroom\\\/#website\",\"url\":\"https:\\\/\\\/nettiseitti.fi\\\/showroom\\\/\",\"name\":\"NettiSeitti\",\"description\":\"\",\"publisher\":{\"@id\":\"https:\\\/\\\/nettiseitti.fi\\\/showroom\\\/#organization\"},\"potentialAction\":[{\"@type\":\"SearchAction\",\"target\":{\"@type\":\"EntryPoint\",\"urlTemplate\":\"https:\\\/\\\/nettiseitti.fi\\\/showroom\\\/?s={search_term_string}\"},\"query-input\":{\"@type\":\"PropertyValueSpecification\",\"valueRequired\":true,\"valueName\":\"search_term_string\"}}],\"inLanguage\":\"fi\"},{\"@type\":\"Organization\",\"@id\":\"https:\\\/\\\/nettiseitti.fi\\\/showroom\\\/#organization\",\"name\":\"NettiSeitti\",\"url\":\"https:\\\/\\\/nettiseitti.fi\\\/showroom\\\/\",\"logo\":{\"@type\":\"ImageObject\",\"inLanguage\":\"fi\",\"@id\":\"https:\\\/\\\/nettiseitti.fi\\\/showroom\\\/#\\\/schema\\\/logo\\\/image\\\/\",\"url\":\"https:\\\/\\\/nettiseitti.fi\\\/showroom\\\/wp-content\\\/uploads\\\/2024\\\/03\\\/nettiseitti_lapinakyva_tausta.png\",\"contentUrl\":\"https:\\\/\\\/nettiseitti.fi\\\/showroom\\\/wp-content\\\/uploads\\\/2024\\\/03\\\/nettiseitti_lapinakyva_tausta.png\",\"width\":2176,\"height\":741,\"caption\":\"NettiSeitti\"},\"image\":{\"@id\":\"https:\\\/\\\/nettiseitti.fi\\\/showroom\\\/#\\\/schema\\\/logo\\\/image\\\/\"}}]}<\/script>\n<!-- \/ Yoast SEO plugin. -->","yoast_head_json":{"title":"Xerox VersaLink C7000V\/DN A3-v\u00e4rilasertulostin - NettiSeitti","description":"A3-kokoluokan v\u00e4rilasertulostin kustannustehokkaassa hintaluokassa. Pirkanmaa, Satakunta, Etel\u00e4-Pohjanmaa, Pohjanmaa, Sein\u00e4joki, Sastamala, Tampere, Pori.","robots":{"index":"index","follow":"follow","max-snippet":"max-snippet:-1","max-image-preview":"max-image-preview:large","max-video-preview":"max-video-preview:-1"},"canonical":"https:\/\/nettiseitti.fi\/showroom\/tuote\/xerox-versalink-c7000v-dn-a3-varilasertulostin\/","og_locale":"fi_FI","og_type":"article","og_title":"Xerox VersaLink C7000V\/DN A3-v\u00e4rilasertulostin - NettiSeitti","og_description":"A3-kokoluokan v\u00e4rilasertulostin kustannustehokkaassa hintaluokassa. Pirkanmaa, Satakunta, Etel\u00e4-Pohjanmaa, Pohjanmaa, Sein\u00e4joki, Sastamala, Tampere, Pori.","og_url":"https:\/\/nettiseitti.fi\/showroom\/tuote\/xerox-versalink-c7000v-dn-a3-varilasertulostin\/","og_site_name":"NettiSeitti","article_modified_time":"2025-10-02T10:36:42+00:00","og_image":[{"width":726,"height":750,"url":"https:\/\/nettiseitti.fi\/showroom\/wp-content\/uploads\/2025\/09\/xerox_c7000.jpg","type":"image\/jpeg"}],"twitter_card":"summary_large_image","twitter_misc":{"Arvioitu lukuaika":"2 minuuttia"},"schema":{"@context":"https:\/\/schema.org","@graph":[{"@type":"WebPage","@id":"https:\/\/nettiseitti.fi\/showroom\/tuote\/xerox-versalink-c7000v-dn-a3-varilasertulostin\/","url":"https:\/\/nettiseitti.fi\/showroom\/tuote\/xerox-versalink-c7000v-dn-a3-varilasertulostin\/","name":"Xerox VersaLink C7000V\/DN A3-v\u00e4rilasertulostin - NettiSeitti","isPartOf":{"@id":"https:\/\/nettiseitti.fi\/showroom\/#website"},"primaryImageOfPage":{"@id":"https:\/\/nettiseitti.fi\/showroom\/tuote\/xerox-versalink-c7000v-dn-a3-varilasertulostin\/#primaryimage"},"image":{"@id":"https:\/\/nettiseitti.fi\/showroom\/tuote\/xerox-versalink-c7000v-dn-a3-varilasertulostin\/#primaryimage"},"thumbnailUrl":"https:\/\/nettiseitti.fi\/showroom\/wp-content\/uploads\/2025\/09\/xerox_c7000.jpg","datePublished":"2025-09-30T16:59:45+00:00","dateModified":"2025-10-02T10:36:42+00:00","description":"A3-kokoluokan v\u00e4rilasertulostin kustannustehokkaassa hintaluokassa. Pirkanmaa, Satakunta, Etel\u00e4-Pohjanmaa, Pohjanmaa, Sein\u00e4joki, Sastamala, Tampere, Pori.","breadcrumb":{"@id":"https:\/\/nettiseitti.fi\/showroom\/tuote\/xerox-versalink-c7000v-dn-a3-varilasertulostin\/#breadcrumb"},"inLanguage":"fi","potentialAction":[{"@type":"ReadAction","target":["https:\/\/nettiseitti.fi\/showroom\/tuote\/xerox-versalink-c7000v-dn-a3-varilasertulostin\/"]}]},{"@type":"ImageObject","inLanguage":"fi","@id":"https:\/\/nettiseitti.fi\/showroom\/tuote\/xerox-versalink-c7000v-dn-a3-varilasertulostin\/#primaryimage","url":"https:\/\/nettiseitti.fi\/showroom\/wp-content\/uploads\/2025\/09\/xerox_c7000.jpg","contentUrl":"https:\/\/nettiseitti.fi\/showroom\/wp-content\/uploads\/2025\/09\/xerox_c7000.jpg","width":726,"height":750},{"@type":"BreadcrumbList","@id":"https:\/\/nettiseitti.fi\/showroom\/tuote\/xerox-versalink-c7000v-dn-a3-varilasertulostin\/#breadcrumb","itemListElement":[{"@type":"ListItem","position":1,"name":"Etusivu","item":"https:\/\/nettiseitti.fi\/showroom\/"},{"@type":"ListItem","position":2,"name":"Tuotteet","item":"https:\/\/nettiseitti.fi\/showroom\/tuotteet\/"},{"@type":"ListItem","position":3,"name":"Xerox VersaLink C7000V\/DN A3-v\u00e4rilasertulostin"}]},{"@type":"WebSite","@id":"https:\/\/nettiseitti.fi\/showroom\/#website","url":"https:\/\/nettiseitti.fi\/showroom\/","name":"NettiSeitti","description":"","publisher":{"@id":"https:\/\/nettiseitti.fi\/showroom\/#organization"},"potentialAction":[{"@type":"SearchAction","target":{"@type":"EntryPoint","urlTemplate":"https:\/\/nettiseitti.fi\/showroom\/?s={search_term_string}"},"query-input":{"@type":"PropertyValueSpecification","valueRequired":true,"valueName":"search_term_string"}}],"inLanguage":"fi"},{"@type":"Organization","@id":"https:\/\/nettiseitti.fi\/showroom\/#organization","name":"NettiSeitti","url":"https:\/\/nettiseitti.fi\/showroom\/","logo":{"@type":"ImageObject","inLanguage":"fi","@id":"https:\/\/nettiseitti.fi\/showroom\/#\/schema\/logo\/image\/","url":"https:\/\/nettiseitti.fi\/showroom\/wp-content\/uploads\/2024\/03\/nettiseitti_lapinakyva_tausta.png","contentUrl":"https:\/\/nettiseitti.fi\/showroom\/wp-content\/uploads\/2024\/03\/nettiseitti_lapinakyva_tausta.png","width":2176,"height":741,"caption":"NettiSeitti"},"image":{"@id":"https:\/\/nettiseitti.fi\/showroom\/#\/schema\/logo\/image\/"}}]}},"_links":{"self":[{"href":"https:\/\/nettiseitti.fi\/showroom\/wp-json\/wp\/v2\/product\/14497","targetHints":{"allow":["GET"]}}],"collection":[{"href":"https:\/\/nettiseitti.fi\/showroom\/wp-json\/wp\/v2\/product"}],"about":[{"href":"https:\/\/nettiseitti.fi\/showroom\/wp-json\/wp\/v2\/types\/product"}],"wp:featuredmedia":[{"embeddable":true,"href":"https:\/\/nettiseitti.fi\/showroom\/wp-json\/wp\/v2\/media\/14498"}],"wp:attachment":[{"href":"https:\/\/nettiseitti.fi\/showroom\/wp-json\/wp\/v2\/media?parent=14497"}],"wp:term":[{"taxonomy":"product_brand","embeddable":true,"href":"https:\/\/nettiseitti.fi\/showroom\/wp-json\/wp\/v2\/product_brand?post=14497"},{"taxonomy":"product_cat","embeddable":true,"href":"https:\/\/nettiseitti.fi\/showroom\/wp-json\/wp\/v2\/product_cat?post=14497"},{"taxonomy":"product_tag","embeddable":true,"href":"https:\/\/nettiseitti.fi\/showroom\/wp-json\/wp\/v2\/product_tag?post=14497"}],"curies":[{"name":"wp","href":"https:\/\/api.w.org\/{rel}","templated":true}]}}