{"id":14615,"date":"2025-11-03T09:58:25","date_gmt":"2025-11-03T07:58:25","guid":{"rendered":"https:\/\/nettiseitti.fi\/showroom\/?post_type=product&#038;p=14615"},"modified":"2026-02-03T15:08:57","modified_gmt":"2026-02-03T13:08:57","slug":"teqcycle-dell-optiplex-7060-micro-mff-intel-core-i5-8500-16gb-ddr4-256gb-m-2-ssd-windows-11-pro-2y-yritystietokone","status":"publish","type":"product","link":"https:\/\/nettiseitti.fi\/showroom\/tuote\/teqcycle-dell-optiplex-7060-micro-mff-intel-core-i5-8500-16gb-ddr4-256gb-m-2-ssd-windows-11-pro-2y-yritystietokone\/","title":{"rendered":"Teqcycle Dell Optiplex 7060 Micro MFF Intel Core i5-8500 \/ 16GB DDR4 \/ 256GB M.2 SSD \/ Windows 11 Pro \/ 2Y -yritystietokone"},"content":{"rendered":"<p>Runsaat liit\u00e4nn\u00e4t ja pieni runko tekev\u00e4t Microsta konttorin ketterimm\u00e4n ty\u00f6juhdan.<\/p>\n<p>Teqcycle Premium laatuluokitus:<\/p>\n<ul>\n<li>Kahden vuoden nouto-korjaus-palautustakuu<\/li>\n<li>Laitteen kotelo on maalattu uutta vastaavaksi<\/li>\n<\/ul>\n<p>Ominaisuuksia:<\/p>\n<ul>\n<li>256GB M.2 SSD-levy<\/li>\n<li>Intel Core i5-8500 6-ydinprosessori (max 4.10 GHz, v\u00e4limuisti 9MB)<\/li>\n<li>16GB DDR4 2666MHz SODIMM -muistia, max. 32GB<\/li>\n<li>Integroitu Intel UHD Graphics 630 -n\u00e4yt\u00f6nohjain<\/li>\n<li>Windows 11 Professional -k\u00e4ytt\u00f6j\u00e4rjestelm\u00e4<\/li>\n<li>Bluetooth 5.0, Wi-Fi 6<\/li>\n<li>Liit\u00e4nn\u00e4t etupaneelissa: 1x USB-A 3.1, 1x USB-C 3.1, 3.5mm audio combo<\/li>\n<li>Liit\u00e4nn\u00e4t takapaneelissa: 2x DisplayPort 1.2, 4x USB-A 3.1, RJ-45<\/li>\n<li>Takuu 2v. nouto-korjaus-palautus<\/li>\n<\/ul>\n<p>Kauttamme my\u00f6s muut tietokoneet ja tarvikkeet, ota yhteytt\u00e4 !<\/p>\n<p>Kysy ajantasainen hinnasto ja lis\u00e4tietoja ottamalla meihin yhteytt\u00e4.<br \/>\nMy\u00f6s toimitus mahdollista riippuen tilatuista tuotteista sek\u00e4 sovittaessa laitteiden konfigurointi k\u00e4ytt\u00f6kuntoon asennettuna.<\/p>\n<p>Ota yhteytt\u00e4:<br \/>\nPuh. <a href=\"tel:0401523801\">040 1523801<\/a><br \/>\nS\u00e4hk\u00f6posti: myynti [at] nettiseitti.fi<\/p>\n<p><img decoding=\"async\" class=\"alignnone  wp-image-14836\" src=\"https:\/\/nettiseitti.fi\/showroom\/wp-content\/uploads\/2025\/12\/dell_authorized_partner-300x87.jpg\" alt=\"\" width=\"193\" height=\"56\" srcset=\"https:\/\/nettiseitti.fi\/showroom\/wp-content\/uploads\/2025\/12\/dell_authorized_partner-300x87.jpg 300w, https:\/\/nettiseitti.fi\/showroom\/wp-content\/uploads\/2025\/12\/dell_authorized_partner-768x223.jpg 768w, https:\/\/nettiseitti.fi\/showroom\/wp-content\/uploads\/2025\/12\/dell_authorized_partner-600x174.jpg 600w, https:\/\/nettiseitti.fi\/showroom\/wp-content\/uploads\/2025\/12\/dell_authorized_partner.jpg 879w\" sizes=\"(max-width: 193px) 100vw, 193px\" \/><\/p>\n","protected":false},"excerpt":{"rendered":"<p>Pienikoinen ja monipuolinen Premium laatutason uusiop\u00f6yt\u00e4kone.<\/p>\n","protected":false},"featured_media":14616,"template":"","meta":{"neve_meta_sidebar":"","neve_meta_container":"","neve_meta_enable_content_width":"off","neve_meta_content_width":100,"neve_meta_title_alignment":"","neve_meta_author_avatar":"","neve_post_elements_order":"","neve_meta_disable_header":"","neve_meta_disable_footer":"","neve_meta_disable_title":""},"product_brand":[],"product_cat":[562],"product_tag":[450,451,160,100,107,459,106,457,327,446,448,449,453,447,108,105,455,405,445,456,98,101,104,454,96,99,97,103,581,102,458,452],"class_list":{"0":"post-14615","1":"product","2":"type-product","3":"status-publish","4":"has-post-thumbnail","6":"product_cat-poytatietokoneet","7":"product_tag-ahtari","8":"product_tag-alavus","9":"product_tag-dell","10":"product_tag-etela-pohjanmaa","11":"product_tag-etela-suomi","12":"product_tag-hameenlinna","13":"product_tag-huittinen","14":"product_tag-ikaalinen","15":"product_tag-jalasjarvi","16":"product_tag-kankaanpaa","17":"product_tag-karvia","18":"product_tag-kauhajoki","19":"product_tag-kauhava","20":"product_tag-kihnio","21":"product_tag-lansi-suomi","22":"product_tag-lapua","23":"product_tag-lempaala","24":"product_tag-minitietokone","25":"product_tag-nokia","26":"product_tag-parkano","27":"product_tag-pirkanmaa","28":"product_tag-pohjanmaa","29":"product_tag-pori","30":"product_tag-rauma","31":"product_tag-sastamala","32":"product_tag-satakunta","33":"product_tag-seinajoki","34":"product_tag-tampere","35":"product_tag-tietokone","36":"product_tag-vaasa","37":"product_tag-virrat","38":"product_tag-ylojarvi","40":"first","41":"instock","42":"shipping-taxable","43":"product-type-simple"},"yoast_head":"<!-- This site is optimized with the Yoast SEO plugin v27.5 - https:\/\/yoast.com\/product\/yoast-seo-wordpress\/ -->\n<title>Teqcycle Dell Optiplex 7060 Micro MFF Intel Core i5-8500 \/ 16GB DDR4 \/ 256GB M.2 SSD \/ Windows 11 Pro \/ 2Y -yritystietokone - NettiSeitti<\/title>\n<meta name=\"description\" content=\"Pienikoinen ja monipuolinen Premium laatutason uusiop\u00f6yt\u00e4kone. Pirkanmaa, Satakunta, Etel\u00e4-Pohjanmaa, Pohjanmaa, Sein\u00e4joki, Sastamala, Tampere, Pori, Vaasa.\" \/>\n<meta name=\"robots\" content=\"index, follow, max-snippet:-1, max-image-preview:large, max-video-preview:-1\" \/>\n<link rel=\"canonical\" href=\"https:\/\/nettiseitti.fi\/showroom\/tuote\/teqcycle-dell-optiplex-7060-micro-mff-intel-core-i5-8500-16gb-ddr4-256gb-m-2-ssd-windows-11-pro-2y-yritystietokone\/\" \/>\n<meta property=\"og:locale\" content=\"fi_FI\" \/>\n<meta property=\"og:type\" content=\"article\" \/>\n<meta property=\"og:title\" content=\"Teqcycle Dell Optiplex 7060 Micro MFF Intel Core i5-8500 \/ 16GB DDR4 \/ 256GB M.2 SSD \/ Windows 11 Pro \/ 2Y -yritystietokone - NettiSeitti\" \/>\n<meta property=\"og:description\" content=\"Pienikoinen ja monipuolinen Premium laatutason uusiop\u00f6yt\u00e4kone. Pirkanmaa, Satakunta, Etel\u00e4-Pohjanmaa, Pohjanmaa, Sein\u00e4joki, Sastamala, Tampere, Pori, Vaasa.\" \/>\n<meta property=\"og:url\" content=\"https:\/\/nettiseitti.fi\/showroom\/tuote\/teqcycle-dell-optiplex-7060-micro-mff-intel-core-i5-8500-16gb-ddr4-256gb-m-2-ssd-windows-11-pro-2y-yritystietokone\/\" \/>\n<meta property=\"og:site_name\" content=\"NettiSeitti\" \/>\n<meta property=\"article:modified_time\" content=\"2026-02-03T13:08:57+00:00\" \/>\n<meta property=\"og:image\" content=\"https:\/\/nettiseitti.fi\/showroom\/wp-content\/uploads\/2025\/11\/teqcycle_dell_optiplex_7060.jpg\" \/>\n\t<meta property=\"og:image:width\" content=\"905\" \/>\n\t<meta property=\"og:image:height\" content=\"891\" \/>\n\t<meta property=\"og:image:type\" content=\"image\/jpeg\" \/>\n<meta name=\"twitter:card\" content=\"summary_large_image\" \/>\n<meta name=\"twitter:label1\" content=\"Arvioitu lukuaika\" \/>\n\t<meta name=\"twitter:data1\" content=\"2 minuuttia\" \/>\n<script type=\"application\/ld+json\" class=\"yoast-schema-graph\">{\"@context\":\"https:\\\/\\\/schema.org\",\"@graph\":[{\"@type\":\"WebPage\",\"@id\":\"https:\\\/\\\/nettiseitti.fi\\\/showroom\\\/tuote\\\/teqcycle-dell-optiplex-7060-micro-mff-intel-core-i5-8500-16gb-ddr4-256gb-m-2-ssd-windows-11-pro-2y-yritystietokone\\\/\",\"url\":\"https:\\\/\\\/nettiseitti.fi\\\/showroom\\\/tuote\\\/teqcycle-dell-optiplex-7060-micro-mff-intel-core-i5-8500-16gb-ddr4-256gb-m-2-ssd-windows-11-pro-2y-yritystietokone\\\/\",\"name\":\"Teqcycle Dell Optiplex 7060 Micro MFF Intel Core i5-8500 \\\/ 16GB DDR4 \\\/ 256GB M.2 SSD \\\/ Windows 11 Pro \\\/ 2Y -yritystietokone - NettiSeitti\",\"isPartOf\":{\"@id\":\"https:\\\/\\\/nettiseitti.fi\\\/showroom\\\/#website\"},\"primaryImageOfPage\":{\"@id\":\"https:\\\/\\\/nettiseitti.fi\\\/showroom\\\/tuote\\\/teqcycle-dell-optiplex-7060-micro-mff-intel-core-i5-8500-16gb-ddr4-256gb-m-2-ssd-windows-11-pro-2y-yritystietokone\\\/#primaryimage\"},\"image\":{\"@id\":\"https:\\\/\\\/nettiseitti.fi\\\/showroom\\\/tuote\\\/teqcycle-dell-optiplex-7060-micro-mff-intel-core-i5-8500-16gb-ddr4-256gb-m-2-ssd-windows-11-pro-2y-yritystietokone\\\/#primaryimage\"},\"thumbnailUrl\":\"https:\\\/\\\/nettiseitti.fi\\\/showroom\\\/wp-content\\\/uploads\\\/2025\\\/11\\\/teqcycle_dell_optiplex_7060.jpg\",\"datePublished\":\"2025-11-03T07:58:25+00:00\",\"dateModified\":\"2026-02-03T13:08:57+00:00\",\"description\":\"Pienikoinen ja monipuolinen Premium laatutason uusiop\u00f6yt\u00e4kone. Pirkanmaa, Satakunta, Etel\u00e4-Pohjanmaa, Pohjanmaa, Sein\u00e4joki, Sastamala, Tampere, Pori, Vaasa.\",\"breadcrumb\":{\"@id\":\"https:\\\/\\\/nettiseitti.fi\\\/showroom\\\/tuote\\\/teqcycle-dell-optiplex-7060-micro-mff-intel-core-i5-8500-16gb-ddr4-256gb-m-2-ssd-windows-11-pro-2y-yritystietokone\\\/#breadcrumb\"},\"inLanguage\":\"fi\",\"potentialAction\":[{\"@type\":\"ReadAction\",\"target\":[\"https:\\\/\\\/nettiseitti.fi\\\/showroom\\\/tuote\\\/teqcycle-dell-optiplex-7060-micro-mff-intel-core-i5-8500-16gb-ddr4-256gb-m-2-ssd-windows-11-pro-2y-yritystietokone\\\/\"]}]},{\"@type\":\"ImageObject\",\"inLanguage\":\"fi\",\"@id\":\"https:\\\/\\\/nettiseitti.fi\\\/showroom\\\/tuote\\\/teqcycle-dell-optiplex-7060-micro-mff-intel-core-i5-8500-16gb-ddr4-256gb-m-2-ssd-windows-11-pro-2y-yritystietokone\\\/#primaryimage\",\"url\":\"https:\\\/\\\/nettiseitti.fi\\\/showroom\\\/wp-content\\\/uploads\\\/2025\\\/11\\\/teqcycle_dell_optiplex_7060.jpg\",\"contentUrl\":\"https:\\\/\\\/nettiseitti.fi\\\/showroom\\\/wp-content\\\/uploads\\\/2025\\\/11\\\/teqcycle_dell_optiplex_7060.jpg\",\"width\":905,\"height\":891},{\"@type\":\"BreadcrumbList\",\"@id\":\"https:\\\/\\\/nettiseitti.fi\\\/showroom\\\/tuote\\\/teqcycle-dell-optiplex-7060-micro-mff-intel-core-i5-8500-16gb-ddr4-256gb-m-2-ssd-windows-11-pro-2y-yritystietokone\\\/#breadcrumb\",\"itemListElement\":[{\"@type\":\"ListItem\",\"position\":1,\"name\":\"Etusivu\",\"item\":\"https:\\\/\\\/nettiseitti.fi\\\/showroom\\\/\"},{\"@type\":\"ListItem\",\"position\":2,\"name\":\"Tuotteet\",\"item\":\"https:\\\/\\\/nettiseitti.fi\\\/showroom\\\/tuotteet\\\/\"},{\"@type\":\"ListItem\",\"position\":3,\"name\":\"Teqcycle Dell Optiplex 7060 Micro MFF Intel Core i5-8500 \\\/ 16GB DDR4 \\\/ 256GB M.2 SSD \\\/ Windows 11 Pro \\\/ 2Y -yritystietokone\"}]},{\"@type\":\"WebSite\",\"@id\":\"https:\\\/\\\/nettiseitti.fi\\\/showroom\\\/#website\",\"url\":\"https:\\\/\\\/nettiseitti.fi\\\/showroom\\\/\",\"name\":\"NettiSeitti\",\"description\":\"\",\"publisher\":{\"@id\":\"https:\\\/\\\/nettiseitti.fi\\\/showroom\\\/#organization\"},\"potentialAction\":[{\"@type\":\"SearchAction\",\"target\":{\"@type\":\"EntryPoint\",\"urlTemplate\":\"https:\\\/\\\/nettiseitti.fi\\\/showroom\\\/?s={search_term_string}\"},\"query-input\":{\"@type\":\"PropertyValueSpecification\",\"valueRequired\":true,\"valueName\":\"search_term_string\"}}],\"inLanguage\":\"fi\"},{\"@type\":\"Organization\",\"@id\":\"https:\\\/\\\/nettiseitti.fi\\\/showroom\\\/#organization\",\"name\":\"NettiSeitti\",\"url\":\"https:\\\/\\\/nettiseitti.fi\\\/showroom\\\/\",\"logo\":{\"@type\":\"ImageObject\",\"inLanguage\":\"fi\",\"@id\":\"https:\\\/\\\/nettiseitti.fi\\\/showroom\\\/#\\\/schema\\\/logo\\\/image\\\/\",\"url\":\"https:\\\/\\\/nettiseitti.fi\\\/showroom\\\/wp-content\\\/uploads\\\/2024\\\/03\\\/nettiseitti_lapinakyva_tausta.png\",\"contentUrl\":\"https:\\\/\\\/nettiseitti.fi\\\/showroom\\\/wp-content\\\/uploads\\\/2024\\\/03\\\/nettiseitti_lapinakyva_tausta.png\",\"width\":2176,\"height\":741,\"caption\":\"NettiSeitti\"},\"image\":{\"@id\":\"https:\\\/\\\/nettiseitti.fi\\\/showroom\\\/#\\\/schema\\\/logo\\\/image\\\/\"}}]}<\/script>\n<!-- \/ Yoast SEO plugin. -->","yoast_head_json":{"title":"Teqcycle Dell Optiplex 7060 Micro MFF Intel Core i5-8500 \/ 16GB DDR4 \/ 256GB M.2 SSD \/ Windows 11 Pro \/ 2Y -yritystietokone - NettiSeitti","description":"Pienikoinen ja monipuolinen Premium laatutason uusiop\u00f6yt\u00e4kone. Pirkanmaa, Satakunta, Etel\u00e4-Pohjanmaa, Pohjanmaa, Sein\u00e4joki, Sastamala, Tampere, Pori, Vaasa.","robots":{"index":"index","follow":"follow","max-snippet":"max-snippet:-1","max-image-preview":"max-image-preview:large","max-video-preview":"max-video-preview:-1"},"canonical":"https:\/\/nettiseitti.fi\/showroom\/tuote\/teqcycle-dell-optiplex-7060-micro-mff-intel-core-i5-8500-16gb-ddr4-256gb-m-2-ssd-windows-11-pro-2y-yritystietokone\/","og_locale":"fi_FI","og_type":"article","og_title":"Teqcycle Dell Optiplex 7060 Micro MFF Intel Core i5-8500 \/ 16GB DDR4 \/ 256GB M.2 SSD \/ Windows 11 Pro \/ 2Y -yritystietokone - NettiSeitti","og_description":"Pienikoinen ja monipuolinen Premium laatutason uusiop\u00f6yt\u00e4kone. Pirkanmaa, Satakunta, Etel\u00e4-Pohjanmaa, Pohjanmaa, Sein\u00e4joki, Sastamala, Tampere, Pori, Vaasa.","og_url":"https:\/\/nettiseitti.fi\/showroom\/tuote\/teqcycle-dell-optiplex-7060-micro-mff-intel-core-i5-8500-16gb-ddr4-256gb-m-2-ssd-windows-11-pro-2y-yritystietokone\/","og_site_name":"NettiSeitti","article_modified_time":"2026-02-03T13:08:57+00:00","og_image":[{"width":905,"height":891,"url":"https:\/\/nettiseitti.fi\/showroom\/wp-content\/uploads\/2025\/11\/teqcycle_dell_optiplex_7060.jpg","type":"image\/jpeg"}],"twitter_card":"summary_large_image","twitter_misc":{"Arvioitu lukuaika":"2 minuuttia"},"schema":{"@context":"https:\/\/schema.org","@graph":[{"@type":"WebPage","@id":"https:\/\/nettiseitti.fi\/showroom\/tuote\/teqcycle-dell-optiplex-7060-micro-mff-intel-core-i5-8500-16gb-ddr4-256gb-m-2-ssd-windows-11-pro-2y-yritystietokone\/","url":"https:\/\/nettiseitti.fi\/showroom\/tuote\/teqcycle-dell-optiplex-7060-micro-mff-intel-core-i5-8500-16gb-ddr4-256gb-m-2-ssd-windows-11-pro-2y-yritystietokone\/","name":"Teqcycle Dell Optiplex 7060 Micro MFF Intel Core i5-8500 \/ 16GB DDR4 \/ 256GB M.2 SSD \/ Windows 11 Pro \/ 2Y -yritystietokone - NettiSeitti","isPartOf":{"@id":"https:\/\/nettiseitti.fi\/showroom\/#website"},"primaryImageOfPage":{"@id":"https:\/\/nettiseitti.fi\/showroom\/tuote\/teqcycle-dell-optiplex-7060-micro-mff-intel-core-i5-8500-16gb-ddr4-256gb-m-2-ssd-windows-11-pro-2y-yritystietokone\/#primaryimage"},"image":{"@id":"https:\/\/nettiseitti.fi\/showroom\/tuote\/teqcycle-dell-optiplex-7060-micro-mff-intel-core-i5-8500-16gb-ddr4-256gb-m-2-ssd-windows-11-pro-2y-yritystietokone\/#primaryimage"},"thumbnailUrl":"https:\/\/nettiseitti.fi\/showroom\/wp-content\/uploads\/2025\/11\/teqcycle_dell_optiplex_7060.jpg","datePublished":"2025-11-03T07:58:25+00:00","dateModified":"2026-02-03T13:08:57+00:00","description":"Pienikoinen ja monipuolinen Premium laatutason uusiop\u00f6yt\u00e4kone. Pirkanmaa, Satakunta, Etel\u00e4-Pohjanmaa, Pohjanmaa, Sein\u00e4joki, Sastamala, Tampere, Pori, Vaasa.","breadcrumb":{"@id":"https:\/\/nettiseitti.fi\/showroom\/tuote\/teqcycle-dell-optiplex-7060-micro-mff-intel-core-i5-8500-16gb-ddr4-256gb-m-2-ssd-windows-11-pro-2y-yritystietokone\/#breadcrumb"},"inLanguage":"fi","potentialAction":[{"@type":"ReadAction","target":["https:\/\/nettiseitti.fi\/showroom\/tuote\/teqcycle-dell-optiplex-7060-micro-mff-intel-core-i5-8500-16gb-ddr4-256gb-m-2-ssd-windows-11-pro-2y-yritystietokone\/"]}]},{"@type":"ImageObject","inLanguage":"fi","@id":"https:\/\/nettiseitti.fi\/showroom\/tuote\/teqcycle-dell-optiplex-7060-micro-mff-intel-core-i5-8500-16gb-ddr4-256gb-m-2-ssd-windows-11-pro-2y-yritystietokone\/#primaryimage","url":"https:\/\/nettiseitti.fi\/showroom\/wp-content\/uploads\/2025\/11\/teqcycle_dell_optiplex_7060.jpg","contentUrl":"https:\/\/nettiseitti.fi\/showroom\/wp-content\/uploads\/2025\/11\/teqcycle_dell_optiplex_7060.jpg","width":905,"height":891},{"@type":"BreadcrumbList","@id":"https:\/\/nettiseitti.fi\/showroom\/tuote\/teqcycle-dell-optiplex-7060-micro-mff-intel-core-i5-8500-16gb-ddr4-256gb-m-2-ssd-windows-11-pro-2y-yritystietokone\/#breadcrumb","itemListElement":[{"@type":"ListItem","position":1,"name":"Etusivu","item":"https:\/\/nettiseitti.fi\/showroom\/"},{"@type":"ListItem","position":2,"name":"Tuotteet","item":"https:\/\/nettiseitti.fi\/showroom\/tuotteet\/"},{"@type":"ListItem","position":3,"name":"Teqcycle Dell Optiplex 7060 Micro MFF Intel Core i5-8500 \/ 16GB DDR4 \/ 256GB M.2 SSD \/ Windows 11 Pro \/ 2Y -yritystietokone"}]},{"@type":"WebSite","@id":"https:\/\/nettiseitti.fi\/showroom\/#website","url":"https:\/\/nettiseitti.fi\/showroom\/","name":"NettiSeitti","description":"","publisher":{"@id":"https:\/\/nettiseitti.fi\/showroom\/#organization"},"potentialAction":[{"@type":"SearchAction","target":{"@type":"EntryPoint","urlTemplate":"https:\/\/nettiseitti.fi\/showroom\/?s={search_term_string}"},"query-input":{"@type":"PropertyValueSpecification","valueRequired":true,"valueName":"search_term_string"}}],"inLanguage":"fi"},{"@type":"Organization","@id":"https:\/\/nettiseitti.fi\/showroom\/#organization","name":"NettiSeitti","url":"https:\/\/nettiseitti.fi\/showroom\/","logo":{"@type":"ImageObject","inLanguage":"fi","@id":"https:\/\/nettiseitti.fi\/showroom\/#\/schema\/logo\/image\/","url":"https:\/\/nettiseitti.fi\/showroom\/wp-content\/uploads\/2024\/03\/nettiseitti_lapinakyva_tausta.png","contentUrl":"https:\/\/nettiseitti.fi\/showroom\/wp-content\/uploads\/2024\/03\/nettiseitti_lapinakyva_tausta.png","width":2176,"height":741,"caption":"NettiSeitti"},"image":{"@id":"https:\/\/nettiseitti.fi\/showroom\/#\/schema\/logo\/image\/"}}]}},"_links":{"self":[{"href":"https:\/\/nettiseitti.fi\/showroom\/wp-json\/wp\/v2\/product\/14615","targetHints":{"allow":["GET"]}}],"collection":[{"href":"https:\/\/nettiseitti.fi\/showroom\/wp-json\/wp\/v2\/product"}],"about":[{"href":"https:\/\/nettiseitti.fi\/showroom\/wp-json\/wp\/v2\/types\/product"}],"wp:featuredmedia":[{"embeddable":true,"href":"https:\/\/nettiseitti.fi\/showroom\/wp-json\/wp\/v2\/media\/14616"}],"wp:attachment":[{"href":"https:\/\/nettiseitti.fi\/showroom\/wp-json\/wp\/v2\/media?parent=14615"}],"wp:term":[{"taxonomy":"product_brand","embeddable":true,"href":"https:\/\/nettiseitti.fi\/showroom\/wp-json\/wp\/v2\/product_brand?post=14615"},{"taxonomy":"product_cat","embeddable":true,"href":"https:\/\/nettiseitti.fi\/showroom\/wp-json\/wp\/v2\/product_cat?post=14615"},{"taxonomy":"product_tag","embeddable":true,"href":"https:\/\/nettiseitti.fi\/showroom\/wp-json\/wp\/v2\/product_tag?post=14615"}],"curies":[{"name":"wp","href":"https:\/\/api.w.org\/{rel}","templated":true}]}}