{"id":14733,"date":"2025-12-09T16:36:49","date_gmt":"2025-12-09T14:36:49","guid":{"rendered":"https:\/\/nettiseitti.fi\/showroom\/?post_type=product&#038;p=14733"},"modified":"2025-12-09T16:58:46","modified_gmt":"2025-12-09T14:58:46","slug":"teqcycle-lenovo-thinkpad-x1-yoga-g6-14-wuxga-intel-core-i5-1145g7-16gb-lpddr4-256gb-m-2-nvme-ssd-windows-11-pro-2y-yrityskannettava","status":"publish","type":"product","link":"https:\/\/nettiseitti.fi\/showroom\/tuote\/teqcycle-lenovo-thinkpad-x1-yoga-g6-14-wuxga-intel-core-i5-1145g7-16gb-lpddr4-256gb-m-2-nvme-ssd-windows-11-pro-2y-yrityskannettava\/","title":{"rendered":"Teqcycle Lenovo ThinkPad X1 Yoga G6 14&#8243; WUXGA \/ Intel Core i5-1145G7 \/ 16GB LPDDR4 \/ 256GB M.2 NVMe SSD \/ Windows 11 Pro \/ 2Y -yrityskannettava"},"content":{"rendered":"<p>Kannettavan ja tabletin yhdistelm\u00e4, jota voit k\u00e4ytt\u00e4\u00e4 niin kannettavana kuin tablettinakin tietokoneen 360-saranan ansiosta.<\/p>\n<p>Teqcycle Premium laatuluokitus:<\/p>\n<ul>\n<li>Kahden vuoden nouto-korjaus-palautustakuu<\/li>\n<li>Akun varauskapasiteetti &gt;70% (90pv akkutakuu)<\/li>\n<li>N\u00e4ytt\u00f6paneeli kunnostettu uutta vastaavaksi<\/li>\n<li>Laitteen kansi ja k\u00e4mmentuki pinnoitettu uudelleen<\/li>\n<\/ul>\n<p>Ominaisuuksia:<\/p>\n<ul>\n<li>256GB M.2 NVMe SSD-levy<\/li>\n<li>Intel Core i5-1145G7 -neliydinprosessori (max 4.4GHz, 8MB v\u00e4limuisti)<\/li>\n<li>16GB LPDDR4 -muistia, integroitu<\/li>\n<li>Integroitu n\u00e4yt\u00f6nohjain: Intel Iris Xe Graphics<\/li>\n<li>Akun kapasiteetti n. 57Wh<\/li>\n<li>14.0&#8243; WUXGA (1920&#215;1200) IPS-kosketusn\u00e4ytt\u00f6, 360\u00b0 sarana<\/li>\n<li>HD720p webbikamera ja ThinkShutter suoja<\/li>\n<li>Roiskesuojattu ThinkPad n\u00e4pp\u00e4imist\u00f6<\/li>\n<li>Stereokaiuttimet<\/li>\n<li>Sis\u00e4\u00e4nrakennettu mikrofoni<\/li>\n<li>Windows 11 Pro -k\u00e4ytt\u00f6j\u00e4rjestelm\u00e4<\/li>\n<li>Liit\u00e4nn\u00e4t: 1x HDMI 2.0, 2x Thunderbolt 4, 2x USB-A 3.2, 3.5mm audio combo, Wi-Fi 6 ja Bluetooth 5.1<\/li>\n<li>Kahden vuoden nouto-korjaus-palautustakuu<\/li>\n<\/ul>\n<p>Kauttamme my\u00f6s muut kannettavat ja tarvikkeet, ota yhteytt\u00e4 !<\/p>\n<p>Kysy ajantasainen hinnasto ja lis\u00e4tietoja ottamalla meihin yhteytt\u00e4.<br \/>\nMy\u00f6s toimitus mahdollista riippuen tilatuista tuotteista sek\u00e4 sovittaessa laitteiden konfigurointi k\u00e4ytt\u00f6kuntoon asennettuna.<\/p>\n<p>Ota yhteytt\u00e4:<br \/>\nPuh. <a href=\"tel:0401523801\">040 1523801<\/a><br \/>\nS\u00e4hk\u00f6posti: myynti [at] nettiseitti.fi<\/p>\n","protected":false},"excerpt":{"rendered":"<p>Suorituskykyinen uusiokannettava mm. kosketusn\u00e4yt\u00f6ll\u00e4 ja 360-asteen saranalla.<\/p>\n","protected":false},"featured_media":14735,"template":"","meta":{"neve_meta_sidebar":"","neve_meta_container":"","neve_meta_enable_content_width":"off","neve_meta_content_width":100,"neve_meta_title_alignment":"","neve_meta_author_avatar":"","neve_post_elements_order":"","neve_meta_disable_header":"","neve_meta_disable_footer":"","neve_meta_disable_title":""},"product_brand":[],"product_cat":[480],"product_tag":[450,451,100,107,459,106,457,327,446,141,448,449,453,447,108,105,455,445,456,98,101,104,454,96,99,97,103,102,458,452,129],"class_list":{"0":"post-14733","1":"product","2":"type-product","3":"status-publish","4":"has-post-thumbnail","6":"product_cat-kannettavat","7":"product_tag-ahtari","8":"product_tag-alavus","9":"product_tag-etela-pohjanmaa","10":"product_tag-etela-suomi","11":"product_tag-hameenlinna","12":"product_tag-huittinen","13":"product_tag-ikaalinen","14":"product_tag-jalasjarvi","15":"product_tag-kankaanpaa","16":"product_tag-kannettava","17":"product_tag-karvia","18":"product_tag-kauhajoki","19":"product_tag-kauhava","20":"product_tag-kihnio","21":"product_tag-lansi-suomi","22":"product_tag-lapua","23":"product_tag-lempaala","24":"product_tag-nokia","25":"product_tag-parkano","26":"product_tag-pirkanmaa","27":"product_tag-pohjanmaa","28":"product_tag-pori","29":"product_tag-rauma","30":"product_tag-sastamala","31":"product_tag-satakunta","32":"product_tag-seinajoki","33":"product_tag-tampere","34":"product_tag-vaasa","35":"product_tag-virrat","36":"product_tag-ylojarvi","37":"product_tag-yrityslappari","39":"first","40":"instock","41":"shipping-taxable","42":"product-type-simple"},"yoast_head":"<!-- This site is optimized with the Yoast SEO plugin v27.4 - https:\/\/yoast.com\/product\/yoast-seo-wordpress\/ -->\n<title>Teqcycle Lenovo ThinkPad X1 Yoga G6 14&quot; WUXGA \/ Intel Core i5-1145G7 \/ 16GB LPDDR4 \/ 256GB M.2 NVMe SSD \/ Windows 11 Pro \/ 2Y -yrityskannettava - NettiSeitti<\/title>\n<meta name=\"description\" content=\"Suorituskykyinen uusiokannettava mm. kosketusn\u00e4yt\u00f6ll\u00e4 ja 360-asteen saranalla. Pirkanmaa, Satakunta, Etel\u00e4-Pohjanmaa, Pohjanmaa, Sein\u00e4joki, Sastamala, Pori.\" \/>\n<meta name=\"robots\" content=\"index, follow, max-snippet:-1, max-image-preview:large, max-video-preview:-1\" \/>\n<link rel=\"canonical\" href=\"https:\/\/nettiseitti.fi\/showroom\/tuote\/teqcycle-lenovo-thinkpad-x1-yoga-g6-14-wuxga-intel-core-i5-1145g7-16gb-lpddr4-256gb-m-2-nvme-ssd-windows-11-pro-2y-yrityskannettava\/\" \/>\n<meta property=\"og:locale\" content=\"fi_FI\" \/>\n<meta property=\"og:type\" content=\"article\" \/>\n<meta property=\"og:title\" content=\"Teqcycle Lenovo ThinkPad X1 Yoga G6 14&quot; WUXGA \/ Intel Core i5-1145G7 \/ 16GB LPDDR4 \/ 256GB M.2 NVMe SSD \/ Windows 11 Pro \/ 2Y -yrityskannettava - NettiSeitti\" \/>\n<meta property=\"og:description\" content=\"Suorituskykyinen uusiokannettava mm. kosketusn\u00e4yt\u00f6ll\u00e4 ja 360-asteen saranalla. Pirkanmaa, Satakunta, Etel\u00e4-Pohjanmaa, Pohjanmaa, Sein\u00e4joki, Sastamala, Pori.\" \/>\n<meta property=\"og:url\" content=\"https:\/\/nettiseitti.fi\/showroom\/tuote\/teqcycle-lenovo-thinkpad-x1-yoga-g6-14-wuxga-intel-core-i5-1145g7-16gb-lpddr4-256gb-m-2-nvme-ssd-windows-11-pro-2y-yrityskannettava\/\" \/>\n<meta property=\"og:site_name\" content=\"NettiSeitti\" \/>\n<meta property=\"article:modified_time\" content=\"2025-12-09T14:58:46+00:00\" \/>\n<meta property=\"og:image\" content=\"https:\/\/nettiseitti.fi\/showroom\/wp-content\/uploads\/2025\/12\/teqcycle_lenovo_x1_yoga_i5_tab.jpg\" \/>\n\t<meta property=\"og:image:width\" content=\"651\" \/>\n\t<meta property=\"og:image:height\" content=\"638\" \/>\n\t<meta property=\"og:image:type\" content=\"image\/jpeg\" \/>\n<meta name=\"twitter:card\" content=\"summary_large_image\" \/>\n<meta name=\"twitter:label1\" content=\"Arvioitu lukuaika\" \/>\n\t<meta name=\"twitter:data1\" content=\"2 minuuttia\" \/>\n<script type=\"application\/ld+json\" class=\"yoast-schema-graph\">{\"@context\":\"https:\\\/\\\/schema.org\",\"@graph\":[{\"@type\":\"WebPage\",\"@id\":\"https:\\\/\\\/nettiseitti.fi\\\/showroom\\\/tuote\\\/teqcycle-lenovo-thinkpad-x1-yoga-g6-14-wuxga-intel-core-i5-1145g7-16gb-lpddr4-256gb-m-2-nvme-ssd-windows-11-pro-2y-yrityskannettava\\\/\",\"url\":\"https:\\\/\\\/nettiseitti.fi\\\/showroom\\\/tuote\\\/teqcycle-lenovo-thinkpad-x1-yoga-g6-14-wuxga-intel-core-i5-1145g7-16gb-lpddr4-256gb-m-2-nvme-ssd-windows-11-pro-2y-yrityskannettava\\\/\",\"name\":\"Teqcycle Lenovo ThinkPad X1 Yoga G6 14\\\" WUXGA \\\/ Intel Core i5-1145G7 \\\/ 16GB LPDDR4 \\\/ 256GB M.2 NVMe SSD \\\/ Windows 11 Pro \\\/ 2Y -yrityskannettava - NettiSeitti\",\"isPartOf\":{\"@id\":\"https:\\\/\\\/nettiseitti.fi\\\/showroom\\\/#website\"},\"primaryImageOfPage\":{\"@id\":\"https:\\\/\\\/nettiseitti.fi\\\/showroom\\\/tuote\\\/teqcycle-lenovo-thinkpad-x1-yoga-g6-14-wuxga-intel-core-i5-1145g7-16gb-lpddr4-256gb-m-2-nvme-ssd-windows-11-pro-2y-yrityskannettava\\\/#primaryimage\"},\"image\":{\"@id\":\"https:\\\/\\\/nettiseitti.fi\\\/showroom\\\/tuote\\\/teqcycle-lenovo-thinkpad-x1-yoga-g6-14-wuxga-intel-core-i5-1145g7-16gb-lpddr4-256gb-m-2-nvme-ssd-windows-11-pro-2y-yrityskannettava\\\/#primaryimage\"},\"thumbnailUrl\":\"https:\\\/\\\/nettiseitti.fi\\\/showroom\\\/wp-content\\\/uploads\\\/2025\\\/12\\\/teqcycle_lenovo_x1_yoga_i5_tab.jpg\",\"datePublished\":\"2025-12-09T14:36:49+00:00\",\"dateModified\":\"2025-12-09T14:58:46+00:00\",\"description\":\"Suorituskykyinen uusiokannettava mm. kosketusn\u00e4yt\u00f6ll\u00e4 ja 360-asteen saranalla. Pirkanmaa, Satakunta, Etel\u00e4-Pohjanmaa, Pohjanmaa, Sein\u00e4joki, Sastamala, Pori.\",\"breadcrumb\":{\"@id\":\"https:\\\/\\\/nettiseitti.fi\\\/showroom\\\/tuote\\\/teqcycle-lenovo-thinkpad-x1-yoga-g6-14-wuxga-intel-core-i5-1145g7-16gb-lpddr4-256gb-m-2-nvme-ssd-windows-11-pro-2y-yrityskannettava\\\/#breadcrumb\"},\"inLanguage\":\"fi\",\"potentialAction\":[{\"@type\":\"ReadAction\",\"target\":[\"https:\\\/\\\/nettiseitti.fi\\\/showroom\\\/tuote\\\/teqcycle-lenovo-thinkpad-x1-yoga-g6-14-wuxga-intel-core-i5-1145g7-16gb-lpddr4-256gb-m-2-nvme-ssd-windows-11-pro-2y-yrityskannettava\\\/\"]}]},{\"@type\":\"ImageObject\",\"inLanguage\":\"fi\",\"@id\":\"https:\\\/\\\/nettiseitti.fi\\\/showroom\\\/tuote\\\/teqcycle-lenovo-thinkpad-x1-yoga-g6-14-wuxga-intel-core-i5-1145g7-16gb-lpddr4-256gb-m-2-nvme-ssd-windows-11-pro-2y-yrityskannettava\\\/#primaryimage\",\"url\":\"https:\\\/\\\/nettiseitti.fi\\\/showroom\\\/wp-content\\\/uploads\\\/2025\\\/12\\\/teqcycle_lenovo_x1_yoga_i5_tab.jpg\",\"contentUrl\":\"https:\\\/\\\/nettiseitti.fi\\\/showroom\\\/wp-content\\\/uploads\\\/2025\\\/12\\\/teqcycle_lenovo_x1_yoga_i5_tab.jpg\",\"width\":651,\"height\":638},{\"@type\":\"BreadcrumbList\",\"@id\":\"https:\\\/\\\/nettiseitti.fi\\\/showroom\\\/tuote\\\/teqcycle-lenovo-thinkpad-x1-yoga-g6-14-wuxga-intel-core-i5-1145g7-16gb-lpddr4-256gb-m-2-nvme-ssd-windows-11-pro-2y-yrityskannettava\\\/#breadcrumb\",\"itemListElement\":[{\"@type\":\"ListItem\",\"position\":1,\"name\":\"Etusivu\",\"item\":\"https:\\\/\\\/nettiseitti.fi\\\/showroom\\\/\"},{\"@type\":\"ListItem\",\"position\":2,\"name\":\"Tuotteet\",\"item\":\"https:\\\/\\\/nettiseitti.fi\\\/showroom\\\/tuotteet\\\/\"},{\"@type\":\"ListItem\",\"position\":3,\"name\":\"Teqcycle Lenovo ThinkPad X1 Yoga G6 14&#8243; WUXGA \\\/ Intel Core i5-1145G7 \\\/ 16GB LPDDR4 \\\/ 256GB M.2 NVMe SSD \\\/ Windows 11 Pro \\\/ 2Y -yrityskannettava\"}]},{\"@type\":\"WebSite\",\"@id\":\"https:\\\/\\\/nettiseitti.fi\\\/showroom\\\/#website\",\"url\":\"https:\\\/\\\/nettiseitti.fi\\\/showroom\\\/\",\"name\":\"NettiSeitti\",\"description\":\"\",\"publisher\":{\"@id\":\"https:\\\/\\\/nettiseitti.fi\\\/showroom\\\/#organization\"},\"potentialAction\":[{\"@type\":\"SearchAction\",\"target\":{\"@type\":\"EntryPoint\",\"urlTemplate\":\"https:\\\/\\\/nettiseitti.fi\\\/showroom\\\/?s={search_term_string}\"},\"query-input\":{\"@type\":\"PropertyValueSpecification\",\"valueRequired\":true,\"valueName\":\"search_term_string\"}}],\"inLanguage\":\"fi\"},{\"@type\":\"Organization\",\"@id\":\"https:\\\/\\\/nettiseitti.fi\\\/showroom\\\/#organization\",\"name\":\"NettiSeitti\",\"url\":\"https:\\\/\\\/nettiseitti.fi\\\/showroom\\\/\",\"logo\":{\"@type\":\"ImageObject\",\"inLanguage\":\"fi\",\"@id\":\"https:\\\/\\\/nettiseitti.fi\\\/showroom\\\/#\\\/schema\\\/logo\\\/image\\\/\",\"url\":\"https:\\\/\\\/nettiseitti.fi\\\/showroom\\\/wp-content\\\/uploads\\\/2024\\\/03\\\/nettiseitti_lapinakyva_tausta.png\",\"contentUrl\":\"https:\\\/\\\/nettiseitti.fi\\\/showroom\\\/wp-content\\\/uploads\\\/2024\\\/03\\\/nettiseitti_lapinakyva_tausta.png\",\"width\":2176,\"height\":741,\"caption\":\"NettiSeitti\"},\"image\":{\"@id\":\"https:\\\/\\\/nettiseitti.fi\\\/showroom\\\/#\\\/schema\\\/logo\\\/image\\\/\"}}]}<\/script>\n<!-- \/ Yoast SEO plugin. -->","yoast_head_json":{"title":"Teqcycle Lenovo ThinkPad X1 Yoga G6 14\" WUXGA \/ Intel Core i5-1145G7 \/ 16GB LPDDR4 \/ 256GB M.2 NVMe SSD \/ Windows 11 Pro \/ 2Y -yrityskannettava - NettiSeitti","description":"Suorituskykyinen uusiokannettava mm. kosketusn\u00e4yt\u00f6ll\u00e4 ja 360-asteen saranalla. Pirkanmaa, Satakunta, Etel\u00e4-Pohjanmaa, Pohjanmaa, Sein\u00e4joki, Sastamala, Pori.","robots":{"index":"index","follow":"follow","max-snippet":"max-snippet:-1","max-image-preview":"max-image-preview:large","max-video-preview":"max-video-preview:-1"},"canonical":"https:\/\/nettiseitti.fi\/showroom\/tuote\/teqcycle-lenovo-thinkpad-x1-yoga-g6-14-wuxga-intel-core-i5-1145g7-16gb-lpddr4-256gb-m-2-nvme-ssd-windows-11-pro-2y-yrityskannettava\/","og_locale":"fi_FI","og_type":"article","og_title":"Teqcycle Lenovo ThinkPad X1 Yoga G6 14\" WUXGA \/ Intel Core i5-1145G7 \/ 16GB LPDDR4 \/ 256GB M.2 NVMe SSD \/ Windows 11 Pro \/ 2Y -yrityskannettava - NettiSeitti","og_description":"Suorituskykyinen uusiokannettava mm. kosketusn\u00e4yt\u00f6ll\u00e4 ja 360-asteen saranalla. Pirkanmaa, Satakunta, Etel\u00e4-Pohjanmaa, Pohjanmaa, Sein\u00e4joki, Sastamala, Pori.","og_url":"https:\/\/nettiseitti.fi\/showroom\/tuote\/teqcycle-lenovo-thinkpad-x1-yoga-g6-14-wuxga-intel-core-i5-1145g7-16gb-lpddr4-256gb-m-2-nvme-ssd-windows-11-pro-2y-yrityskannettava\/","og_site_name":"NettiSeitti","article_modified_time":"2025-12-09T14:58:46+00:00","og_image":[{"width":651,"height":638,"url":"https:\/\/nettiseitti.fi\/showroom\/wp-content\/uploads\/2025\/12\/teqcycle_lenovo_x1_yoga_i5_tab.jpg","type":"image\/jpeg"}],"twitter_card":"summary_large_image","twitter_misc":{"Arvioitu lukuaika":"2 minuuttia"},"schema":{"@context":"https:\/\/schema.org","@graph":[{"@type":"WebPage","@id":"https:\/\/nettiseitti.fi\/showroom\/tuote\/teqcycle-lenovo-thinkpad-x1-yoga-g6-14-wuxga-intel-core-i5-1145g7-16gb-lpddr4-256gb-m-2-nvme-ssd-windows-11-pro-2y-yrityskannettava\/","url":"https:\/\/nettiseitti.fi\/showroom\/tuote\/teqcycle-lenovo-thinkpad-x1-yoga-g6-14-wuxga-intel-core-i5-1145g7-16gb-lpddr4-256gb-m-2-nvme-ssd-windows-11-pro-2y-yrityskannettava\/","name":"Teqcycle Lenovo ThinkPad X1 Yoga G6 14\" WUXGA \/ Intel Core i5-1145G7 \/ 16GB LPDDR4 \/ 256GB M.2 NVMe SSD \/ Windows 11 Pro \/ 2Y -yrityskannettava - NettiSeitti","isPartOf":{"@id":"https:\/\/nettiseitti.fi\/showroom\/#website"},"primaryImageOfPage":{"@id":"https:\/\/nettiseitti.fi\/showroom\/tuote\/teqcycle-lenovo-thinkpad-x1-yoga-g6-14-wuxga-intel-core-i5-1145g7-16gb-lpddr4-256gb-m-2-nvme-ssd-windows-11-pro-2y-yrityskannettava\/#primaryimage"},"image":{"@id":"https:\/\/nettiseitti.fi\/showroom\/tuote\/teqcycle-lenovo-thinkpad-x1-yoga-g6-14-wuxga-intel-core-i5-1145g7-16gb-lpddr4-256gb-m-2-nvme-ssd-windows-11-pro-2y-yrityskannettava\/#primaryimage"},"thumbnailUrl":"https:\/\/nettiseitti.fi\/showroom\/wp-content\/uploads\/2025\/12\/teqcycle_lenovo_x1_yoga_i5_tab.jpg","datePublished":"2025-12-09T14:36:49+00:00","dateModified":"2025-12-09T14:58:46+00:00","description":"Suorituskykyinen uusiokannettava mm. kosketusn\u00e4yt\u00f6ll\u00e4 ja 360-asteen saranalla. Pirkanmaa, Satakunta, Etel\u00e4-Pohjanmaa, Pohjanmaa, Sein\u00e4joki, Sastamala, Pori.","breadcrumb":{"@id":"https:\/\/nettiseitti.fi\/showroom\/tuote\/teqcycle-lenovo-thinkpad-x1-yoga-g6-14-wuxga-intel-core-i5-1145g7-16gb-lpddr4-256gb-m-2-nvme-ssd-windows-11-pro-2y-yrityskannettava\/#breadcrumb"},"inLanguage":"fi","potentialAction":[{"@type":"ReadAction","target":["https:\/\/nettiseitti.fi\/showroom\/tuote\/teqcycle-lenovo-thinkpad-x1-yoga-g6-14-wuxga-intel-core-i5-1145g7-16gb-lpddr4-256gb-m-2-nvme-ssd-windows-11-pro-2y-yrityskannettava\/"]}]},{"@type":"ImageObject","inLanguage":"fi","@id":"https:\/\/nettiseitti.fi\/showroom\/tuote\/teqcycle-lenovo-thinkpad-x1-yoga-g6-14-wuxga-intel-core-i5-1145g7-16gb-lpddr4-256gb-m-2-nvme-ssd-windows-11-pro-2y-yrityskannettava\/#primaryimage","url":"https:\/\/nettiseitti.fi\/showroom\/wp-content\/uploads\/2025\/12\/teqcycle_lenovo_x1_yoga_i5_tab.jpg","contentUrl":"https:\/\/nettiseitti.fi\/showroom\/wp-content\/uploads\/2025\/12\/teqcycle_lenovo_x1_yoga_i5_tab.jpg","width":651,"height":638},{"@type":"BreadcrumbList","@id":"https:\/\/nettiseitti.fi\/showroom\/tuote\/teqcycle-lenovo-thinkpad-x1-yoga-g6-14-wuxga-intel-core-i5-1145g7-16gb-lpddr4-256gb-m-2-nvme-ssd-windows-11-pro-2y-yrityskannettava\/#breadcrumb","itemListElement":[{"@type":"ListItem","position":1,"name":"Etusivu","item":"https:\/\/nettiseitti.fi\/showroom\/"},{"@type":"ListItem","position":2,"name":"Tuotteet","item":"https:\/\/nettiseitti.fi\/showroom\/tuotteet\/"},{"@type":"ListItem","position":3,"name":"Teqcycle Lenovo ThinkPad X1 Yoga G6 14&#8243; WUXGA \/ Intel Core i5-1145G7 \/ 16GB LPDDR4 \/ 256GB M.2 NVMe SSD \/ Windows 11 Pro \/ 2Y -yrityskannettava"}]},{"@type":"WebSite","@id":"https:\/\/nettiseitti.fi\/showroom\/#website","url":"https:\/\/nettiseitti.fi\/showroom\/","name":"NettiSeitti","description":"","publisher":{"@id":"https:\/\/nettiseitti.fi\/showroom\/#organization"},"potentialAction":[{"@type":"SearchAction","target":{"@type":"EntryPoint","urlTemplate":"https:\/\/nettiseitti.fi\/showroom\/?s={search_term_string}"},"query-input":{"@type":"PropertyValueSpecification","valueRequired":true,"valueName":"search_term_string"}}],"inLanguage":"fi"},{"@type":"Organization","@id":"https:\/\/nettiseitti.fi\/showroom\/#organization","name":"NettiSeitti","url":"https:\/\/nettiseitti.fi\/showroom\/","logo":{"@type":"ImageObject","inLanguage":"fi","@id":"https:\/\/nettiseitti.fi\/showroom\/#\/schema\/logo\/image\/","url":"https:\/\/nettiseitti.fi\/showroom\/wp-content\/uploads\/2024\/03\/nettiseitti_lapinakyva_tausta.png","contentUrl":"https:\/\/nettiseitti.fi\/showroom\/wp-content\/uploads\/2024\/03\/nettiseitti_lapinakyva_tausta.png","width":2176,"height":741,"caption":"NettiSeitti"},"image":{"@id":"https:\/\/nettiseitti.fi\/showroom\/#\/schema\/logo\/image\/"}}]}},"_links":{"self":[{"href":"https:\/\/nettiseitti.fi\/showroom\/wp-json\/wp\/v2\/product\/14733","targetHints":{"allow":["GET"]}}],"collection":[{"href":"https:\/\/nettiseitti.fi\/showroom\/wp-json\/wp\/v2\/product"}],"about":[{"href":"https:\/\/nettiseitti.fi\/showroom\/wp-json\/wp\/v2\/types\/product"}],"wp:featuredmedia":[{"embeddable":true,"href":"https:\/\/nettiseitti.fi\/showroom\/wp-json\/wp\/v2\/media\/14735"}],"wp:attachment":[{"href":"https:\/\/nettiseitti.fi\/showroom\/wp-json\/wp\/v2\/media?parent=14733"}],"wp:term":[{"taxonomy":"product_brand","embeddable":true,"href":"https:\/\/nettiseitti.fi\/showroom\/wp-json\/wp\/v2\/product_brand?post=14733"},{"taxonomy":"product_cat","embeddable":true,"href":"https:\/\/nettiseitti.fi\/showroom\/wp-json\/wp\/v2\/product_cat?post=14733"},{"taxonomy":"product_tag","embeddable":true,"href":"https:\/\/nettiseitti.fi\/showroom\/wp-json\/wp\/v2\/product_tag?post=14733"}],"curies":[{"name":"wp","href":"https:\/\/api.w.org\/{rel}","templated":true}]}}