{"id":14744,"date":"2025-12-09T19:38:09","date_gmt":"2025-12-09T17:38:09","guid":{"rendered":"https:\/\/nettiseitti.fi\/showroom\/?post_type=product&#038;p=14744"},"modified":"2025-12-09T19:47:11","modified_gmt":"2025-12-09T17:47:11","slug":"sony-gp-vpt2bt-langaton-kuvauskadensija-kaukolaukaisin","status":"publish","type":"product","link":"https:\/\/nettiseitti.fi\/showroom\/tuote\/sony-gp-vpt2bt-langaton-kuvauskadensija-kaukolaukaisin\/","title":{"rendered":"SONY GP-VPT2BT -langaton kuvausk\u00e4densija \/ kaukolaukaisin"},"content":{"rendered":"<p>Langattomasti Bluetooth-yhteydell\u00e4 toimiva kuvausk\u00e4densija, joka toimii my\u00f6s kaukolaukaisimena yhteensopivien Sony-kameroiden kanssa.<\/p>\n<p>Ominaisuuksia:<\/p>\n<ul>\n<li>Langaton Bluetooth-yhteys kameran ja k\u00e4densijan v\u00e4lill\u00e4<\/li>\n<li>Toimii paristolla (CR2032)<\/li>\n<li>Voidaan k\u00e4ytt\u00e4\u00e4 jalustana, kaukolaukaisimena ja k\u00e4densijana<\/li>\n<li>Kameran kiinnitykseen k\u00e4densijassa kierreosa<\/li>\n<li>Valmistajan mukaan yhteensopivat kameramallit: ILME-FX3A, ILME-FX3, ILME-FX2, ILME-FX30, ILX-LR1, ZV-E1, ZV-E10M2, ZV-E10, ILCE-1M2, ILCE-1, ILCE-9M3, ILCE-9M2, ILCE-9, ILCE-7SM3, ILCE-7RM5, ILCE-7RM4A, ILCE-7RM4, ILCE-7RM3A, ILCE-7RM3, ILCE-7CR, ILCE-7CM2, ILCE-7C, ILCE-7M5, ILCE-7M4, ILCE-7M3, ILCE-6700, ILCE-6600, ILCE-6400A, ILCE-6400, ILCE-6100A, ILCE-6100, ZV-1M2, ZV-1F, ZV-1A, ZV-1, DSC-RX1RM3, DSC-RX100M7A, DSC-RX100M7, DSC-RX0M2<\/li>\n<\/ul>\n<p>Kauttamme my\u00f6s muut kuvaustarvikkeet, ota yhteytt\u00e4 !<\/p>\n<p>Kysy ajantasainen hinnasto ja lis\u00e4tietoja ottamalla meihin yhteytt\u00e4.<br \/>\nMy\u00f6s toimitus mahdollista riippuen tilatuista tuotteista sek\u00e4 sovittaessa laitteiden konfigurointi k\u00e4ytt\u00f6kuntoon asennettuna.<\/p>\n<p>Ota yhteytt\u00e4:<br \/>\nPuh. <a href=\"tel:0401523801\">040 1523801<\/a><br \/>\nS\u00e4hk\u00f6posti: myynti [at] nettiseitti.fi<\/p>\n","protected":false},"excerpt":{"rendered":"<p>Kuvausk\u00e4densija, joka toimii my\u00f6s jalustana ja kauko-ohjaimena yhteensopiville kameroille.<\/p>\n","protected":false},"featured_media":14745,"template":"","meta":{"neve_meta_sidebar":"","neve_meta_container":"","neve_meta_enable_content_width":"off","neve_meta_content_width":100,"neve_meta_title_alignment":"","neve_meta_author_avatar":"","neve_post_elements_order":"","neve_meta_disable_header":"","neve_meta_disable_footer":"","neve_meta_disable_title":""},"product_brand":[],"product_cat":[511],"product_tag":[450,451,100,107,459,106,457,327,214,446,448,449,453,447,108,105,455,445,456,98,101,104,454,96,99,97,103,102,458,452],"class_list":{"0":"post-14744","1":"product","2":"type-product","3":"status-publish","4":"has-post-thumbnail","6":"product_cat-kamerat","7":"product_tag-ahtari","8":"product_tag-alavus","9":"product_tag-etela-pohjanmaa","10":"product_tag-etela-suomi","11":"product_tag-hameenlinna","12":"product_tag-huittinen","13":"product_tag-ikaalinen","14":"product_tag-jalasjarvi","15":"product_tag-kamera","16":"product_tag-kankaanpaa","17":"product_tag-karvia","18":"product_tag-kauhajoki","19":"product_tag-kauhava","20":"product_tag-kihnio","21":"product_tag-lansi-suomi","22":"product_tag-lapua","23":"product_tag-lempaala","24":"product_tag-nokia","25":"product_tag-parkano","26":"product_tag-pirkanmaa","27":"product_tag-pohjanmaa","28":"product_tag-pori","29":"product_tag-rauma","30":"product_tag-sastamala","31":"product_tag-satakunta","32":"product_tag-seinajoki","33":"product_tag-tampere","34":"product_tag-vaasa","35":"product_tag-virrat","36":"product_tag-ylojarvi","38":"first","39":"instock","40":"shipping-taxable","41":"product-type-simple"},"yoast_head":"<!-- This site is optimized with the Yoast SEO plugin v27.4 - https:\/\/yoast.com\/product\/yoast-seo-wordpress\/ -->\n<title>SONY GP-VPT2BT -langaton kuvausk\u00e4densija \/ kaukolaukaisin - NettiSeitti<\/title>\n<meta name=\"description\" content=\"Kuvausk\u00e4densija, joka toimii my\u00f6s jalustana ja kauko-ohjaimena yhteensopiville kameroille. Pirkanmaa, Satakunta, Etel\u00e4-Pohjanmaa, Pohjanmaa, Sein\u00e4joki, Pori\" \/>\n<meta name=\"robots\" content=\"index, follow, max-snippet:-1, max-image-preview:large, max-video-preview:-1\" \/>\n<link rel=\"canonical\" href=\"https:\/\/nettiseitti.fi\/showroom\/tuote\/sony-gp-vpt2bt-langaton-kuvauskadensija-kaukolaukaisin\/\" \/>\n<meta property=\"og:locale\" content=\"fi_FI\" \/>\n<meta property=\"og:type\" content=\"article\" \/>\n<meta property=\"og:title\" content=\"SONY GP-VPT2BT -langaton kuvausk\u00e4densija \/ kaukolaukaisin - NettiSeitti\" \/>\n<meta property=\"og:description\" content=\"Kuvausk\u00e4densija, joka toimii my\u00f6s jalustana ja kauko-ohjaimena yhteensopiville kameroille. Pirkanmaa, Satakunta, Etel\u00e4-Pohjanmaa, Pohjanmaa, Sein\u00e4joki, Pori\" \/>\n<meta property=\"og:url\" content=\"https:\/\/nettiseitti.fi\/showroom\/tuote\/sony-gp-vpt2bt-langaton-kuvauskadensija-kaukolaukaisin\/\" \/>\n<meta property=\"og:site_name\" content=\"NettiSeitti\" \/>\n<meta property=\"article:modified_time\" content=\"2025-12-09T17:47:11+00:00\" \/>\n<meta property=\"og:image\" content=\"https:\/\/nettiseitti.fi\/showroom\/wp-content\/uploads\/2025\/12\/sony_gpvpt2bt.jpg\" \/>\n\t<meta property=\"og:image:width\" content=\"494\" \/>\n\t<meta property=\"og:image:height\" content=\"561\" \/>\n\t<meta property=\"og:image:type\" content=\"image\/jpeg\" \/>\n<meta name=\"twitter:card\" content=\"summary_large_image\" \/>\n<meta name=\"twitter:label1\" content=\"Arvioitu lukuaika\" \/>\n\t<meta name=\"twitter:data1\" content=\"1 minuutti\" \/>\n<script type=\"application\/ld+json\" class=\"yoast-schema-graph\">{\"@context\":\"https:\\\/\\\/schema.org\",\"@graph\":[{\"@type\":\"WebPage\",\"@id\":\"https:\\\/\\\/nettiseitti.fi\\\/showroom\\\/tuote\\\/sony-gp-vpt2bt-langaton-kuvauskadensija-kaukolaukaisin\\\/\",\"url\":\"https:\\\/\\\/nettiseitti.fi\\\/showroom\\\/tuote\\\/sony-gp-vpt2bt-langaton-kuvauskadensija-kaukolaukaisin\\\/\",\"name\":\"SONY GP-VPT2BT -langaton kuvausk\u00e4densija \\\/ kaukolaukaisin - NettiSeitti\",\"isPartOf\":{\"@id\":\"https:\\\/\\\/nettiseitti.fi\\\/showroom\\\/#website\"},\"primaryImageOfPage\":{\"@id\":\"https:\\\/\\\/nettiseitti.fi\\\/showroom\\\/tuote\\\/sony-gp-vpt2bt-langaton-kuvauskadensija-kaukolaukaisin\\\/#primaryimage\"},\"image\":{\"@id\":\"https:\\\/\\\/nettiseitti.fi\\\/showroom\\\/tuote\\\/sony-gp-vpt2bt-langaton-kuvauskadensija-kaukolaukaisin\\\/#primaryimage\"},\"thumbnailUrl\":\"https:\\\/\\\/nettiseitti.fi\\\/showroom\\\/wp-content\\\/uploads\\\/2025\\\/12\\\/sony_gpvpt2bt.jpg\",\"datePublished\":\"2025-12-09T17:38:09+00:00\",\"dateModified\":\"2025-12-09T17:47:11+00:00\",\"description\":\"Kuvausk\u00e4densija, joka toimii my\u00f6s jalustana ja kauko-ohjaimena yhteensopiville kameroille. Pirkanmaa, Satakunta, Etel\u00e4-Pohjanmaa, Pohjanmaa, Sein\u00e4joki, Pori\",\"breadcrumb\":{\"@id\":\"https:\\\/\\\/nettiseitti.fi\\\/showroom\\\/tuote\\\/sony-gp-vpt2bt-langaton-kuvauskadensija-kaukolaukaisin\\\/#breadcrumb\"},\"inLanguage\":\"fi\",\"potentialAction\":[{\"@type\":\"ReadAction\",\"target\":[\"https:\\\/\\\/nettiseitti.fi\\\/showroom\\\/tuote\\\/sony-gp-vpt2bt-langaton-kuvauskadensija-kaukolaukaisin\\\/\"]}]},{\"@type\":\"ImageObject\",\"inLanguage\":\"fi\",\"@id\":\"https:\\\/\\\/nettiseitti.fi\\\/showroom\\\/tuote\\\/sony-gp-vpt2bt-langaton-kuvauskadensija-kaukolaukaisin\\\/#primaryimage\",\"url\":\"https:\\\/\\\/nettiseitti.fi\\\/showroom\\\/wp-content\\\/uploads\\\/2025\\\/12\\\/sony_gpvpt2bt.jpg\",\"contentUrl\":\"https:\\\/\\\/nettiseitti.fi\\\/showroom\\\/wp-content\\\/uploads\\\/2025\\\/12\\\/sony_gpvpt2bt.jpg\",\"width\":494,\"height\":561},{\"@type\":\"BreadcrumbList\",\"@id\":\"https:\\\/\\\/nettiseitti.fi\\\/showroom\\\/tuote\\\/sony-gp-vpt2bt-langaton-kuvauskadensija-kaukolaukaisin\\\/#breadcrumb\",\"itemListElement\":[{\"@type\":\"ListItem\",\"position\":1,\"name\":\"Etusivu\",\"item\":\"https:\\\/\\\/nettiseitti.fi\\\/showroom\\\/\"},{\"@type\":\"ListItem\",\"position\":2,\"name\":\"Tuotteet\",\"item\":\"https:\\\/\\\/nettiseitti.fi\\\/showroom\\\/tuotteet\\\/\"},{\"@type\":\"ListItem\",\"position\":3,\"name\":\"SONY GP-VPT2BT -langaton kuvausk\u00e4densija \\\/ kaukolaukaisin\"}]},{\"@type\":\"WebSite\",\"@id\":\"https:\\\/\\\/nettiseitti.fi\\\/showroom\\\/#website\",\"url\":\"https:\\\/\\\/nettiseitti.fi\\\/showroom\\\/\",\"name\":\"NettiSeitti\",\"description\":\"\",\"publisher\":{\"@id\":\"https:\\\/\\\/nettiseitti.fi\\\/showroom\\\/#organization\"},\"potentialAction\":[{\"@type\":\"SearchAction\",\"target\":{\"@type\":\"EntryPoint\",\"urlTemplate\":\"https:\\\/\\\/nettiseitti.fi\\\/showroom\\\/?s={search_term_string}\"},\"query-input\":{\"@type\":\"PropertyValueSpecification\",\"valueRequired\":true,\"valueName\":\"search_term_string\"}}],\"inLanguage\":\"fi\"},{\"@type\":\"Organization\",\"@id\":\"https:\\\/\\\/nettiseitti.fi\\\/showroom\\\/#organization\",\"name\":\"NettiSeitti\",\"url\":\"https:\\\/\\\/nettiseitti.fi\\\/showroom\\\/\",\"logo\":{\"@type\":\"ImageObject\",\"inLanguage\":\"fi\",\"@id\":\"https:\\\/\\\/nettiseitti.fi\\\/showroom\\\/#\\\/schema\\\/logo\\\/image\\\/\",\"url\":\"https:\\\/\\\/nettiseitti.fi\\\/showroom\\\/wp-content\\\/uploads\\\/2024\\\/03\\\/nettiseitti_lapinakyva_tausta.png\",\"contentUrl\":\"https:\\\/\\\/nettiseitti.fi\\\/showroom\\\/wp-content\\\/uploads\\\/2024\\\/03\\\/nettiseitti_lapinakyva_tausta.png\",\"width\":2176,\"height\":741,\"caption\":\"NettiSeitti\"},\"image\":{\"@id\":\"https:\\\/\\\/nettiseitti.fi\\\/showroom\\\/#\\\/schema\\\/logo\\\/image\\\/\"}}]}<\/script>\n<!-- \/ Yoast SEO plugin. -->","yoast_head_json":{"title":"SONY GP-VPT2BT -langaton kuvausk\u00e4densija \/ kaukolaukaisin - NettiSeitti","description":"Kuvausk\u00e4densija, joka toimii my\u00f6s jalustana ja kauko-ohjaimena yhteensopiville kameroille. Pirkanmaa, Satakunta, Etel\u00e4-Pohjanmaa, Pohjanmaa, Sein\u00e4joki, Pori","robots":{"index":"index","follow":"follow","max-snippet":"max-snippet:-1","max-image-preview":"max-image-preview:large","max-video-preview":"max-video-preview:-1"},"canonical":"https:\/\/nettiseitti.fi\/showroom\/tuote\/sony-gp-vpt2bt-langaton-kuvauskadensija-kaukolaukaisin\/","og_locale":"fi_FI","og_type":"article","og_title":"SONY GP-VPT2BT -langaton kuvausk\u00e4densija \/ kaukolaukaisin - NettiSeitti","og_description":"Kuvausk\u00e4densija, joka toimii my\u00f6s jalustana ja kauko-ohjaimena yhteensopiville kameroille. Pirkanmaa, Satakunta, Etel\u00e4-Pohjanmaa, Pohjanmaa, Sein\u00e4joki, Pori","og_url":"https:\/\/nettiseitti.fi\/showroom\/tuote\/sony-gp-vpt2bt-langaton-kuvauskadensija-kaukolaukaisin\/","og_site_name":"NettiSeitti","article_modified_time":"2025-12-09T17:47:11+00:00","og_image":[{"width":494,"height":561,"url":"https:\/\/nettiseitti.fi\/showroom\/wp-content\/uploads\/2025\/12\/sony_gpvpt2bt.jpg","type":"image\/jpeg"}],"twitter_card":"summary_large_image","twitter_misc":{"Arvioitu lukuaika":"1 minuutti"},"schema":{"@context":"https:\/\/schema.org","@graph":[{"@type":"WebPage","@id":"https:\/\/nettiseitti.fi\/showroom\/tuote\/sony-gp-vpt2bt-langaton-kuvauskadensija-kaukolaukaisin\/","url":"https:\/\/nettiseitti.fi\/showroom\/tuote\/sony-gp-vpt2bt-langaton-kuvauskadensija-kaukolaukaisin\/","name":"SONY GP-VPT2BT -langaton kuvausk\u00e4densija \/ kaukolaukaisin - NettiSeitti","isPartOf":{"@id":"https:\/\/nettiseitti.fi\/showroom\/#website"},"primaryImageOfPage":{"@id":"https:\/\/nettiseitti.fi\/showroom\/tuote\/sony-gp-vpt2bt-langaton-kuvauskadensija-kaukolaukaisin\/#primaryimage"},"image":{"@id":"https:\/\/nettiseitti.fi\/showroom\/tuote\/sony-gp-vpt2bt-langaton-kuvauskadensija-kaukolaukaisin\/#primaryimage"},"thumbnailUrl":"https:\/\/nettiseitti.fi\/showroom\/wp-content\/uploads\/2025\/12\/sony_gpvpt2bt.jpg","datePublished":"2025-12-09T17:38:09+00:00","dateModified":"2025-12-09T17:47:11+00:00","description":"Kuvausk\u00e4densija, joka toimii my\u00f6s jalustana ja kauko-ohjaimena yhteensopiville kameroille. Pirkanmaa, Satakunta, Etel\u00e4-Pohjanmaa, Pohjanmaa, Sein\u00e4joki, Pori","breadcrumb":{"@id":"https:\/\/nettiseitti.fi\/showroom\/tuote\/sony-gp-vpt2bt-langaton-kuvauskadensija-kaukolaukaisin\/#breadcrumb"},"inLanguage":"fi","potentialAction":[{"@type":"ReadAction","target":["https:\/\/nettiseitti.fi\/showroom\/tuote\/sony-gp-vpt2bt-langaton-kuvauskadensija-kaukolaukaisin\/"]}]},{"@type":"ImageObject","inLanguage":"fi","@id":"https:\/\/nettiseitti.fi\/showroom\/tuote\/sony-gp-vpt2bt-langaton-kuvauskadensija-kaukolaukaisin\/#primaryimage","url":"https:\/\/nettiseitti.fi\/showroom\/wp-content\/uploads\/2025\/12\/sony_gpvpt2bt.jpg","contentUrl":"https:\/\/nettiseitti.fi\/showroom\/wp-content\/uploads\/2025\/12\/sony_gpvpt2bt.jpg","width":494,"height":561},{"@type":"BreadcrumbList","@id":"https:\/\/nettiseitti.fi\/showroom\/tuote\/sony-gp-vpt2bt-langaton-kuvauskadensija-kaukolaukaisin\/#breadcrumb","itemListElement":[{"@type":"ListItem","position":1,"name":"Etusivu","item":"https:\/\/nettiseitti.fi\/showroom\/"},{"@type":"ListItem","position":2,"name":"Tuotteet","item":"https:\/\/nettiseitti.fi\/showroom\/tuotteet\/"},{"@type":"ListItem","position":3,"name":"SONY GP-VPT2BT -langaton kuvausk\u00e4densija \/ kaukolaukaisin"}]},{"@type":"WebSite","@id":"https:\/\/nettiseitti.fi\/showroom\/#website","url":"https:\/\/nettiseitti.fi\/showroom\/","name":"NettiSeitti","description":"","publisher":{"@id":"https:\/\/nettiseitti.fi\/showroom\/#organization"},"potentialAction":[{"@type":"SearchAction","target":{"@type":"EntryPoint","urlTemplate":"https:\/\/nettiseitti.fi\/showroom\/?s={search_term_string}"},"query-input":{"@type":"PropertyValueSpecification","valueRequired":true,"valueName":"search_term_string"}}],"inLanguage":"fi"},{"@type":"Organization","@id":"https:\/\/nettiseitti.fi\/showroom\/#organization","name":"NettiSeitti","url":"https:\/\/nettiseitti.fi\/showroom\/","logo":{"@type":"ImageObject","inLanguage":"fi","@id":"https:\/\/nettiseitti.fi\/showroom\/#\/schema\/logo\/image\/","url":"https:\/\/nettiseitti.fi\/showroom\/wp-content\/uploads\/2024\/03\/nettiseitti_lapinakyva_tausta.png","contentUrl":"https:\/\/nettiseitti.fi\/showroom\/wp-content\/uploads\/2024\/03\/nettiseitti_lapinakyva_tausta.png","width":2176,"height":741,"caption":"NettiSeitti"},"image":{"@id":"https:\/\/nettiseitti.fi\/showroom\/#\/schema\/logo\/image\/"}}]}},"_links":{"self":[{"href":"https:\/\/nettiseitti.fi\/showroom\/wp-json\/wp\/v2\/product\/14744","targetHints":{"allow":["GET"]}}],"collection":[{"href":"https:\/\/nettiseitti.fi\/showroom\/wp-json\/wp\/v2\/product"}],"about":[{"href":"https:\/\/nettiseitti.fi\/showroom\/wp-json\/wp\/v2\/types\/product"}],"wp:featuredmedia":[{"embeddable":true,"href":"https:\/\/nettiseitti.fi\/showroom\/wp-json\/wp\/v2\/media\/14745"}],"wp:attachment":[{"href":"https:\/\/nettiseitti.fi\/showroom\/wp-json\/wp\/v2\/media?parent=14744"}],"wp:term":[{"taxonomy":"product_brand","embeddable":true,"href":"https:\/\/nettiseitti.fi\/showroom\/wp-json\/wp\/v2\/product_brand?post=14744"},{"taxonomy":"product_cat","embeddable":true,"href":"https:\/\/nettiseitti.fi\/showroom\/wp-json\/wp\/v2\/product_cat?post=14744"},{"taxonomy":"product_tag","embeddable":true,"href":"https:\/\/nettiseitti.fi\/showroom\/wp-json\/wp\/v2\/product_tag?post=14744"}],"curies":[{"name":"wp","href":"https:\/\/api.w.org\/{rel}","templated":true}]}}